-- Table structure for table `account`
--

CREATE TABLE `account` (
  `id` int(11) NOT NULL,
  `head` varchar(100) CHARACTER SET latin1 COLLATE latin1_swedish_ci NOT NULL,
  `balance` int(11) DEFAULT NULL,
  `subhead` varchar(50) CHARACTER SET latin1 COLLATE latin1_swedish_ci DEFAULT NULL,
  `description` varchar(500) CHARACTER SET latin1 COLLATE latin1_swedish_ci DEFAULT NULL,
  `price` int(11) DEFAULT NULL,
  `facilityId` varchar(50) CHARACTER SET latin1 COLLATE latin1_swedish_ci NOT NULL,
  `billing_unit` varchar(100) NOT NULL,
  `igr` varchar(20) NOT NULL DEFAULT 'NO IGR',
  `igr_percent` varchar(30) NOT NULL,
  `created_by` varchar(50) NOT NULL
) ENGINE=InnoDB DEFAULT CHARSET=utf8mb4 COLLATE=utf8mb4_general_ci;

--
-- Dumping data for table `account`
--

INSERT INTO `account` (`id`, `head`, `balance`, `subhead`, `description`, `price`, `facilityId`, `billing_unit`, `igr`, `igr_percent`, `created_by`) VALUES
(1, '10000', 0, '', 'PSC Specialist Hospital Limited', 0, '1be0a9da-bff9-4ab6-a36c-edfd8ca88f1a', '', 'NO IGR', '10', ''),
(2, '20000', 0, '10000', 'Revenue', 0, '1be0a9da-bff9-4ab6-a36c-edfd8ca88f1a', '', 'NO IGR', '10', ''),
(3, '30000', 0, '10000', 'Expenses', 0, '1be0a9da-bff9-4ab6-a36c-edfd8ca88f1a', '', 'NO IGR', '10', ''),
(4, '40000', 0, '10000', 'Asset', 0, '1be0a9da-bff9-4ab6-a36c-edfd8ca88f1a', '', 'NO IGR', '10', ''),
(5, '50000', 0, '10000', 'Equity & Liability', 0, '1be0a9da-bff9-4ab6-a36c-edfd8ca88f1a', '', 'NO IGR', '10', ''),
(6, '40001', 0, '40000', 'Non Current Assets', 0, '1be0a9da-bff9-4ab6-a36c-edfd8ca88f1a', '', 'NO IGR', '10', ''),
(7, '40002', 0, '40000', 'Current Asset', 0, '1be0a9da-bff9-4ab6-a36c-edfd8ca88f1a', '', 'NO IGR', '10', ''),
(8, '400021', 0, '40002', 'Cash', 0, '1be0a9da-bff9-4ab6-a36c-edfd8ca88f1a', '', 'NO IGR', '10', ''),
(9, '400022', 0, '40002', 'Bank', 0, '1be0a9da-bff9-4ab6-a36c-edfd8ca88f1a', '', 'NO IGR', '10', ''),
(10, '400023', 0, '40002', 'Recievables', 0, '1be0a9da-bff9-4ab6-a36c-edfd8ca88f1a', '', 'NO IGR', '10', ''),
(11, '400024', 0, '40002', 'Stocks', 0, '1be0a9da-bff9-4ab6-a36c-edfd8ca88f1a', '', 'NO IGR', '10', ''),
(12, '400025', 0, '40002', 'Petty Cash', 0, '1be0a9da-bff9-4ab6-a36c-edfd8ca88f1a', '', 'NO IGR', '10', ''),
(13, '50001', 0, '50000', 'Equity', 0, '1be0a9da-bff9-4ab6-a36c-edfd8ca88f1a', '', 'NO IGR', '10', ''),
(14, '50002', 0, '50000', 'Liability', 0, '1be0a9da-bff9-4ab6-a36c-edfd8ca88f1a', '', 'NO IGR', '10', ''),
(15, '500011', 0, '50001', 'Retained Earnings', 0, '1be0a9da-bff9-4ab6-a36c-edfd8ca88f1a', '', 'NO IGR', '10', ''),
(16, '500012', 0, '50001', 'Share Capital', 0, '1be0a9da-bff9-4ab6-a36c-edfd8ca88f1a', '', 'NO IGR', '10', ''),
(17, '500013', 0, '50001', 'Accumulated Fund', 0, '1be0a9da-bff9-4ab6-a36c-edfd8ca88f1a', '', 'NO IGR', '10', ''),
(18, '500021', 0, '50002', 'Payables', 0, '1be0a9da-bff9-4ab6-a36c-edfd8ca88f1a', '', 'NO IGR', '10', ''),
(19, '400011', 0, '40001', 'Land & Building', 0, '1be0a9da-bff9-4ab6-a36c-edfd8ca88f1a', '', 'NO IGR', '10', ''),
(20, '400012', 0, '40001', 'Plant & Machinery', 0, '1be0a9da-bff9-4ab6-a36c-edfd8ca88f1a', '', 'NO IGR', '10', ''),
(21, '400013', 0, '40001', 'Motor Vehicle', 0, '1be0a9da-bff9-4ab6-a36c-edfd8ca88f1a', '', 'NO IGR', '10', ''),
(22, '400014', 0, '40001', 'Furniture & Fittings', 0, '1be0a9da-bff9-4ab6-a36c-edfd8ca88f1a', '', 'NO IGR', '10', ''),
(23, '20001', 0, '20000', 'Registration ( Single )', 7000, '1be0a9da-bff9-4ab6-a36c-edfd8ca88f1a', '', 'NO IGR', '10', ''),
(24, '20002', 0, '20000', 'Registration ( Family )', 10000, '1be0a9da-bff9-4ab6-a36c-edfd8ca88f1a', '', 'NO IGR', '10', ''),
(25, '20003', 0, '20000', 'Regular Consultation', 6000, '1be0a9da-bff9-4ab6-a36c-edfd8ca88f1a', '', 'NO IGR', '10', ''),
(26, '20004', 0, '20000', 'Specialist Consultation', 12000, '1be0a9da-bff9-4ab6-a36c-edfd8ca88f1a', '', 'NO IGR', '10', ''),
(27, '20005', 0, '20000', 'General Ward ( 1, 2, 3 )', 10000, '1be0a9da-bff9-4ab6-a36c-edfd8ca88f1a', '', 'NO IGR', '10', ''),
(28, '20006', 0, '20000', 'Private ( 1, 2, Yellow )', 25000, '1be0a9da-bff9-4ab6-a36c-edfd8ca88f1a', '', 'NO IGR', '10', ''),
(29, '20007', 0, '20000', 'PSC ANNEX ( 0, 1, 2, 3, )', 30000, '1be0a9da-bff9-4ab6-a36c-edfd8ca88f1a', '', 'NO IGR', '10', ''),
(30, '20008', 0, '20000', 'Houses ( White, Blue, Green, Annex Double )', 40000, '1be0a9da-bff9-4ab6-a36c-edfd8ca88f1a', '', 'NO IGR', '10', ''),
(31, '20009', 0, '20000', 'ICU', 120000, '1be0a9da-bff9-4ab6-a36c-edfd8ca88f1a', '', 'NO IGR', '10', ''),
(32, '20010', 0, '20000', 'Dressing', 4000, '1be0a9da-bff9-4ab6-a36c-edfd8ca88f1a', '', 'NO IGR', '10', ''),
(33, '20011', 0, '20000', 'Enema Wash-Out', 6000, '1be0a9da-bff9-4ab6-a36c-edfd8ca88f1a', '', 'NO IGR', '10', ''),
(34, '20012', 0, '20000', 'Suturing', 15000, '1be0a9da-bff9-4ab6-a36c-edfd8ca88f1a', '', 'NO IGR', '10', ''),
(35, '20013', 0, '20000', 'Nebulisting Session', 5000, '1be0a9da-bff9-4ab6-a36c-edfd8ca88f1a', '', 'NO IGR', '10', ''),
(36, '20014', 0, '20000', 'Chemotherapy Session', 15000, '1be0a9da-bff9-4ab6-a36c-edfd8ca88f1a', '', 'NO IGR', '10', ''),
(37, '20015', 0, '20000', 'Chemotherapy Session Extended', 25000, '1be0a9da-bff9-4ab6-a36c-edfd8ca88f1a', '', 'NO IGR', '10', ''),
(38, '20016', 0, '20000', 'Oxygen Therapy: Concentrator', 5000, '1be0a9da-bff9-4ab6-a36c-edfd8ca88f1a', '', 'NO IGR', '10', ''),
(39, '20017', 0, '20000', 'Oxygen Therapy 100%', 15000, '1be0a9da-bff9-4ab6-a36c-edfd8ca88f1a', '', 'NO IGR', '10', ''),
(40, '20018', 0, '20000', 'Theatre Fee', 0, '1be0a9da-bff9-4ab6-a36c-edfd8ca88f1a', '', 'NO IGR', '10', ''),
(41, '20019', 0, '20000', 'Anaesthetist Fee', 0, '1be0a9da-bff9-4ab6-a36c-edfd8ca88f1a', '', 'NO IGR', '10', ''),
(42, '20020', 0, '20000', 'Anaesthesia Consumable', 0, '1be0a9da-bff9-4ab6-a36c-edfd8ca88f1a', '', 'NO IGR', '10', ''),
(43, '20021', 0, '20000', 'Debridement', 50000, '1be0a9da-bff9-4ab6-a36c-edfd8ca88f1a', '', 'NO IGR', '10', ''),
(44, '20022', 0, '20000', 'Urethral Catheter Changing, Foley', 4000, '1be0a9da-bff9-4ab6-a36c-edfd8ca88f1a', '', 'NO IGR', '10', ''),
(45, '20023', 0, '20000', 'Urethral Catheter Changing, Silicon', 10000, '1be0a9da-bff9-4ab6-a36c-edfd8ca88f1a', '', 'NO IGR', '10', ''),
(46, '20024', 0, '20000', 'POP Applicator', 30000, '1be0a9da-bff9-4ab6-a36c-edfd8ca88f1a', '', 'NO IGR', '10', ''),
(47, '20025', 0, '20000', 'Pharmacy ( 25% Mark Up )', 0, '1be0a9da-bff9-4ab6-a36c-edfd8ca88f1a', '', 'NO IGR', '10', ''),
(48, '20026', 0, '20000', 'Laboratory ( 15% Mark Up )', 0, '1be0a9da-bff9-4ab6-a36c-edfd8ca88f1a', '', 'NO IGR', '10', ''),
(49, '20027', 0, '20000', 'Surgeon Fee', 0, '1be0a9da-bff9-4ab6-a36c-edfd8ca88f1a', '', 'NO IGR', '10', ''),
(50, '20028', 0, '20000', 'Physiotherapy', 4000, '1be0a9da-bff9-4ab6-a36c-edfd8ca88f1a', '', 'NO IGR', '10', ''),
(51, '30001', 0, '30000', 'Direct Expenses', 0, '1be0a9da-bff9-4ab6-a36c-edfd8ca88f1a', '', 'NO IGR', '10', ''),
(52, '30002', 0, '30000', 'Other Expenses', 0, '1be0a9da-bff9-4ab6-a36c-edfd8ca88f1a', '', 'NO IGR', '10', ''),
(53, '300011', 0, '30001', 'Consumable and Drugs', 0, '1be0a9da-bff9-4ab6-a36c-edfd8ca88f1a', '', 'NO IGR', '10', ''),
(54, '300012', 0, '30001', 'Surgery Accessories', 0, '1be0a9da-bff9-4ab6-a36c-edfd8ca88f1a', '', 'NO IGR', '10', ''),
(55, '300013', 0, '30001', 'Physio and Accessories', 0, '1be0a9da-bff9-4ab6-a36c-edfd8ca88f1a', '', 'NO IGR', '10', ''),
(56, '300014', 0, '30001', 'Laboratory', 0, '1be0a9da-bff9-4ab6-a36c-edfd8ca88f1a', '', 'NO IGR', '10', ''),
(57, '300031', 0, '30002', 'Building and Equipment', 0, '1be0a9da-bff9-4ab6-a36c-edfd8ca88f1a', '', 'NO IGR', '10', ''),
(58, '300022', 0, '30002', 'Energy ( Kedco, Diesel ETC)', 0, '1be0a9da-bff9-4ab6-a36c-edfd8ca88f1a', '', 'NO IGR', '10', ''),
(59, '300023', 0, '30002', 'Wages and Salaries', 0, '1be0a9da-bff9-4ab6-a36c-edfd8ca88f1a', '', 'NO IGR', '10', ''),
(60, '300024', 0, '30002', 'Gardening and Insecticide', 0, '1be0a9da-bff9-4ab6-a36c-edfd8ca88f1a', '', 'NO IGR', '10', ''),
(61, '300025', 0, '30002', 'Laundary, Bedsheets and Cleaning', 0, '1be0a9da-bff9-4ab6-a36c-edfd8ca88f1a', '', 'NO IGR', '10', ''),
(62, '300026', 0, '30002', 'Repair and Maintenance', 0, '1be0a9da-bff9-4ab6-a36c-edfd8ca88f1a', '', 'NO IGR', '10', ''),
(63, '300027', 0, '30002', 'Refund to Patients/Doctor', 0, '1be0a9da-bff9-4ab6-a36c-edfd8ca88f1a', '', 'NO IGR', '10', ''),
(64, '300028', 0, '30002', 'Miscellaneous Expenses', 0, '1be0a9da-bff9-4ab6-a36c-edfd8ca88f1a', '', 'NO IGR', '10', ''),
(65, '300029', 0, '30002', 'Patients Contact and PR', 0, '1be0a9da-bff9-4ab6-a36c-edfd8ca88f1a', '', 'NO IGR', '10', ''),
(66, '3000210', 0, '30002', 'Printing', 0, '1be0a9da-bff9-4ab6-a36c-edfd8ca88f1a', '', 'NO IGR', '10', ''),
(67, '3000211', 0, '30002', 'Loan', 0, '1be0a9da-bff9-4ab6-a36c-edfd8ca88f1a', '', 'NO IGR', '10', ''),
(68, '3000212', 0, '30002', 'Tax and Levies', 0, '1be0a9da-bff9-4ab6-a36c-edfd8ca88f1a', '', 'NO IGR', '10', ''),
(69, '3000213', 0, '30002', 'Training, Workshop, License', 0, '1be0a9da-bff9-4ab6-a36c-edfd8ca88f1a', '', 'NO IGR', '10', ''),
(70, '3000214', 0, '30002', 'Insurance', 0, '1be0a9da-bff9-4ab6-a36c-edfd8ca88f1a', '', 'NO IGR', '10', ''),
(71, '3000215', 0, '30002', 'Telephone, Couries, Internet, and Subscription', 0, '1be0a9da-bff9-4ab6-a36c-edfd8ca88f1a', '', 'NO IGR', '10', ''),
(72, '3000216', 0, '30002', 'Transport', 0, '1be0a9da-bff9-4ab6-a36c-edfd8ca88f1a', '', 'NO IGR', '10', ''),
(73, '20029', 0, '20000', 'Surgery and hospitalization', 0, '1be0a9da-bff9-4ab6-a36c-edfd8ca88f1a', '', 'NO IGR', '10', ''),
(74, '300015', 0, '30001', 'Professional fee/Consultation ', 0, '1be0a9da-bff9-4ab6-a36c-edfd8ca88f1a', '', 'NO IGR', '10', ''),
(75, '20030', 0, '20000', 'Medications', 0, '1be0a9da-bff9-4ab6-a36c-edfd8ca88f1a', '', 'NO IGR', '10', ''),
(76, '20031', 0, '20000', 'Hospitalization', 0, '1be0a9da-bff9-4ab6-a36c-edfd8ca88f1a', '', 'NO IGR', '10', ''),
(77, '20032', 0, '20000', 'File Conversion', 3000, '1be0a9da-bff9-4ab6-a36c-edfd8ca88f1a', '', 'NO IGR', '10', ''),
(78, '20033', 0, '20000', 'Consultation F/up Neurosurgery/ Ortho', 10000, '1be0a9da-bff9-4ab6-a36c-edfd8ca88f1a', '', 'NO IGR', '10', ''),
(79, '20034', 0, '20000', 'Specialist F/up', 8000, '1be0a9da-bff9-4ab6-a36c-edfd8ca88f1a', '', 'NO IGR', '10', ''),
(80, '20035', 0, '20000', 'Observation', 5000, '1be0a9da-bff9-4ab6-a36c-edfd8ca88f1a', '', 'NO IGR', '10', ''),
(81, '20036', 0, '20000', 'Total Sales', 0, '1be0a9da-bff9-4ab6-a36c-edfd8ca88f1a', '', 'NO IGR', '10', ''),
(82, '20037', 0, '20000', 'ECG', 5000, '1be0a9da-bff9-4ab6-a36c-edfd8ca88f1a', '', 'NO IGR', '10', ''),
(83, '20038', 0, '20000', 'Spirometry', 8000, '1be0a9da-bff9-4ab6-a36c-edfd8ca88f1a', '', 'NO IGR', '10', ''),
(84, '20039', 0, '20000', 'Ear Syringing', 7000, '1be0a9da-bff9-4ab6-a36c-edfd8ca88f1a', '', 'NO IGR', '10', ''),
(85, '20040', 0, '20000', 'Specialist (Neuro/ ortho)', 10000, '1be0a9da-bff9-4ab6-a36c-edfd8ca88f1a', '', 'NO IGR', '10', ''),
(86, '20041', 0, '20000', 'Medical Service (Staff)', 0, '1be0a9da-bff9-4ab6-a36c-edfd8ca88f1a', '', 'NO IGR', '10', ''),
(87, '30003', 0, '30000', 'Laboratory Expenses', 0, '1be0a9da-bff9-4ab6-a36c-edfd8ca88f1a', '', 'NO IGR', '10', ''),
(88, '20042', 0, '20000', 'Floroscopy Guided Injection', 250000, '1be0a9da-bff9-4ab6-a36c-edfd8ca88f1a', '', 'NO IGR', '10', ''),
(89, '20043', 0, '20000', 'Capitation HMO', 0, '1be0a9da-bff9-4ab6-a36c-edfd8ca88f1a', '', 'NO IGR', '10', ''),
(90, '20044', 0, '20000', 'Floroscopy Guided Injection', 0, '1be0a9da-bff9-4ab6-a36c-edfd8ca88f1a', '', 'NO IGR', '10', ''),
(91, '10000', 0, '', 'PSC Specialist Hospital Limited', 0, '1be0a9da-bff9-4ab6-a36c-edfd8ca88f1a', '', 'NO IGR', '10', ''),
(92, '20000', 0, '10000', 'Revenue', 0, '1be0a9da-bff9-4ab6-a36c-edfd8ca88f1a', '', 'NO IGR', '10', ''),
(93, '30000', 0, '10000', 'Expenses', 0, '1be0a9da-bff9-4ab6-a36c-edfd8ca88f1a', '', 'NO IGR', '10', ''),
(94, '40000', 0, '10000', 'Asset', 0, '1be0a9da-bff9-4ab6-a36c-edfd8ca88f1a', '', 'NO IGR', '10', ''),
(95, '50000', 0, '10000', 'Equity & Liability', 0, '1be0a9da-bff9-4ab6-a36c-edfd8ca88f1a', '', 'NO IGR', '10', ''),
(96, '40001', 0, '40000', 'Non Current Assets', 0, '1be0a9da-bff9-4ab6-a36c-edfd8ca88f1a', '', 'NO IGR', '10', ''),
(97, '40002', 0, '40000', 'Current Asset', 0, '1be0a9da-bff9-4ab6-a36c-edfd8ca88f1a', '', 'NO IGR', '10', ''),
(98, '400021', 0, '40002', 'Cash', 0, '1be0a9da-bff9-4ab6-a36c-edfd8ca88f1a', '', 'NO IGR', '10', ''),
(99, '400022', 0, '40002', 'Bank', 0, '1be0a9da-bff9-4ab6-a36c-edfd8ca88f1a', '', 'NO IGR', '10', ''),
(100, '400023', 0, '40002', 'Recievables', 0, '1be0a9da-bff9-4ab6-a36c-edfd8ca88f1a', '', 'NO IGR', '10', ''),
(101, '400024', 0, '40002', 'Stocks', 0, '1be0a9da-bff9-4ab6-a36c-edfd8ca88f1a', '', 'NO IGR', '10', ''),
(102, '400025', 0, '40002', 'Petty Cash', 0, '1be0a9da-bff9-4ab6-a36c-edfd8ca88f1a', '', 'NO IGR', '10', ''),
(103, '50001', 0, '50000', 'Equity', 0, '1be0a9da-bff9-4ab6-a36c-edfd8ca88f1a', '', 'NO IGR', '10', ''),
(104, '50002', 0, '50000', 'Liability', 0, '1be0a9da-bff9-4ab6-a36c-edfd8ca88f1a', '', 'NO IGR', '10', ''),
(105, '500011', 0, '50001', 'Retained Earnings', 0, '1be0a9da-bff9-4ab6-a36c-edfd8ca88f1a', '', 'NO IGR', '10', ''),
(106, '500012', 0, '50001', 'Share Capital', 0, '1be0a9da-bff9-4ab6-a36c-edfd8ca88f1a', '', 'NO IGR', '10', ''),
(107, '500013', 0, '50001', 'Accumulated Fund', 0, '1be0a9da-bff9-4ab6-a36c-edfd8ca88f1a', '', 'NO IGR', '10', ''),
(108, '500021', 0, '50002', 'Payables', 0, '1be0a9da-bff9-4ab6-a36c-edfd8ca88f1a', '', 'NO IGR', '10', ''),
(109, '400011', 0, '40001', 'Land & Building', 0, '1be0a9da-bff9-4ab6-a36c-edfd8ca88f1a', '', 'NO IGR', '10', ''),
(110, '400012', 0, '40001', 'Plant & Machinery', 0, '1be0a9da-bff9-4ab6-a36c-edfd8ca88f1a', '', 'NO IGR', '10', ''),
(111, '400013', 0, '40001', 'Motor Vehicle', 0, '1be0a9da-bff9-4ab6-a36c-edfd8ca88f1a', '', 'NO IGR', '10', ''),
(112, '400014', 0, '40001', 'Furniture & Fittings', 0, '1be0a9da-bff9-4ab6-a36c-edfd8ca88f1a', '', 'NO IGR', '10', ''),
(113, '20001', 0, '20000', 'Registration ( Single )', 7000, '1be0a9da-bff9-4ab6-a36c-edfd8ca88f1a', '', 'NO IGR', '10', ''),
(114, '20002', 0, '20000', 'Registration ( Family )', 10000, '1be0a9da-bff9-4ab6-a36c-edfd8ca88f1a', '', 'NO IGR', '10', ''),
(115, '20003', 0, '20000', 'Regular Consultation', 6000, '1be0a9da-bff9-4ab6-a36c-edfd8ca88f1a', '', 'NO IGR', '10', ''),
(116, '20004', 0, '20000', 'Specialist Consultation', 12000, '1be0a9da-bff9-4ab6-a36c-edfd8ca88f1a', '', 'NO IGR', '10', ''),
(117, '20005', 0, '20000', 'General Ward ( 1, 2, 3 )', 10000, '1be0a9da-bff9-4ab6-a36c-edfd8ca88f1a', '', 'NO IGR', '10', ''),
(118, '20006', 0, '20000', 'Private ( 1, 2, Yellow )', 25000, '1be0a9da-bff9-4ab6-a36c-edfd8ca88f1a', '', 'NO IGR', '10', ''),
(119, '20007', 0, '20000', 'PSC ANNEX ( 0, 1, 2, 3, )', 30000, '1be0a9da-bff9-4ab6-a36c-edfd8ca88f1a', '', 'NO IGR', '10', ''),
(120, '20008', 0, '20000', 'Houses ( White, Blue, Green, Annex Double )', 40000, '1be0a9da-bff9-4ab6-a36c-edfd8ca88f1a', '', 'NO IGR', '10', ''),
(121, '20009', 0, '20000', 'ICU', 120000, '1be0a9da-bff9-4ab6-a36c-edfd8ca88f1a', '', 'NO IGR', '10', ''),
(122, '20010', 0, '20000', 'Dressing', 4000, '1be0a9da-bff9-4ab6-a36c-edfd8ca88f1a', '', 'NO IGR', '10', ''),
(123, '20011', 0, '20000', 'Enema Wash-Out', 6000, '1be0a9da-bff9-4ab6-a36c-edfd8ca88f1a', '', 'NO IGR', '10', ''),
(124, '20012', 0, '20000', 'Suturing', 15000, '1be0a9da-bff9-4ab6-a36c-edfd8ca88f1a', '', 'NO IGR', '10', ''),
(125, '20013', 0, '20000', 'Nebulisting Session', 5000, '1be0a9da-bff9-4ab6-a36c-edfd8ca88f1a', '', 'NO IGR', '10', ''),
(126, '20014', 0, '20000', 'Chemotherapy Session', 15000, '1be0a9da-bff9-4ab6-a36c-edfd8ca88f1a', '', 'NO IGR', '10', ''),
(127, '20015', 0, '20000', 'Chemotherapy Session Extended', 25000, '1be0a9da-bff9-4ab6-a36c-edfd8ca88f1a', '', 'NO IGR', '10', ''),
(128, '20016', 0, '20000', 'Oxygen Therapy: Concentrator', 5000, '1be0a9da-bff9-4ab6-a36c-edfd8ca88f1a', '', 'NO IGR', '10', ''),
(129, '20017', 0, '20000', 'Oxygen Therapy 100%', 15000, '1be0a9da-bff9-4ab6-a36c-edfd8ca88f1a', '', 'NO IGR', '10', ''),
(130, '20018', 0, '20000', 'Theatre Fee', 0, '1be0a9da-bff9-4ab6-a36c-edfd8ca88f1a', '', 'NO IGR', '10', ''),
(131, '20019', 0, '20000', 'Anaesthetist Fee', 0, '1be0a9da-bff9-4ab6-a36c-edfd8ca88f1a', '', 'NO IGR', '10', ''),
(132, '20020', 0, '20000', 'Anaesthesia Consumable', 0, '1be0a9da-bff9-4ab6-a36c-edfd8ca88f1a', '', 'NO IGR', '10', ''),
(133, '20021', 0, '20000', 'Debridement', 50000, '1be0a9da-bff9-4ab6-a36c-edfd8ca88f1a', '', 'NO IGR', '10', ''),
(134, '20022', 0, '20000', 'Urethral Catheter Changing, Foley', 4000, '1be0a9da-bff9-4ab6-a36c-edfd8ca88f1a', '', 'NO IGR', '10', ''),
(135, '20023', 0, '20000', 'Urethral Catheter Changing, Silicon', 10000, '1be0a9da-bff9-4ab6-a36c-edfd8ca88f1a', '', 'NO IGR', '10', ''),
(136, '20024', 0, '20000', 'POP Applicator', 30000, '1be0a9da-bff9-4ab6-a36c-edfd8ca88f1a', '', 'NO IGR', '10', ''),
(137, '20025', 0, '20000', 'Pharmacy ( 25% Mark Up )', 0, '1be0a9da-bff9-4ab6-a36c-edfd8ca88f1a', '', 'NO IGR', '10', ''),
(138, '20026', 0, '20000', 'Laboratory ( 15% Mark Up )', 0, '1be0a9da-bff9-4ab6-a36c-edfd8ca88f1a', '', 'NO IGR', '10', ''),
(139, '20027', 0, '20000', 'Surgeon Fee', 0, '1be0a9da-bff9-4ab6-a36c-edfd8ca88f1a', '', 'NO IGR', '10', ''),
(140, '20028', 0, '20000', 'Physiotherapy', 4000, '1be0a9da-bff9-4ab6-a36c-edfd8ca88f1a', '', 'NO IGR', '10', ''),
(141, '30001', 0, '30000', 'Direct Expenses', 0, '1be0a9da-bff9-4ab6-a36c-edfd8ca88f1a', '', 'NO IGR', '10', ''),
(142, '30002', 0, '30000', 'Other Expenses', 0, '1be0a9da-bff9-4ab6-a36c-edfd8ca88f1a', '', 'NO IGR', '10', ''),
(143, '300011', 0, '30001', 'Consumable and Drugs', 0, '1be0a9da-bff9-4ab6-a36c-edfd8ca88f1a', '', 'NO IGR', '10', ''),
(144, '300012', 0, '30001', 'Surgery Accessories', 0, '1be0a9da-bff9-4ab6-a36c-edfd8ca88f1a', '', 'NO IGR', '10', ''),
(145, '300013', 0, '30001', 'Physio and Accessories', 0, '1be0a9da-bff9-4ab6-a36c-edfd8ca88f1a', '', 'NO IGR', '10', ''),
(146, '300014', 0, '30001', 'Laboratory', 0, '1be0a9da-bff9-4ab6-a36c-edfd8ca88f1a', '', 'NO IGR', '10', ''),
(147, '300031', 0, '30002', 'Building and Equipment', 0, '1be0a9da-bff9-4ab6-a36c-edfd8ca88f1a', '', 'NO IGR', '10', ''),
(148, '300022', 0, '30002', 'Energy ( Kedco, Diesel ETC)', 0, '1be0a9da-bff9-4ab6-a36c-edfd8ca88f1a', '', 'NO IGR', '10', ''),
(149, '300023', 0, '30002', 'Wages and Salaries', 0, '1be0a9da-bff9-4ab6-a36c-edfd8ca88f1a', '', 'NO IGR', '10', ''),
(150, '300024', 0, '30002', 'Gardening and Insecticide', 0, '1be0a9da-bff9-4ab6-a36c-edfd8ca88f1a', '', 'NO IGR', '10', ''),
(151, '300025', 0, '30002', 'Laundary, Bedsheets and Cleaning', 0, '1be0a9da-bff9-4ab6-a36c-edfd8ca88f1a', '', 'NO IGR', '10', ''),
(152, '300026', 0, '30002', 'Repair and Maintenance', 0, '1be0a9da-bff9-4ab6-a36c-edfd8ca88f1a', '', 'NO IGR', '10', ''),
(153, '300027', 0, '30002', 'Refund to Patients/Doctor', 0, '1be0a9da-bff9-4ab6-a36c-edfd8ca88f1a', '', 'NO IGR', '10', ''),
(154, '300028', 0, '30002', 'Miscellaneous Expenses', 0, '1be0a9da-bff9-4ab6-a36c-edfd8ca88f1a', '', 'NO IGR', '10', ''),
(155, '300029', 0, '30002', 'Patients Contact and PR', 0, '1be0a9da-bff9-4ab6-a36c-edfd8ca88f1a', '', 'NO IGR', '10', ''),
(156, '3000210', 0, '30002', 'Printing', 0, '1be0a9da-bff9-4ab6-a36c-edfd8ca88f1a', '', 'NO IGR', '10', ''),
(157, '3000211', 0, '30002', 'Loan', 0, '1be0a9da-bff9-4ab6-a36c-edfd8ca88f1a', '', 'NO IGR', '10', ''),
(158, '3000212', 0, '30002', 'Tax and Levies', 0, '1be0a9da-bff9-4ab6-a36c-edfd8ca88f1a', '', 'NO IGR', '10', ''),
(159, '3000213', 0, '30002', 'Training, Workshop, License', 0, '1be0a9da-bff9-4ab6-a36c-edfd8ca88f1a', '', 'NO IGR', '10', ''),
(160, '3000214', 0, '30002', 'Insurance', 0, '1be0a9da-bff9-4ab6-a36c-edfd8ca88f1a', '', 'NO IGR', '10', ''),
(161, '3000215', 0, '30002', 'Telephone, Couries, Internet, and Subscription', 0, '1be0a9da-bff9-4ab6-a36c-edfd8ca88f1a', '', 'NO IGR', '10', ''),
(162, '3000216', 0, '30002', 'Transport', 0, '1be0a9da-bff9-4ab6-a36c-edfd8ca88f1a', '', 'NO IGR', '10', ''),
(163, '20029', 0, '20000', 'Surgery and hospitalization', 0, '1be0a9da-bff9-4ab6-a36c-edfd8ca88f1a', '', 'NO IGR', '10', ''),
(164, '300015', 0, '30001', 'Professional fee/Consultation ', 0, '1be0a9da-bff9-4ab6-a36c-edfd8ca88f1a', '', 'NO IGR', '10', ''),
(165, '20030', 0, '20000', 'Medications', 0, '1be0a9da-bff9-4ab6-a36c-edfd8ca88f1a', '', 'NO IGR', '10', ''),
(166, '20031', 0, '20000', 'Hospitalization', 0, '1be0a9da-bff9-4ab6-a36c-edfd8ca88f1a', '', 'NO IGR', '10', ''),
(167, '20032', 0, '20000', 'File Conversion', 3000, '1be0a9da-bff9-4ab6-a36c-edfd8ca88f1a', '', 'NO IGR', '10', ''),
(168, '20033', 0, '20000', 'Consultation F/up Neurosurgery/ Ortho', 10000, '1be0a9da-bff9-4ab6-a36c-edfd8ca88f1a', '', 'NO IGR', '10', ''),
(169, '20034', 0, '20000', 'Specialist F/up', 8000, '1be0a9da-bff9-4ab6-a36c-edfd8ca88f1a', '', 'NO IGR', '10', ''),
(170, '20035', 0, '20000', 'Observation', 5000, '1be0a9da-bff9-4ab6-a36c-edfd8ca88f1a', '', 'NO IGR', '10', ''),
(171, '20036', 0, '20000', 'Total Sales', 0, '1be0a9da-bff9-4ab6-a36c-edfd8ca88f1a', '', 'NO IGR', '10', ''),
(172, '20037', 0, '20000', 'ECG', 5000, '1be0a9da-bff9-4ab6-a36c-edfd8ca88f1a', '', 'NO IGR', '10', ''),
(173, '20038', 0, '20000', 'Spirometry', 8000, '1be0a9da-bff9-4ab6-a36c-edfd8ca88f1a', '', 'NO IGR', '10', ''),
(174, '20039', 0, '20000', 'Ear Syringing', 7000, '1be0a9da-bff9-4ab6-a36c-edfd8ca88f1a', '', 'NO IGR', '10', ''),
(175, '20040', 0, '20000', 'Specialist (Neuro/ ortho)', 10000, '1be0a9da-bff9-4ab6-a36c-edfd8ca88f1a', '', 'NO IGR', '10', ''),
(176, '20041', 0, '20000', 'Medical Service (Staff)', 0, '1be0a9da-bff9-4ab6-a36c-edfd8ca88f1a', '', 'NO IGR', '10', ''),
(177, '30003', 0, '30000', 'Laboratory Expenses', 0, '1be0a9da-bff9-4ab6-a36c-edfd8ca88f1a', '', 'NO IGR', '10', ''),
(178, '20042', 0, '20000', 'Floroscopy Guided Injection', 250000, '1be0a9da-bff9-4ab6-a36c-edfd8ca88f1a', '', 'NO IGR', '10', ''),
(179, '20043', 0, '20000', 'Capitation HMO', 0, '1be0a9da-bff9-4ab6-a36c-edfd8ca88f1a', '', 'NO IGR', '10', ''),
(180, '20044', 0, '20000', 'Floroscopy Guided Injection', 0, '1be0a9da-bff9-4ab6-a36c-edfd8ca88f1a', '', 'NO IGR', '10', ''),
(181, '30004', 0, '30000', 'Professional Fee', 0, '1be0a9da-bff9-4ab6-a36c-edfd8ca88f1a', '', 'NO IGR', '10', ''),
(182, '20045', 0, '20000', 'Cash', 0, '1be0a9da-bff9-4ab6-a36c-edfd8ca88f1a', '', 'NO IGR', '10', ''),
(183, '20046', 0, '20000', 'PoS', 0, '1be0a9da-bff9-4ab6-a36c-edfd8ca88f1a', '', 'NO IGR', '10', ''),
(184, '20047', 0, '20000', 'Bank', 0, '1be0a9da-bff9-4ab6-a36c-edfd8ca88f1a', '', 'NO IGR', '10', ''),
(185, '30005', 0, '30000', 'Repair/Maintenance', 0, '1be0a9da-bff9-4ab6-a36c-edfd8ca88f1a', '', 'NO IGR', '10', ''),
(186, '30006', 0, '30000', 'Cleaning', 0, '1be0a9da-bff9-4ab6-a36c-edfd8ca88f1a', '', 'NO IGR', '10', ''),
(187, '30007', 0, '30000', 'Electricity Charge', 0, '1be0a9da-bff9-4ab6-a36c-edfd8ca88f1a', '', 'NO IGR', '10', ''),
(188, '30008', 0, '30000', 'Diesel Purchase', 0, '1be0a9da-bff9-4ab6-a36c-edfd8ca88f1a', '', 'NO IGR', '10', ''),
(189, '30009', 0, '30000', 'Generator Maintenance', 0, '1be0a9da-bff9-4ab6-a36c-edfd8ca88f1a', '', 'NO IGR', '10', ''),
(190, '30010', 0, '30000', 'Out-Pharmacy Drugs/Consumable', 0, '1be0a9da-bff9-4ab6-a36c-edfd8ca88f1a', '', 'NO IGR', '10', ''),
(191, '30011', 0, '30000', 'Equipment Purchase', 0, '1be0a9da-bff9-4ab6-a36c-edfd8ca88f1a', '', 'NO IGR', '10', ''),
(192, '30012', 0, '30000', 'Miscellaneous', 0, '1be0a9da-bff9-4ab6-a36c-edfd8ca88f1a', '', 'NO IGR', '10', ''),
(193, '30013', 0, '30000', 'Subscription', 0, '1be0a9da-bff9-4ab6-a36c-edfd8ca88f1a', '', 'NO IGR', '10', ''),
(194, '30014', 0, '30000', 'Printing', 0, '1be0a9da-bff9-4ab6-a36c-edfd8ca88f1a', '', 'NO IGR', '10', ''),
(195, '30015', 0, '30000', 'Taxes', 0, '1be0a9da-bff9-4ab6-a36c-edfd8ca88f1a', '', 'NO IGR', '10', ''),
(196, '30016', 0, '30000', 'Levies', 0, '1be0a9da-bff9-4ab6-a36c-edfd8ca88f1a', '', 'NO IGR', '10', ''),
(197, '30017', 0, '30000', 'Refund to patient/doctor', 0, '1be0a9da-bff9-4ab6-a36c-edfd8ca88f1a', '', 'NO IGR', '10', ''),
(198, '300016', 0, '30001', 'Surgery Accessories', 0, '1be0a9da-bff9-4ab6-a36c-edfd8ca88f1a', '', 'NO IGR', '10', ''),
(199, '30018', 0, '30000', 'Surgery Accessories', 0, '1be0a9da-bff9-4ab6-a36c-edfd8ca88f1a', '', 'NO IGR', '10', ''),
(200, '', 0, '30000', 'Outsourced Lab Charges', 0, '1be0a9da-bff9-4ab6-a36c-edfd8ca88f1a', '', 'NO IGR', '10', ''),
(201, '30019', 0, '30000', 'Gardening', 0, '1be0a9da-bff9-4ab6-a36c-edfd8ca88f1a', '', 'NO IGR', '10', ''),
(202, '30020', 0, '30000', 'Goodwill/Patient contact', 0, '1be0a9da-bff9-4ab6-a36c-edfd8ca88f1a', '', 'NO IGR', '10', ''),
(203, '30021', 0, '30000', 'Courier Service', 0, '1be0a9da-bff9-4ab6-a36c-edfd8ca88f1a', '', 'NO IGR', '10', ''),
(204, '30022', 0, '30000', 'Transport/Ambulance Service', 0, '1be0a9da-bff9-4ab6-a36c-edfd8ca88f1a', '', 'NO IGR', '10', ''),
(205, '30023', 0, '30000', 'Insurance', 0, '1be0a9da-bff9-4ab6-a36c-edfd8ca88f1a', '', 'NO IGR', '10', ''),
(206, 'MAWSH.1', 0, '20000', 'Laboratory: Fbs', 300, '052100000000', '', 'IGR', '10', ''),
(207, 'MAWSH.2', 0, '20000', 'Laboratory: Mp', 100, '052100000000', '', 'IGR', '10', ''),
(208, 'MAWSH.3', 0, '20000', 'Laboratory: Esr', 200, '052100000000', '', 'IGR', '10', ''),
(209, 'MAWSH.4', 0, '20000', 'Laboratory: Pcv', 100, '052100000000', '', 'IGR', '10', ''),
(210, 'MAWSH.5', 0, '20000', 'Laboratory: Prothrombin Time', 600, '052100000000', '', 'IGR', '10', ''),
(211, 'MAWSH.6', 0, '20000', 'Laboratory: Pttk', 600, '052100000000', '', 'IGR', '10', ''),
(212, 'MAWSH.7', 0, '20000', 'Laboratory: Bleeding Time', 300, '052100000000', '', 'IGR', '10', ''),
(213, 'MAWSH.8', 0, '20000', 'Laboratory: Clotting Time', 300, '052100000000', '', 'IGR', '10', ''),
(214, 'MAWSH.9', 0, '20000', 'Laboratory: U/E/C', 600, '052100000000', '', 'IGR', '10', ''),
(215, 'MAWSH.10', 0, '20000', 'Laboratory: Lft', 500, '052100000000', '', 'IGR', '10', ''),
(216, 'MAWSH.11', 0, '20000', 'Laboratory: Lipid Profile', 150000, '052100000000', '', 'IGR', '10', ''),
(217, 'MAWSH.12', 0, '20000', 'Laboratory: Laboratory: Lipid Profile', 200, '052100000000', '', 'IGR', '10', ''),
(218, 'MAWSH.13', 0, '20000', 'Laboratory: Pbs/Rbs', 800, '052100000000', '', 'IGR', '10', ''),
(219, 'MAWSH.14', 0, '20000', 'Laboratory: Ogtt', 200, '052100000000', '', 'IGR', '10', ''),
(220, 'MAWSH.15', 0, '20000', 'Laboratory: Bilurubin', 300, '052100000000', '', 'IGR', '10', ''),
(221, 'MAWSH.16', 0, '20000', 'Laboratory: Calcium', 300, '052100000000', '', 'IGR', '10', ''),
(222, 'MAWSH.17', 0, '20000', 'Laboratory: Ua', 300, '052100000000', '', 'IGR', '10', ''),
(223, 'MAWSH.18', 0, '20000', 'Laboratory: Chol', 300, '052100000000', '', 'IGR', '10', ''),
(224, 'MAWSH.19', 0, '20000', 'Laboratory: Prot', 300, '052100000000', '', 'IGR', '10', ''),
(225, 'MAWSH.20', 0, '20000', 'Laboratory: Albumen', 300000, '052100000000', '', 'IGR', '10', ''),
(226, 'MAWSH.21', 0, '20000', 'Laboratory: Drug Of Abuse', 200, '052100000000', '', 'IGR', '10', ''),
(227, 'MAWSH.22', 0, '20000', 'Laboratory: Urinalysis', 300, '052100000000', '', 'IGR', '10', ''),
(228, 'MAWSH.23', 0, '20000', 'Laboratory: Stool Analysis', 300, '052100000000', '', 'IGR', '10', ''),
(229, 'MAWSH.24', 0, '20000', 'Laboratory: Accult', 200, '052100000000', '', 'IGR', '10', ''),
(230, 'MAWSH.25', 0, '20000', 'Laboratory: Skin Snif', 400, '052100000000', '', 'IGR', '10', ''),
(231, 'MAWSH.26', 0, '20000', 'Laboratory: Urine M/C/', 500, '052100000000', '', 'IGR', '10', ''),
(232, 'MAWSH.27', 0, '20000', 'Laboratory: Stool M/C/S', 400, '052100000000', '', 'IGR', '10', ''),
(233, 'MAWSH.28', 0, '20000', 'Laboratory: Blood M/C/S', 600, '052100000000', '', 'IGR', '10', ''),
(234, 'MAWSH.29', 0, '20000', 'Laboratory: Semen M/C/S', 400, '052100000000', '', 'IGR', '10', ''),
(235, 'MAWSH.30', 0, '20000', 'Laboratory: Semen Analysis', 200, '052100000000', '', 'IGR', '10', ''),
(236, 'MAWSH.31', 0, '20000', 'Laboratory: Hvs M/C/S', 400, '052100000000', '', 'IGR', '10', ''),
(237, 'MAWSH.32', 0, '20000', 'Laboratory: Hvs M/C/S', 400, '052100000000', '', 'IGR', '10', ''),
(238, 'MAWSH.33', 0, '20000', 'Laboratory: Csf M/C/S', 200, '052100000000', '', 'IGR', '10', ''),
(239, 'MAWSH.34', 0, '20000', 'Laboratory: Afbx I', 200, '052100000000', '', 'IGR', '10', ''),
(240, 'MAWSH.35', 0, '20000', 'Laboratory: Manteoux', 200, '052100000000', '', 'IGR', '10', ''),
(241, 'MAWSH.36', 0, '20000', 'Laboratory: Widal N2', 300, '052100000000', '', 'IGR', '10', ''),
(242, 'MAWSH.37', 0, '20000', 'Laboratory: Vdrl', 500, '052100000000', '', 'IGR', '10', ''),
(243, 'MAWSH.38', 0, '20000', 'Laboratory: Hiv', 200, '052100000000', '', 'IGR', '10', ''),
(244, 'MAWSH.39', 0, '20000', 'Laboratory: Hep B', 150, '052100000000', '', 'IGR', '10', ''),
(245, 'MAWSH.40', 0, '20000', 'Laboratory: Hep C', 200, '052100000000', '', 'IGR', '10', ''),
(246, 'MAWSH.41', 0, '20000', 'Laboratory: Pttk', 100, '052100000000', '', 'IGR', '10', ''),
(247, 'MAWSH.42', 0, '20000', 'Laboratory: Grp', 500, '052100000000', '', 'IGR', '10', ''),
(248, 'MAWSH.43', 0, '20000', 'Laboratory: H Pylori', 500, '052100000000', '', 'IGR', '10', ''),
(249, 'MAWSH.44', 0, '20000', 'Laboratory: R. Factor', 100000, '052100000000', '', 'IGR', '10', ''),
(250, 'MAWSH.45', 0, '20000', 'Laboratory: Comb Hvb', 200, '052100000000', '', 'IGR', '10', ''),
(251, 'MAWSH.46', 0, '20000', 'Laboratory: Coombs', 200, '052100000000', '', 'IGR', '10', ''),
(252, 'MAWSH.47', 0, '20000', 'Laboratory: Genotype', 100000, '052100000000', '', 'IGR', '10', ''),
(253, 'MAWSH.48', 0, '20000', 'Laboratory: Pap Smear', 100000, '052100000000', '', 'IGR', '10', ''),
(254, 'MAWSH.49', 0, '20000', 'Laboratory: Exfo Cyto', 100000, '052100000000', '', 'IGR', '10', ''),
(255, 'MAWSH.50', 0, '20000', 'Laboratory: Trau Cyto', 120000, '052100000000', '', 'IGR', '10', ''),
(256, 'MAWSH.51', 0, '20000', 'Digital X-Ray: Paranasal Sinus (Pns', 120000, '052100000000', '', 'NO IGR', '10', ''),
(257, 'MAWSH.52', 0, '20000', 'Digital X-Ray: Skull Ap View', 240000, '052100000000', '', 'NO IGR', '10', ''),
(258, 'MAWSH.53', 0, '20000', 'Digital X-Ray: Skull Ap And Lat', 120000, '052100000000', '', 'NO IGR', '10', ''),
(259, 'MAWSH.54', 0, '20000', 'Digital X-Ray: Mandible Ap View', 240000, '052100000000', '', 'NO IGR', '10', ''),
(260, 'MAWSH.55', 0, '20000', 'Digital X-Ray: Both Mandibles (L) Oblqs', 120000, '052100000000', '', 'NO IGR', '10', ''),
(261, 'MAWSH.56', 0, '20000', 'Digital X-Ray: Right (R) S And M', 120000, '052100000000', '', 'NO IGR', '10', ''),
(262, 'MAWSH.57', 0, '20000', 'Digital X-Ray: Left (L) S And M', 120000, '052100000000', '', 'NO IGR', '10', ''),
(263, 'MAWSH.58', 0, '20000', 'Digital X-Ray: Temporo-Mandibular Joint', 120000, '052100000000', '', 'NO IGR', '10', ''),
(264, 'MAWSH.59', 0, '20000', 'Digital X-Ray: Nasal Bones', 240000, '052100000000', '', 'NO IGR', '10', ''),
(265, 'MAWSH.60', 0, '20000', 'Digital X-Ray: Base Of Skull (Smv)', 120000, '052100000000', '', 'NO IGR', '10', ''),
(266, 'MAWSH.61', 0, '20000', 'Digital X-Ray: Cervical Spine Ap', 120000, '052100000000', '', 'NO IGR', '10', ''),
(267, 'MAWSH.62', 0, '20000', 'Digital X-Ray: Cervical Spine Ap & Lat', 240000, '052100000000', '', 'NO IGR', '10', ''),
(268, 'MAWSH.63', 0, '20000', 'Digital X-Ray: Cervico - Thoracic', 240000, '052100000000', '', 'NO IGR', '10', ''),
(269, 'MAWSH.64', 0, '20000', 'Digital X-Ray: Thoraco-Lumbar', 240000, '052100000000', '', 'NO IGR', '10', ''),
(270, 'MAWSH.65', 0, '20000', 'Digital X-Ray: Lumbo - Sacrae', 240000, '052100000000', '', 'NO IGR', '10', ''),
(271, 'MAWSH.66', 0, '20000', 'Digital X-Ray: Lumbar-Spine Ap View', 120000, '052100000000', '', 'NO IGR', '10', ''),
(272, 'MAWSH.67', 0, '20000', 'Digital X-Ray: Sacrum And Coccyx', 120000, '052100000000', '', 'NO IGR', '10', ''),
(273, 'MAWSH.68', 0, '20000', 'Digital X-Ray: Shoulder/Scapula Ap', 0, '052100000000', '', 'NO IGR', '10', ''),
(274, 'MAWSH.69', 0, '20000', 'Digital X-Ray: Shoulder/Scapula Ap/Lat', 120000, '052100000000', '', 'NO IGR', '10', ''),
(275, 'MAWSH.70', 0, '20000', 'Digital X-Ray: Acromio-Clavicula Joint', 120000, '052100000000', '', 'NO IGR', '10', ''),
(276, 'MAWSH.71', 0, '20000', 'Digital X-Ray: Right (R) Clavicle', 120000, '052100000000', '', 'NO IGR', '10', ''),
(277, 'MAWSH.72', 0, '20000', 'Digital X-Ray: Left (L) Clavicle', 120000, '052100000000', '', 'NO IGR', '10', ''),
(278, 'MAWSH.73', 0, '20000', 'Digital X-Ray: Both Clavicles (Adult)', 240000, '052100000000', '', 'NO IGR', '10', ''),
(279, 'MAWSH.74', 0, '20000', 'Digital X-Ray: Noth Clavicles (Child)', 120000, '052100000000', '', 'NO IGR', '10', ''),
(280, 'MAWSH.75', 0, '20000', 'Digital X-Ray: Thoracic Inlet', 120000, '052100000000', '', 'NO IGR', '10', ''),
(281, 'MAWSH.76', 0, '20000', 'Digital X-Ray: Chest For Ribs Ap', 120000, '052100000000', '', 'NO IGR', '10', ''),
(282, 'MAWSH.77', 0, '20000', 'Digital X-Ray: Chest For Ribs Ap/Lat', 240000, '052100000000', '', 'NO IGR', '10', ''),
(283, 'MAWSH.78', 0, '20000', 'Digital X-Ray: Chest X-Ray Ap/Pa View', 120000, '052100000000', '', 'NO IGR', '10', ''),
(284, 'MAWSH.79', 0, '20000', 'Digital X-Ray: Chest X-Ray Ap/Lat', 240000, '052100000000', '', 'NO IGR', '10', ''),
(285, 'MAWSH.80', 0, '20000', 'Digital X-Ray: Plain Abdomen', 120000, '052100000000', '', 'NO IGR', '10', ''),
(286, 'MAWSH.81', 0, '20000', 'Digital X-Ray: Abdomen Erect/Supine', 240000, '052100000000', '', 'NO IGR', '10', ''),
(287, 'MAWSH.82', 0, '20000', 'Digital X-Ray: Humerus (Arm) Ap/L', 120000, '052100000000', '', 'NO IGR', '10', ''),
(288, 'MAWSH.83', 0, '20000', 'Digital X-Ray: Elbow Joint', 120000, '052100000000', '', 'NO IGR', '10', ''),
(289, 'MAWSH.84', 0, '20000', 'Digital X-Ray: Forearm (Radius And Ulna)', 120000, '052100000000', '', 'NO IGR', '10', ''),
(290, 'MAWSH.85', 0, '20000', 'Digital X-Ray: Wrist (Carpus) Ap/Lat)', 120000, '052100000000', '', 'NO IGR', '10', ''),
(291, 'MAWSH.86', 0, '20000', 'Digital X-Ray: Hand (Palm) Ap/Lat', 120000, '052100000000', '', 'NO IGR', '10', ''),
(292, 'MAWSH.87', 0, '20000', 'Digital X-Ray: Thumb Ap/Lat', 120000, '052100000000', '', 'NO IGR', '10', ''),
(293, 'MAWSH.88', 0, '20000', 'Digital X-Ray: Pelvis Ap View', 120000, '052100000000', '', 'NO IGR', '10', ''),
(294, 'MAWSH.89', 0, '20000', 'Digital X-Ray: Right Hip Joint Ap/Lat', 120000, '052100000000', '', 'NO IGR', '10', ''),
(295, 'MAWSH.90', 0, '20000', 'Digital X-Ray: Left (L) Hip Joint Ap/Lat', 240000, '052100000000', '', 'NO IGR', '10', ''),
(296, 'MAWSH.91', 0, '20000', 'Digital X-Ray: Both Hips Ap/Lat', 360000, '052100000000', '', 'NO IGR', '10', ''),
(297, 'MAWSH.92', 0, '20000', 'Digital X-Ray: Both Hips Ap View', 120000, '052100000000', '', 'NO IGR', '10', ''),
(298, 'MAWSH.93', 0, '20000', 'Digital X-Ray: Femur (Thigh) Ap', 120000, '052100000000', '', 'NO IGR', '10', ''),
(299, 'MAWSH.94', 0, '20000', 'Digital X-Ray: Femur (Thigh) Ap/Lat', 240000, '052100000000', '', 'NO IGR', '10', ''),
(300, 'MAWSH.95', 0, '20000', 'Digital X-Ray: Right Or Left Knee Joint', 120000, '052100000000', '', 'NO IGR', '10', ''),
(301, 'MAWSH.96', 0, '20000', 'Digital X-Ray: Bilateral Knee Ap/Lat', 240000, '052100000000', '', 'NO IGR', '10', ''),
(302, 'MAWSH.97', 0, '20000', 'Digital X-Ray: Tibia And Fibula Ap/Lat', 120000, '052100000000', '', 'NO IGR', '10', ''),
(303, 'MAWSH.98', 0, '20000', 'Digital X-Ray: Ankle Joint Ap/Lat', 120000, '052100000000', '', 'NO IGR', '10', ''),
(304, 'MAWSH.99', 0, '20000', 'Digital X-Ray: Both Ankle Joint', 240000, '052100000000', '', 'NO IGR', '10', ''),
(305, 'MAWSH.100', 0, '20000', 'Digital X-Ray: Calcaneous/Heel Bone', 120000, '052100000000', '', 'NO IGR', '10', ''),
(306, 'MAWSH.101', 0, '20000', 'Digital X-Ray: Toe Ap View', 120000, '052100000000', '', 'NO IGR', '10', ''),
(307, 'MAWSH.102', 0, '20000', 'Digital X-Ray: Barium Meal', 700000, '052100000000', '', 'NO IGR', '10', ''),
(308, 'MAWSH.103', 0, '20000', 'Digital X-Ray: Barium Swallow', 700000, '052100000000', '', 'NO IGR', '10', ''),
(309, 'MAWSH.104', 0, '20000', 'Digital X-Ray: Barium Meal And Follow/Through', 700000, '052100000000', '', 'NO IGR', '10', ''),
(310, 'MAWSH.105', 0, '20000', 'Digital X-Ray: Hystero-Salpingography', 700000, '052100000000', '', 'NO IGR', '10', ''),
(311, 'MAWSH.106', 0, '20000', 'Digital X-Ray: Intravenous Pyelography', 1500000, '052100000000', '', 'NO IGR', '10', ''),
(312, 'MAWSH.107', 0, '20000', 'Digital X-Ray: Fistulography', 700000, '052100000000', '', 'NO IGR', '10', ''),
(313, 'MAWSH.108', 0, '20000', 'Digital X-Ray: Retrograde Urethro (Rug)', 700000, '052100000000', '', 'NO IGR', '10', ''),
(314, 'MAWSH.109', 0, '20000', 'Digital X-Ray: Cyctography', 1500000, '052100000000', '', 'NO IGR', '10', ''),
(315, 'MAWSH.110', 0, '20000', 'Digital X-Ray: Oral-Cholecyctography', 600000, '052100000000', '', 'NO IGR', '10', ''),
(316, 'MAWSH.111', 0, '20000', 'Analog X-Ray: Paranasal Sinus (Pns)', 100000, '052100000000', '', 'NO IGR', '10', ''),
(317, 'MAWSH.112', 0, '20000', 'Analog X-Ray: Skull Ap View', 100000, '052100000000', '', 'NO IGR', '10', ''),
(318, 'MAWSH.113', 0, '20000', 'Analog X-Ray: Skull Ap And Lat', 200000, '052100000000', '', 'NO IGR', '10', ''),
(319, 'MAWSH.114', 0, '20000', 'Analog X-Ray: Mandible Ap View', 100000, '052100000000', '', 'NO IGR', '10', ''),
(320, 'MAWSH.115', 0, '20000', 'Analog X-Ray: Both Mandibles (L) Oblqs', 200000, '052100000000', '', 'NO IGR', '10', ''),
(321, 'MAWSH.116', 0, '20000', 'Analog X-Ray: Right (R) S And M', 100000, '052100000000', '', 'NO IGR', '10', ''),
(322, 'MAWSH.117', 0, '20000', 'Analog X-Ray: Left (L) S And M', 100000, '052100000000', '', 'NO IGR', '10', ''),
(323, 'MAWSH.118', 0, '20000', 'Analog X-Ray: Temporo-Mandibular Joint', 100000, '052100000000', '', 'NO IGR', '10', ''),
(324, 'MAWSH.119', 0, '20000', 'Analog X-Ray: Nasal Bones', 200000, '052100000000', '', 'NO IGR', '10', ''),
(325, 'MAWSH.120', 0, '20000', 'Analog X-Ray: Base Of Skull (Smv)', 100000, '052100000000', '', 'NO IGR', '10', ''),
(326, 'MAWSH.121', 0, '20000', 'Analog X-Ray: Cervical Spine Ap', 100000, '052100000000', '', 'NO IGR', '10', ''),
(327, 'MAWSH.122', 0, '20000', 'Analog X-Ray: Cervical Spine Ap & Lat', 200000, '052100000000', '', 'NO IGR', '10', ''),
(328, 'MAWSH.123', 0, '20000', 'Analog X-Ray: Cervico - Thoracic', 200000, '052100000000', '', 'NO IGR', '10', ''),
(329, 'MAWSH.124', 0, '20000', 'Analog X-Ray: Thoraco-Lumbar', 200000, '052100000000', '', 'NO IGR', '10', ''),
(330, 'MAWSH.125', 0, '20000', 'Analog X-Ray: Lumbo - Sacrae', 200000, '052100000000', '', 'NO IGR', '10', ''),
(331, 'MAWSH.126', 0, '20000', 'Analog X-Ray: Lumbar-Spine Ap View', 100000, '052100000000', '', 'NO IGR', '10', ''),
(332, 'MAWSH.127', 0, '20000', 'Analog X-Ray: Sacrum And Coccyx', 200000, '052100000000', '', 'NO IGR', '10', ''),
(333, 'MAWSH.128', 0, '20000', 'Analog X-Ray: Shoulder/Scapula Ap', 100000, '052100000000', '', 'NO IGR', '10', ''),
(334, 'MAWSH.129', 0, '20000', 'Analog X-Ray: Shoulder/Scapula Ap/Lat', 200000, '052100000000', '', 'NO IGR', '10', ''),
(335, 'MAWSH.130', 0, '20000', 'Analog X-Ray: Acromio-Clavicula Joint', 100000, '052100000000', '', 'NO IGR', '10', ''),
(336, 'MAWSH.131', 0, '20000', 'Analog X-Ray: Right (R) Clavicle', 100000, '052100000000', '', 'NO IGR', '10', ''),
(337, 'MAWSH.132', 0, '20000', 'Analog X-Ray: Left (L) Clavicle', 100000, '052100000000', '', 'NO IGR', '10', ''),
(338, 'MAWSH.133', 0, '20000', 'Analog X-Ray: Both Clavicles (Adult)', 200000, '052100000000', '', 'NO IGR', '10', ''),
(339, 'MAWSH.134', 0, '20000', 'Analog X-Ray: Noth Clavicles (Child)', 100000, '052100000000', '', 'NO IGR', '10', ''),
(340, 'MAWSH.135', 0, '20000', 'Analog X-Ray: Thoracic Inlet', 100000, '052100000000', '', 'NO IGR', '10', ''),
(341, 'MAWSH.136', 0, '20000', 'Analog X-Ray: Chest For Ribs Ap', 100000, '052100000000', '', 'NO IGR', '10', ''),
(342, 'MAWSH.137', 0, '20000', 'Analog X-Ray: Chest For Ribs Ap/Lat', 200000, '052100000000', '', 'NO IGR', '10', ''),
(343, 'MAWSH.138', 0, '20000', 'Analog X-Ray: Chest X-Ray Ap/Pa View', 100000, '052100000000', '', 'NO IGR', '10', ''),
(344, 'MAWSH.139', 0, '20000', 'Analog X-Ray: Chest X-Ray Ap/Lat', 200000, '052100000000', '', 'NO IGR', '10', ''),
(345, 'MAWSH.140', 0, '20000', 'Analog X-Ray: Plain Abdomen', 100000, '052100000000', '', 'NO IGR', '10', ''),
(346, 'MAWSH.141', 0, '20000', 'Analog X-Ray: Abdomen Erect/Supine', 200000, '052100000000', '', 'NO IGR', '10', ''),
(347, 'MAWSH.142', 0, '20000', 'Analog X-Ray: Humerus (Arm) Ap/Lat', 100000, '052100000000', '', 'NO IGR', '10', ''),
(348, 'MAWSH.143', 0, '20000', 'Analog X-Ray: Elbow Joint', 100000, '052100000000', '', 'NO IGR', '10', ''),
(349, 'MAWSH.144', 0, '20000', 'Analog X-Ray: Forearm (Radius And Ulna)', 100000, '052100000000', '', 'NO IGR', '10', ''),
(350, 'MAWSH.145', 0, '20000', 'Analog X-Ray: Wrist (Carpus) Ap/Lat)', 100000, '052100000000', '', 'NO IGR', '10', ''),
(351, 'MAWSH.146', 0, '20000', 'Analog X-Ray: Hand (Palm) Ap/Lat', 100000, '052100000000', '', 'NO IGR', '10', ''),
(352, 'MAWSH.147', 0, '20000', 'Analog X-Ray: Thumb Ap/Lat', 100000, '052100000000', '', 'NO IGR', '10', ''),
(353, 'MAWSH.148', 0, '20000', 'Analog X-Ray: Pelvis Ap View', 100000, '052100000000', '', 'NO IGR', '10', ''),
(354, 'MAWSH.149', 0, '20000', 'Analog X-Ray: Right (R) Hip Joint Ap/Lat', 100000, '052100000000', '', 'NO IGR', '10', ''),
(355, 'MAWSH.150', 0, '20000', 'Analog X-Ray: Left (L) Hip Joint Ap/Lat', 100000, '052100000000', '', 'NO IGR', '10', ''),
(356, 'MAWSH.151', 0, '20000', 'Analog X-Ray: Both Hips Ap/Lat', 100000, '052100000000', '', 'NO IGR', '10', ''),
(357, 'MAWSH.152', 0, '20000', 'Analog X-Ray: Both Hips Ap View', 300000, '052100000000', '', 'NO IGR', '10', ''),
(358, 'MAWSH.153', 0, '20000', 'Analog X-Ray: Femur (Thigh) Ap', 100000, '052100000000', '', 'NO IGR', '10', ''),
(359, 'MAWSH.154', 0, '20000', 'Analog X-Ray: Femur (Thigh) Ap/Lat', 200000, '052100000000', '', 'NO IGR', '10', ''),
(360, 'MAWSH.155', 0, '20000', 'Analog X-Ray: Right Or Left Knee Joint', 100000, '052100000000', '', 'NO IGR', '10', ''),
(361, 'MAWSH.156', 0, '20000', 'Analog X-Ray: Bilateral Knee Ap/Lat', 200000, '052100000000', '', 'NO IGR', '10', ''),
(362, 'MAWSH.157', 0, '20000', 'Analog X-Ray: Tibia And Fibula Ap/Lat', 100000, '052100000000', '', 'NO IGR', '10', ''),
(363, 'MAWSH.158', 0, '20000', 'Analog X-Ray: Ankle Joint Ap/Lat', 100000, '052100000000', '', 'NO IGR', '10', ''),
(364, 'MAWSH.159', 0, '20000', 'Analog X-Ray: Both Ankle Joint', 200000, '052100000000', '', 'NO IGR', '10', ''),
(365, 'MAWSH.160', 0, '20000', 'Analog X-Ray: Calcaneous/Heel Bone', 100000, '052100000000', '', 'NO IGR', '10', ''),
(366, 'MAWSH.161', 0, '20000', 'Analog X-Ray: Toe Ap View', 100000, '052100000000', '', 'NO IGR', '10', ''),
(367, 'MAWSH.162', 0, '20000', 'Analog X-Ray: Barium Meal', 600000, '052100000000', '', 'NO IGR', '10', ''),
(368, 'MAWSH.163', 0, '20000', 'Analog X-Ray: Barium Swallow', 600000, '052100000000', '', 'NO IGR', '10', ''),
(369, 'MAWSH.164', 0, '20000', 'Analog X-Ray: Barium Meal And Follow/Through', 600000, '052100000000', '', 'NO IGR', '10', ''),
(370, 'MAWSH.165', 0, '20000', 'Analog X-Ray: Hystero-Salpingography', 600000, '052100000000', '', 'NO IGR', '10', ''),
(371, 'MAWSH.166', 0, '20000', 'Analog X-Ray: Intravenous Pyelography', 1000000, '052100000000', '', 'NO IGR', '10', ''),
(372, 'MAWSH.167', 0, '20000', 'Analog X-Ray: Fistulography', 600000, '052100000000', '', 'NO IGR', '10', ''),
(373, 'MAWSH.168', 0, '20000', 'Analog X-Ray: Retrograde Urethrography (Rug)', 600000, '052100000000', '', 'NO IGR', '10', ''),
(374, 'MAWSH.169', 0, '20000', 'Analog X-Ray: Cyctography', 1000000, '052100000000', '', 'NO IGR', '10', ''),
(375, 'MAWSH.170', 0, '20000', 'Analog X-Ray: Oral-Cholecyctography', 0, '052100000000', '', 'NO IGR', '10', ''),
(376, 'MAWSH.171', 0, '20000', 'Analog X-Ray: Barium Enama', 1000000, '052100000000', '', 'NO IGR', '10', ''),
(377, 'MAWSH.172', 0, '20000', 'Analog X-Ray: Micturating Cholecyctography', 1000000, '052100000000', '', 'NO IGR', '10', ''),
(378, 'MAWSH.173', 0, '20000', 'Analog X-Ray: Ultrasound Examinations', 120000, '052100000000', '', 'NO IGR', '10', ''),
(379, 'MAWSH.174', 0, '20000', 'Analog X-Ray: . Echocardiography', 300000, '052100000000', '', 'NO IGR', '10', ''),
(380, 'MAWSH.175', 0, '20000', 'Surgery: Herniorraphy', 1500000, '052100000000', '', 'NO IGR', '10', ''),
(381, 'MAWSH.176', 0, '20000', 'Surgery: Herniorraphy With 6x11 Mesh', 2500000, '052100000000', '', 'NO IGR', '10', ''),
(382, 'MAWSH.177', 0, '20000', 'Surgery: Herniorraphy With 15x15 Mesh', 4000000, '052100000000', '', 'NO IGR', '10', ''),
(383, 'MAWSH.178', 0, '20000', 'Surgery: Laparatomy', 3000000, '052100000000', '', 'NO IGR', '10', ''),
(384, 'MAWSH.179', 0, '20000', 'Surgery: Lipoma Excision Under Ga', 1000000, '052100000000', '', 'NO IGR', '10', ''),
(385, 'MAWSH.180', 0, '20000', 'Surgery: Lipoma Excision Under La', 500000, '052100000000', '', 'NO IGR', '10', ''),
(386, 'MAWSH.181', 0, '20000', 'Surgery: Secondary Excision Under Ga', 1050000, '052100000000', '', 'NO IGR', '10', ''),
(387, 'MAWSH.182', 0, '20000', 'Surgery: Secondary Excision Under La', 500000, '052100000000', '', 'NO IGR', '10', ''),
(388, 'MAWSH.183', 0, '20000', 'Surgery: Appendectomy', 3000000, '052100000000', '', 'NO IGR', '10', ''),
(389, 'MAWSH.184', 0, '20000', 'Surgery: Excisional Biopsy', 1000000, '052100000000', '', 'NO IGR', '10', ''),
(390, 'MAWSH.185', 0, '20000', 'Surgery: Cauterization', 1000000, '052100000000', '', 'NO IGR', '10', ''),
(391, 'MAWSH.186', 0, '20000', 'Surgery: Haemorrhoidectomy', 2300000, '052100000000', '', 'NO IGR', '10', ''),
(392, 'MAWSH.187', 0, '20000', 'Surgery: Incisional Haem', 2500000, '052100000000', '', 'NO IGR', '10', ''),
(393, 'MAWSH.188', 0, '20000', 'Surgery: Hydrocelectomy', 2500000, '052100000000', '', 'NO IGR', '10', ''),
(394, 'MAWSH.189', 0, '20000', 'Surgery: Thyroidectomy', 3000000, '052100000000', '', 'NO IGR', '10', ''),
(395, 'MAWSH.190', 0, '20000', 'Surgery: Fistula In Ano', 2300000, '052100000000', '', 'NO IGR', '10', ''),
(396, 'MAWSH.191', 0, '20000', 'Surgery: Ganglion Resection', 500000, '052100000000', '', 'NO IGR', '10', ''),
(397, 'MAWSH.192', 0, '20000', 'Surgery: Gynaecomatia', 1000000, '052100000000', '', 'NO IGR', '10', ''),
(398, 'MAWSH.193', 0, '20000', 'Surgery: Manual Removal Ofplacenta', 1000000, '052100000000', '', 'NO IGR', '10', ''),
(399, 'MAWSH.194', 0, '20000', 'Surgery: Fused Labia', 300000, '052100000000', '', 'NO IGR', '10', ''),
(400, 'MAWSH.195', 0, '20000', 'Surgery: Cervical Erosion Cauterization', 1000000, '052100000000', '', 'NO IGR', '10', ''),
(401, 'MAWSH.196', 0, '20000', 'Surgery: Cervical Erosion Cauterization', 520000, '052100000000', '', 'NO IGR', '10', ''),
(402, 'MAWSH.197', 0, '20000', 'Surgery: Suturing', 150000, '052100000000', '', 'NO IGR', '10', ''),
(403, 'MAWSH.198', 0, '20000', 'Surgery: M.V.A.', 350000, '052100000000', '', 'NO IGR', '10', ''),
(404, 'MAWSH.199', 0, '20000', 'Surgery: Dressing', 500, '052100000000', '', 'NO IGR', '10', ''),
(405, 'MAWSH.200', 0, '20000', 'Theatre: Curcumcission', 0, '052100000000', '', 'NO IGR', '10', ''),
(406, 'MAWSH.201', 0, '20000', 'Theatre: A. Plain', 100000, '052100000000', '', 'NO IGR', '10', ''),
(407, 'MAWSH.202', 0, '20000', 'Theatre: B. Ring', 300000, '052100000000', '', 'NO IGR', '10', ''),
(408, 'MAWSH.203', 0, '20000', 'Theatre: Laceration', 0, '052100000000', '', 'NO IGR', '10', ''),
(409, 'MAWSH.204', 0, '20000', 'Theatre: A. Major', 200000, '052100000000', '', 'NO IGR', '10', ''),
(410, 'MAWSH.205', 0, '20000', 'Theatre: Minor', 100000, '052100000000', '', 'NO IGR', '10', ''),
(411, 'MAWSH.206', 0, '20000', 'Theatre: Minor Injury', 300, '052100000000', '', 'NO IGR', '10', ''),
(412, 'MAWSH.207', 0, '20000', 'Theatre: Tongue - Tie Release', 500, '052100000000', '', 'NO IGR', '10', ''),
(413, 'MAWSH.208', 0, '20000', 'Theatre: Removal Of Extra Digit', 0, '052100000000', '', 'NO IGR', '10', ''),
(414, 'MAWSH.209', 0, '20000', 'Theatre: A. Simple', 500, '052100000000', '', 'NO IGR', '10', ''),
(415, 'MAWSH.210', 0, '20000', 'Theatre: B. Double', 100000, '052100000000', '', 'NO IGR', '10', ''),
(416, 'MAWSH.211', 0, '20000', 'Theatre: I & D', 100000, '052100000000', '', 'NO IGR', '10', ''),
(417, 'MAWSH.212', 0, '20000', 'Dental: Tooth Extraction (Adult)', 200000, '052100000000', '', 'NO IGR', '10', ''),
(418, 'MAWSH.213', 0, '20000', 'Dental: Tooth Extraction (Paed)', 150000, '052100000000', '', 'NO IGR', '10', ''),
(419, 'MAWSH.214', 0, '20000', 'Dental: Operculectomy', 200000, '052100000000', '', 'NO IGR', '10', ''),
(420, 'MAWSH.215', 0, '20000', 'Dental: Excision Of Ept', 400000, '052100000000', '', 'NO IGR', '10', ''),
(421, 'MAWSH.216', 0, '20000', 'Dental: Temporary Filling', 100000, '052100000000', '', 'NO IGR', '10', ''),
(422, 'MAWSH.217', 0, '20000', 'Dental: Amalgam Filling', 300000, '052100000000', '', 'NO IGR', '10', ''),
(423, 'MAWSH.218', 0, '20000', 'Dental: Composite', 350000, '052100000000', '', 'NO IGR', '10', ''),
(424, 'MAWSH.219', 0, '20000', 'Dental: Gic Filling', 150000, '052100000000', '', 'NO IGR', '10', ''),
(425, 'MAWSH.220', 0, '20000', 'Dental: Root Canal Therapy (Post)', 1000000, '052100000000', '', 'NO IGR', '10', ''),
(426, 'MAWSH.221', 0, '20000', 'Dental: Root Canal Therapy (Ant)', 900000, '052100000000', '', 'NO IGR', '10', ''),
(427, 'MAWSH.222', 0, '20000', 'Dental: A And P', 200000, '052100000000', '', 'NO IGR', '10', ''),
(428, 'MAWSH.223', 0, '20000', 'Dental: Curattage', 200000, '052100000000', '', 'NO IGR', '10', ''),
(429, 'MAWSH.224', 0, '20000', 'Dental: Incision Biopsy', 400000, '052100000000', '', 'NO IGR', '10', ''),
(430, 'MAWSH.225', 0, '20000', 'Dental: Excision Biopsy', 500000, '052100000000', '', 'NO IGR', '10', ''),
(431, 'MAWSH.226', 0, '20000', 'Dental: Ddental Xray', 100000, '052100000000', '', 'NO IGR', '10', ''),
(432, 'MAWSH.227', 0, '20000', 'Eye: Cataract Surgery', 2000000, '052100000000', '', 'NO IGR', '10', ''),
(433, 'MAWSH.228', 0, '20000', 'Eye: Glaucoma Surgery', 2000000, '052100000000', '', 'NO IGR', '10', ''),
(434, 'MAWSH.229', 0, '20000', 'Eye: Pteryium', 350000, '052100000000', '', 'NO IGR', '10', ''),
(435, 'MAWSH.230', 0, '20000', 'Eye: Lid Surgery', 350000, '052100000000', '', 'NO IGR', '10', ''),
(436, 'MAWSH.231', 0, '20000', 'Eye: Lid Laceration', 250000, '052100000000', '', 'NO IGR', '10', ''),
(437, 'MAWSH.232', 0, '20000', 'Eye: Fibremy', 500, '052100000000', '', 'NO IGR', '10', ''),
(438, 'MAWSH.233', 0, '20000', 'Eye: Epilation', 200, '052100000000', '', 'NO IGR', '10', ''),
(439, 'MAWSH.234', 0, '20000', 'Eye: Chalazion Excision', 500, '052100000000', '', 'NO IGR', '10', ''),
(440, 'MAWSH.235', 0, '20000', 'Eye: Refraction', 500, '052100000000', '', 'NO IGR', '10', ''),
(441, 'MAWSH.236', 0, '20000', 'Ent: Ear Syringing (Child)', 300, '052100000000', '', 'NO IGR', '10', ''),
(442, 'MAWSH.237', 0, '20000', 'Ent: Ear Syringing (Adult)', 500, '052100000000', '', 'NO IGR', '10', ''),
(443, 'MAWSH.238', 0, '20000', 'Ent: Ear Dressing', 500, '052100000000', '', 'NO IGR', '10', ''),
(444, 'MAWSH.239', 0, '20000', 'Ent: Removal Of Foreign Body', 500, '052100000000', '', 'NO IGR', '10', ''),
(445, 'MAWSH.240', 0, '20000', 'Ent: Nasal Packing', 500, '052100000000', '', 'NO IGR', '10', ''),
(446, 'MAWSH.241', 0, '20000', 'Ent: Tonsillectomy', 3000000, '052100000000', '', 'NO IGR', '10', ''),
(447, 'MAWSH.242', 0, '20000', 'Ent: Anthromastoidectomy', 3000000, '052100000000', '', 'NO IGR', '10', ''),
(448, 'MAWSH.243', 0, '20000', 'Ent: Adenoidectomy', 3000000, '052100000000', '', 'NO IGR', '10', '');
INSERT INTO `account` (`id`, `head`, `balance`, `subhead`, `description`, `price`, `facilityId`, `billing_unit`, `igr`, `igr_percent`, `created_by`) VALUES
(449, 'MAWSH.244', 0, '20000', 'Ent: Cauterization', 0, '052100000000', '', 'NO IGR', '10', ''),
(450, 'MAWSH.245', 0, '20000', 'Ent: Nasal Turbinates', 3000000, '052100000000', '', 'NO IGR', '10', ''),
(451, 'MAWSH.246', 0, '20000', 'Ent: Basopharynx', 3000000, '052100000000', '', 'NO IGR', '10', ''),
(452, 'MAWSH.247', 0, '20000', 'Ent: Osler-Weber-Rendu Disease', 3000000, '052100000000', '', 'NO IGR', '10', ''),
(453, 'MAWSH.248', 0, '20000', 'Ent: Radical Anthromastoidectomy', 3000000, '052100000000', '', 'NO IGR', '10', ''),
(454, 'MAWSH.249', 0, '20000', 'Dialysis: 1st Session', 10000, '052100000000', '', 'NO IGR', '10', ''),
(455, 'MAWSH.250', 0, '20000', 'Dialysis: Subsequent Sessions', 600000, '052100000000', '', 'NO IGR', '10', ''),
(456, 'MAWSH.251', 0, '20000', 'Admission: Male Medical Ward', 0, '052100000000', '', 'NO IGR', '10', ''),
(457, 'MAWSH.252', 0, '20000', 'Admission: Private 2,3,5,6', 1800000, '052100000000', '', 'NO IGR', '10', ''),
(458, 'MAWSH.253', 0, '20000', 'Admission: Private 1 & 4', 2825000, '052100000000', '', 'NO IGR', '10', ''),
(459, 'MAWSH.254', 0, '20000', 'Admission: Private 1 & 4', 720000, '052100000000', '', 'NO IGR', '10', ''),
(460, 'MAWSH.255', 0, '20000', 'Admission: Male Surgical Ward', 3500000, '052100000000', '', 'NO IGR', '10', ''),
(461, 'MAWSH.256', 0, '20000', 'Admission: V. Vip Room', 2500000, '052100000000', '', 'NO IGR', '10', ''),
(462, 'MAWSH.257', 0, '20000', 'Admission: V.I.P. Room', 720000, '052100000000', '', 'NO IGR', '10', ''),
(463, 'MAWSH.258', 0, '20000', 'Admission: Two Bed Room', 560000, '052100000000', '', 'NO IGR', '10', ''),
(464, 'MAWSH.259', 0, '20000', 'Admission: General Room (Six Beds)', 560000, '052100000000', '', 'NO IGR', '10', ''),
(465, 'MAWSH.260', 0, '20000', 'Admission: Lying In Ward I', 0, '052100000000', '', 'NO IGR', '10', ''),
(466, 'MAWSH.261', 0, '20000', 'Admission: Three Bed Room', 560000, '052100000000', '', 'NO IGR', '10', ''),
(467, 'MAWSH.262', 0, '20000', 'Admission: Single Room', 720000, '052100000000', '', 'NO IGR', '10', ''),
(468, 'MAWSH.263', 0, '20000', 'Admission: Surgical Three Bed Room', 560000, '052100000000', '', 'NO IGR', '10', ''),
(469, 'MAWSH.264', 0, '20000', 'Admission: Lying In Ward Ii', 2820000, '052100000000', '', 'NO IGR', '10', ''),
(470, 'MAWSH.265', 0, '20000', 'Admission: Amenity Ward I & Ii', 2000000, '052100000000', '', 'NO IGR', '10', ''),
(471, 'MAWSH.266', 0, '20000', 'Admission: Amenity Ward Iii', 720000, '052100000000', '', 'NO IGR', '10', ''),
(472, 'MAWSH.267', 0, '20000', 'Admission: Ordinary Room', 720000, '052100000000', '', 'NO IGR', '10', ''),
(473, 'MAWSH.268', 0, '20000', 'Admission: Double Room', 560000, '052100000000', '', 'NO IGR', '10', ''),
(474, 'MAWSH.269', 0, '20000', 'Admission: General Room', 450000, '052100000000', '', 'NO IGR', '10', ''),
(475, 'MAWSH.270', 0, '20000', 'Admission: Nursery', 0, '052100000000', '', 'NO IGR', '10', ''),
(476, 'MAWSH.271', 0, '20000', 'Admission: Incubator N1,500.00', 150000, '052100000000', '', 'NO IGR', '10', ''),
(477, 'MAWSH.272', 0, '20000', 'Admission: Phototherapy N1,500.00', 150000, '052100000000', '', 'NO IGR', '10', ''),
(478, 'MAWSH.273', 0, '20000', 'Admission: Isolation Ward N3,850.00', 385000, '052100000000', '', 'NO IGR', '10', ''),
(479, 'MAWSH.274', 0, '20000', 'Admission: Private Room N7,200.00', 720000, '052100000000', '', 'NO IGR', '10', ''),
(480, 'MAWSH.275', 0, '20000', 'Admission: Accident And Emergency', 0, '052100000000', '', 'NO IGR', '10', ''),
(481, 'MAWSH.276', 0, '20000', 'Admission: Bed Space N800.00', 720000, '052100000000', '', 'NO IGR', '10', ''),
(482, 'MAWSH.277', 0, '20000', 'Admission: Labour Room', 0, '052100000000', '', 'NO IGR', '10', ''),
(483, 'MAWSH.278', 0, '20000', 'Admission: Booked Cases N5,200.00', 520000, '052100000000', '', 'NO IGR', '10', ''),
(484, 'MAWSH.279', 0, '20000', 'Admission: Unbooked Cases N7,200.00', 720000, '052100000000', '', 'NO IGR', '10', ''),
(485, 'MAWSH.280', 0, '20000', 'Admission: Paeditrics', 2500000, '052100000000', '', 'NO IGR', '10', ''),
(486, 'MAWSH.281', 0, '20000', 'Admission: Amenity', 720000, '052100000000', '', 'NO IGR', '10', ''),
(487, 'MAWSH.282', 0, '20000', 'Admission: Single Bed', 560000, '052100000000', '', 'NO IGR', '10', ''),
(488, 'MAWSH.283', 0, '20000', 'Admission: Two Bed Room', 450000, '052100000000', '', 'NO IGR', '10', ''),
(489, 'MAWSH.284', 0, '20000', 'Admission: Three Bed Room', 420000, '052100000000', '', 'NO IGR', '10', ''),
(490, 'MAWSH.285', 0, '20000', 'Admission: Four Bed Room', 420000, '052100000000', '', 'NO IGR', '10', ''),
(491, 'MAWSH.286', 0, '20000', 'Admission: Female Medical Ward', 0, '052100000000', '', 'NO IGR', '10', ''),
(492, 'MAWSH.287', 0, '20000', 'Admission: Fmw 1 & 2 N25,000.00', 2500000, '052100000000', '', 'NO IGR', '10', ''),
(493, 'MAWSH.288', 0, '20000', 'Admission: Fmw 2 N20,000.00', 2000000, '052100000000', '', 'NO IGR', '10', ''),
(494, 'MAWSH.289', 0, '20000', 'Admission: Single N7,200.00', 720000, '052100000000', '', 'NO IGR', '10', ''),
(495, 'MAWSH.290', 0, '20000', 'Admission: Double Two Bed N5,600.00/Bed', 560000, '052100000000', '', 'NO IGR', '10', ''),
(496, 'MAWSH.291', 0, '20000', 'Admission: Double Three Bed N4,500.00/Bed', 450000, '052100000000', '', 'NO IGR', '10', ''),
(497, 'MAWSH.292', 0, '20000', 'Admission: Eye Ward', 0, '052100000000', '', 'NO IGR', '10', ''),
(498, 'MAWSH.293', 0, '20000', 'Admission: Six Bed Room', 450000, '052100000000', '', 'NO IGR', '10', ''),
(499, 'MAWSH.294', 0, '20000', 'Admission: Other Charges', 0, '052100000000', '', 'NO IGR', '10', ''),
(500, 'MAWSH.295', 0, '20000', 'Admission: Card Fee', 300, '052100000000', '', 'NO IGR', '10', ''),
(501, 'MAWSH.296', 0, '20000', 'Admission: Case Folder N500.00', 500, '052100000000', '', 'NO IGR', '10', ''),
(502, 'MAWSH.297', 0, '20000', 'Admission: Medical Certificate', 100000, '052100000000', '', 'NO IGR', '10', ''),
(504, 'ZONE 6.1', 0, '20000', 'Phathology: Lft', 500, '052100000001', '', 'IGR', '10', ''),
(505, 'ZONE 6.2', 0, '20000', 'Phathology: Uric Acid', 300, '052100000001', '', 'IGR', '10', ''),
(506, 'ZONE 6.3', 0, '20000', 'Phathology: Fbs', 150, '052100000001', '', 'IGR', '10', ''),
(507, 'ZONE 6.4', 0, '20000', 'Phathology: Rbs', 150, '052100000001', '', 'IGR', '10', ''),
(508, 'ZONE 6.5', 0, '20000', 'Phathology: Post Praudial Blood Sugar (Ppbs)', 750, '052100000001', '', 'IGR', '10', ''),
(509, 'ZONE 6.6', 0, '20000', 'Phathology: Glucose Tolerence Test (Gtt)', 750, '052100000001', '', 'IGR', '10', ''),
(510, 'ZONE 6.7', 0, '20000', 'Phathology: Albumin', 300, '052100000001', '', 'IGR', '10', ''),
(511, 'ZONE 6.8', 0, '20000', 'Phathology: Cholestaral', 500, '052100000001', '', 'IGR', '10', ''),
(512, 'ZONE 6.9', 0, '20000', 'Phathology: P.T.', 250, '052100000001', '', 'IGR', '10', ''),
(513, 'ZONE 6.10', 0, '20000', 'Phathology: Serum Calcium', 400, '052100000001', '', 'IGR', '10', ''),
(514, 'ZONE 6.11', 0, '20000', 'Phathology: Serum Protein', 300, '052100000001', '', 'IGR', '10', ''),
(515, 'ZONE 6.12', 0, '20000', 'Phathology: Blood Transfusion, Screening Only', 1500, '052100000001', '', 'IGR', '10', ''),
(516, 'ZONE 6.13', 0, '20000', 'Phathology: Widal', 300, '052100000001', '', 'IGR', '10', ''),
(517, 'ZONE 6.14', 0, '20000', 'Phathology: Hbsag', 500, '052100000001', '', 'IGR', '10', ''),
(518, 'ZONE 6.15', 0, '20000', 'Phathology: Hcv', 500, '052100000001', '', 'IGR', '10', ''),
(519, 'ZONE 6.16', 0, '20000', 'Phathology: Syphilis', 400, '052100000001', '', 'IGR', '10', ''),
(520, 'ZONE 6.17', 0, '20000', 'Phathology: Rvdhiv Test', 1000, '052100000001', '', 'IGR', '10', ''),
(521, 'ZONE 6.18', 0, '20000', 'Phathology: Hb Genotype', 300, '052100000001', '', 'IGR', '10', ''),
(522, 'ZONE 6.19', 0, '20000', 'Phathology: Blood Grouping', 200, '052100000001', '', 'IGR', '10', ''),
(523, 'ZONE 6.20', 0, '20000', 'Phathology: Hiv With Certicate', 1500, '052100000001', '', 'IGR', '10', ''),
(524, 'ZONE 6.21', 0, '20000', 'Phathology: Fbc', 250, '052100000001', '', 'IGR', '10', ''),
(525, 'ZONE 6.22', 0, '20000', 'Phathology: Mp\'s', 150, '052100000001', '', 'IGR', '10', ''),
(526, 'ZONE 6.23', 0, '20000', 'Phathology: Esr', 150, '052100000001', '', 'IGR', '10', ''),
(527, 'ZONE 6.24', 0, '20000', 'Phathology: Pcv', 200, '052100000001', '', 'IGR', '10', ''),
(528, 'ZONE 6.25', 0, '20000', 'Phathology: Clotting Time', 400, '052100000001', '', 'IGR', '10', ''),
(529, 'ZONE 6.26', 0, '20000', 'Phathology: Urinalysis', 400, '052100000001', '', 'IGR', '10', ''),
(530, 'ZONE 6.27', 0, '20000', 'Phathology: Stoolmanalysis', 400, '052100000001', '', 'IGR', '10', ''),
(531, 'ZONE 6.28', 0, '20000', 'Phathology: Stool Occult Blood', 500, '052100000001', '', 'IGR', '10', ''),
(532, 'ZONE 6.29', 0, '20000', 'Phathology: Skin Snip', 500, '052100000001', '', 'IGR', '10', ''),
(533, 'ZONE 6.30', 0, '20000', 'Phathology: Ear Swab', 500, '052100000001', '', 'IGR', '10', ''),
(534, 'ZONE 6.31', 0, '20000', 'Phathology: Urine Mcs', 700, '052100000001', '', 'IGR', '10', ''),
(535, 'ZONE 6.32', 0, '20000', 'Phathology: Stool Mcs', 700, '052100000001', '', 'IGR', '10', ''),
(536, 'ZONE 6.33', 0, '20000', 'Phathology: Hvs Mcs', 700, '052100000001', '', 'IGR', '10', ''),
(537, 'ZONE 6.34', 0, '20000', 'Phathology: Semen Analysis', 700, '052100000001', '', 'IGR', '10', ''),
(538, 'ZONE 6.35', 0, '20000', 'Phathology: Semen Analysis', 700, '052100000001', '', 'IGR', '10', ''),
(539, 'ZONE 6.36', 0, '20000', 'Phathology: Semen Mcs', 700, '052100000001', '', 'IGR', '10', ''),
(540, 'ZONE 6.37', 0, '20000', 'Phathology: Afb X3', 500, '052100000001', '', 'IGR', '10', ''),
(541, 'ZONE 6.38', 0, '20000', 'Phathology: Sputum Mcs', 700, '052100000001', '', 'IGR', '10', ''),
(542, 'ZONE 6.39', 0, '20000', 'Phathology: Blood Mcs', 700, '052100000001', '', 'IGR', '10', ''),
(543, 'ZONE 6.40', 0, '20000', 'Phathology: Other Swab Mcs', 700, '052100000001', '', 'IGR', '10', ''),
(544, 'ZONE 6.41', 0, '20000', 'Phathology: Mountoux', 500, '052100000001', '', 'IGR', '10', ''),
(545, 'ZONE 6.42', 0, '20000', 'Phathology: Skin/Nail Scraping', 500, '052100000001', '', 'IGR', '10', ''),
(546, 'ZONE 6.43', 0, '20000', 'Phathology: Nasal Swab', 700, '052100000001', '', 'IGR', '10', ''),
(547, 'ZONE 6.44', 0, '20000', 'Phathology: Wound Swab M/C/S', 700, '052100000001', '', 'IGR', '10', ''),
(548, 'ZONE 6.45', 0, '20000', 'Phathology: Lipid Profile', 800, '052100000001', '', 'IGR', '10', ''),
(549, 'ZONE 6.46', 0, '20000', 'Radiology: Chest (Pa)', 1000, '052100000001', '', 'NO IGR', '10', ''),
(550, 'ZONE 6.47', 0, '20000', 'Radiology: Chest (Ap)', 1000, '052100000001', '', 'NO IGR', '10', ''),
(551, 'ZONE 6.48', 0, '20000', 'Radiology: Chest (Pa) Medical Examination N', 1000, '052100000001', '', 'NO IGR', '10', ''),
(552, 'ZONE 6.49', 0, '20000', 'Radiology: Thoracic Inlet', 1000, '052100000001', '', 'NO IGR', '10', ''),
(553, 'ZONE 6.50', 0, '20000', 'Radiology: Clavicle', 1000, '052100000001', '', 'NO IGR', '10', ''),
(554, 'ZONE 6.51', 0, '20000', 'Radiology: Abdomen (Kub)', 1000, '052100000001', '', 'NO IGR', '10', ''),
(555, 'ZONE 6.52', 0, '20000', 'Radiology: Abdomen, Erect - Supine', 1500, '052100000001', '', 'NO IGR', '10', ''),
(556, 'ZONE 6.53', 0, '20000', 'Radiology: Pelvic - Ap', 1000, '052100000001', '', 'NO IGR', '10', ''),
(557, 'ZONE 6.54', 0, '20000', 'Radiology: Pelvic And Both Lat Hips', 2000, '052100000001', '', 'NO IGR', '10', ''),
(558, 'ZONE 6.55', 0, '20000', 'Radiology: Lumbo Scral', 1500, '052100000001', '', 'NO IGR', '10', ''),
(559, 'ZONE 6.56', 0, '20000', 'Radiology: Thoraco Lumber', 1500, '052100000001', '', 'NO IGR', '10', ''),
(560, 'ZONE 6.57', 0, '20000', 'Radiology: Shoulder Jiont', 1000, '052100000001', '', 'NO IGR', '10', ''),
(561, 'ZONE 6.58', 0, '20000', 'Radiology: Femur (Ap Lat)', 1000, '052100000001', '', 'NO IGR', '10', ''),
(562, 'ZONE 6.59', 0, '20000', 'Radiology: Elbow', 1000, '052100000001', '', 'NO IGR', '10', ''),
(563, 'ZONE 6.60', 0, '20000', 'Radiology: Radius And Ulna', 1000, '052100000001', '', 'NO IGR', '10', ''),
(564, 'ZONE 6.61', 0, '20000', 'Radiology: Wrist', 800, '052100000001', '', 'NO IGR', '10', ''),
(565, 'ZONE 6.62', 0, '20000', 'Radiology: Hand And Finger', 800, '052100000001', '', 'NO IGR', '10', ''),
(566, 'ZONE 6.63', 0, '20000', 'Radiology: Hip One (Ap And Lat)', 1000, '052100000001', '', 'NO IGR', '10', ''),
(567, 'ZONE 6.64', 0, '20000', 'Radiology: Femur (Ap Lat)', 1000, '052100000001', '', 'NO IGR', '10', ''),
(568, 'ZONE 6.65', 0, '20000', 'Radiology: Knee Joint', 1000, '052100000001', '', 'NO IGR', '10', ''),
(569, 'ZONE 6.66', 0, '20000', 'Radiology: Tibia And Fibula', 1000, '052100000001', '', 'NO IGR', '10', ''),
(570, 'ZONE 6.67', 0, '20000', 'Radiology: Ankle Joint', 1000, '052100000001', '', 'NO IGR', '10', ''),
(571, 'ZONE 6.68', 0, '20000', 'Radiology: Foot (Ap And Obliquen)', 1000, '052100000001', '', 'NO IGR', '10', ''),
(572, 'ZONE 6.69', 0, '20000', 'Radiology: Skull (Ap And Lat)', 1000, '052100000001', '', 'NO IGR', '10', ''),
(573, 'ZONE 6.70', 0, '20000', 'X-Ray Of Head And Neck: Man Dible (Jaws)', 1500, '052100000001', '', 'NO IGR', '10', ''),
(574, 'ZONE 6.71', 0, '20000', 'X-Ray Of Head And Neck: Sinuses (All View)', 2000, '052100000001', '', 'NO IGR', '10', ''),
(575, 'ZONE 6.72', 0, '20000', 'X-Ray Of Head And Neck: Sinuses (One View)', 800, '052100000001', '', 'NO IGR', '10', ''),
(576, 'ZONE 6.73', 0, '20000', 'X-Ray Of Head And Neck: Tempromandibular (Jt)', 2000, '052100000001', '', 'NO IGR', '10', ''),
(577, 'ZONE 6.74', 0, '20000', 'X-Ray Of Head And Neck: Cervical (Ap And Lat)', 1500, '052100000001', '', 'NO IGR', '10', ''),
(578, 'ZONE 6.75', 0, '20000', 'X-Ray Of Head And Neck: Cervical Obliques', 1500, '052100000001', '', 'NO IGR', '10', ''),
(579, 'ZONE 6.76', 0, '20000', 'X-Ray Of Head And Neck: Mastiods', 1500, '052100000001', '', 'NO IGR', '10', ''),
(580, 'ZONE 6.77', 0, '20000', 'X-Ray Of Head And Neck: Post Natal Space', 800, '052100000001', '', 'NO IGR', '10', ''),
(581, 'ZONE 6.78', 0, '20000', 'X-Ray Of Head And Neck: Barum Swallow', 5000, '052100000001', '', 'NO IGR', '10', ''),
(582, 'ZONE 6.79', 0, '20000', 'Special Examination: Barrium Meal', 6000, '052100000001', '', 'NO IGR', '10', ''),
(583, 'ZONE 6.80', 0, '20000', 'Special Examination: Ba. Meal And F.T.', 7000, '052100000001', '', 'NO IGR', '10', ''),
(584, 'ZONE 6.81', 0, '20000', 'Special Examination: Barium Enema', 8000, '052100000001', '', 'NO IGR', '10', ''),
(585, 'ZONE 6.82', 0, '20000', 'Special Examination: Double Cont Ba. Ene', 8000, '052100000001', '', 'NO IGR', '10', ''),
(586, 'ZONE 6.83', 0, '20000', 'Special Examination: R.U.G.', 5000, '052100000001', '', 'NO IGR', '10', ''),
(587, 'ZONE 6.84', 0, '20000', 'Special Examination: I.V.U.', 8000, '052100000001', '', 'NO IGR', '10', ''),
(588, 'ZONE 6.85', 0, '20000', 'Special Examination: Cyctogram', 6000, '052100000001', '', 'NO IGR', '10', ''),
(589, 'ZONE 6.86', 0, '20000', 'Special Examination: Fistulograme', 4000, '052100000001', '', 'NO IGR', '10', ''),
(590, 'ZONE 6.87', 0, '20000', 'Special Examination: H.S.G.', 5000, '052100000001', '', 'NO IGR', '10', ''),
(591, 'ZONE 6.88', 0, '20000', 'Special Examination: Rug + Mcug', 9000, '052100000001', '', 'NO IGR', '10', ''),
(592, 'ZONE 6.89', 0, '20000', 'Special Examination: Echocardiology', 3000, '052100000001', '', 'NO IGR', '10', ''),
(593, 'ZONE 6.90', 0, '20000', 'Uss Services: Doppler Uss', 3000, '052100000001', '', 'NO IGR', '10', ''),
(594, 'ZONE 6.91', 0, '20000', 'Uss Services: Breast Uss', 2000, '052100000001', '', 'NO IGR', '10', ''),
(595, 'ZONE 6.92', 0, '20000', 'Uss Services: Thyoid', 2000, '052100000001', '', 'NO IGR', '10', ''),
(596, 'ZONE 6.93', 0, '20000', 'Uss Services: Small Partis Uss', 2000, '052100000001', '', 'NO IGR', '10', ''),
(597, 'ZONE 6.94', 0, '20000', 'Uss Services: Paediatrics Uss', 500, '052100000001', '', 'NO IGR', '10', ''),
(598, 'ZONE 6.95', 0, '20000', 'Uss Services: Gen. Abdo Uss', 1000, '052100000001', '', 'NO IGR', '10', ''),
(599, 'ZONE 6.96', 0, '20000', 'Uss Services: Obstetrics Uss', 1000, '052100000001', '', 'NO IGR', '10', ''),
(600, 'ZONE 6.97', 0, '20000', 'Uss Services: Obstetrics + 4d', 3000, '052100000001', '', 'NO IGR', '10', ''),
(601, 'ZONE 6.98', 0, '20000', 'Uss Services: Pelvics Uss', 1000, '052100000001', '', 'NO IGR', '10', ''),
(602, 'ZONE 6.99', 0, '20000', 'Uss Services: Renal Uss', 1000, '052100000001', '', 'NO IGR', '10', ''),
(603, 'ZONE 6.100', 0, '20000', 'Uss Services: Muscular/Skeletol', 2000, '052100000001', '', 'NO IGR', '10', ''),
(604, 'ZONE 6.102', 0, '20000', 'Gastrectomy', 10000, '052100000001', '', 'NO IGR', '10', ''),
(605, 'ZONE 6.103', 0, '20000', 'Cholelys Tectomy', 10000, '052100000001', '', 'NO IGR', '10', ''),
(606, 'ZONE 6.105', 0, '20000', 'Surgery: Mastectomy', 15000, '052100000001', '', 'NO IGR', '10', ''),
(607, 'ZONE 6.106', 0, '20000', 'Surgery: Thyroidectomy', 15000, '052100000001', '', 'NO IGR', '10', ''),
(608, 'ZONE 6.107', 0, '20000', 'Surgery: Colectomy', 15000, '052100000001', '', 'NO IGR', '10', ''),
(609, 'ZONE 6.108', 0, '20000', 'Surgery: Emergency Laparotomy', 15000, '052100000001', '', 'NO IGR', '10', ''),
(610, 'ZONE 6.109', 0, '20000', 'Surgery: Herinirraphy', 15000, '052100000001', '', 'NO IGR', '10', ''),
(611, 'ZONE 6.110', 0, '20000', 'Surgery: Lumpectomy', 15000, '052100000001', '', 'NO IGR', '10', ''),
(612, 'ZONE 6.111', 0, '20000', 'Surgery: Perianal Fissuretomy', 8000, '052100000001', '', 'NO IGR', '10', ''),
(613, 'ZONE 6.112', 0, '20000', 'Surgery: Emergencies', 8000, '052100000001', '', 'NO IGR', '10', ''),
(614, 'ZONE 6.113', 0, '20000', 'Surgery: Perineal Pull Through', 8000, '052100000001', '', 'NO IGR', '10', ''),
(615, 'ZONE 6.114', 0, '20000', 'Surgery: Release Of Contracture', 8000, '052100000001', '', 'NO IGR', '10', ''),
(616, 'ZONE 6.115', 0, '20000', 'Surgery: Herniotemy', 20000, '052100000001', '', 'NO IGR', '10', ''),
(617, 'ZONE 6.116', 0, '20000', 'Dental Clinic: Extraction For Adult (One Tooth)', 10000, '052100000001', '', 'NO IGR', '10', ''),
(618, 'ZONE 6.117', 0, '20000', 'Dental Clinic: Extraction For Adult (Two Tooth)', 6000, '052100000001', '', 'NO IGR', '10', ''),
(619, 'ZONE 6.118', 0, '20000', 'Dental Clinic: Extraction For Child (Each Tooth)', 1000, '052100000001', '', 'NO IGR', '10', ''),
(620, 'ZONE 6.119', 0, '20000', 'Dental Clinic: Extraction For Adult (Mobile Tooth)', 1000, '052100000001', '', 'NO IGR', '10', ''),
(621, 'ZONE 6.120', 0, '20000', 'Dental Clinic: Scaling And Polising', 2000, '052100000001', '', 'NO IGR', '10', ''),
(622, 'ZONE 6.121', 0, '20000', 'Dental Clinic: Composide Restoration', 4000, '052100000001', '', 'NO IGR', '10', ''),
(623, 'ZONE 6.122', 0, '20000', 'Dental Clinic: Root Canal Theraphy', 6000, '052100000001', '', 'NO IGR', '10', ''),
(624, 'ZONE 6.123', 0, '20000', 'Dental Clinic: Amagma Feeling', 3000, '052100000001', '', 'NO IGR', '10', ''),
(625, 'ZONE 6.124', 0, '20000', 'Dental Clinic: Temporary Feeling', 2000, '052100000001', '', 'NO IGR', '10', ''),
(626, 'ZONE 6.125', 0, '20000', 'Dental Clinic: Glass Lonmer Cement', 2000, '052100000001', '', 'NO IGR', '10', ''),
(627, 'ZONE 6.126', 0, '20000', 'Dental Clinic: Excision Biosphy', 5000, '052100000001', '', 'NO IGR', '10', ''),
(628, 'ZONE 6.127', 0, '20000', 'Dental Clinic: Incision Biosphy', 5000, '052100000001', '', 'NO IGR', '10', ''),
(629, 'ZONE 6.128', 0, '20000', 'Dental Clinic: Splintiny', 5000, '052100000001', '', 'NO IGR', '10', ''),
(630, 'ZONE 6.129', 0, '20000', 'Dental Clinic: Intermoralary Fixcation', 25000, '052100000001', '', 'NO IGR', '10', ''),
(631, 'ZONE 6.130', 0, '20000', 'Dental Clinic: Impacted Tooth', 3000, '052100000001', '', 'NO IGR', '10', ''),
(632, 'ZONE 6.131', 0, '20000', 'Dental Clinic: I & D (L.W.A.)', 6000, '052100000001', '', 'NO IGR', '10', ''),
(633, 'ZONE 6.132', 0, '20000', 'Dental Clinic: Dental Xray', 1000, '052100000001', '', 'NO IGR', '10', ''),
(634, 'ZONE 6.133', 0, '20000', 'Obstertic & Gynaecology: D & C', 5000, '052100000001', '', 'NO IGR', '10', ''),
(635, 'ZONE 6.134', 0, '20000', 'Obstertic & Gynaecology: Laparotomy', 5000, '052100000001', '', 'NO IGR', '10', ''),
(636, 'ZONE 6.136', 0, '20000', 'Obstertic & Gynaecology: Perinial', 2000, '052100000001', '', 'NO IGR', '10', ''),
(637, 'ZONE 6.137', 0, '20000', 'Obstertic & Gynaecology: Vaginal Tear', 2000, '052100000001', '', 'NO IGR', '10', ''),
(638, 'ZONE 6.138', 0, '20000', 'Obstertic & Gynaecology: Vulval Laceration', 5000, '052100000001', '', 'NO IGR', '10', ''),
(639, 'ZONE 6.139', 0, '20000', 'Obstertic & Gynaecology: Hydrotubation', 5000, '052100000001', '', 'NO IGR', '10', ''),
(640, 'ZONE 6.140', 0, '20000', 'Obstertic & Gynaecology: Batolinscyst', 5000, '052100000001', '', 'NO IGR', '10', ''),
(641, 'ZONE 6.141', 0, '20000', 'Obstertic & Gynaecology: E.U. A. Biopsy', 5000, '052100000001', '', 'NO IGR', '10', ''),
(642, 'ZONE 6.142', 0, '20000', 'Obstertic & Gynaecology: D & G Biopsy', 5000, '052100000001', '', 'NO IGR', '10', ''),
(643, 'ZONE 6.143', 0, '20000', 'Obstertic & Gynaecology: Cervicalm Laceration', 5000, '052100000001', '', 'NO IGR', '10', ''),
(644, 'ZONE 6.144', 0, '20000', 'Obstertic & Gynaecology: Laporoscophy', 5000, '052100000001', '', 'NO IGR', '10', ''),
(645, 'ZONE 6.145', 0, '20000', 'Obstertic & Gynaecology: Btl', 3000, '052100000001', '', 'NO IGR', '10', ''),
(646, 'ZONE 6.146', 0, '20000', 'Obstertic & Gynaecology: Lapartomy', 8000, '052100000001', '', 'NO IGR', '10', ''),
(647, 'ZONE 6.147', 0, '20000', 'Obstertic & Gynaecology: Hysterectomy', 7000, '052100000001', '', 'NO IGR', '10', ''),
(648, 'ZONE 6.148', 0, '20000', 'Obstertic & Gynaecology: Myomectomy', 15000, '052100000001', '', 'NO IGR', '10', ''),
(649, 'ZONE 6.149', 0, '20000', 'Obstertic & Gynaecology: Uterine/Cervical Polype', 15000, '052100000001', '', 'NO IGR', '10', ''),
(650, 'ZONE 6.150', 0, '20000', 'Obstertic & Gynaecology: Ant. Colphoraphy', 15000, '052100000001', '', 'NO IGR', '10', ''),
(651, 'ZONE 6.151', 0, '20000', 'Obstertic & Gynaecology: Prolapse', 15000, '052100000001', '', 'NO IGR', '10', ''),
(652, 'ZONE 6.152', 0, '20000', 'Obstertic & Gynaecology: Vaginal Hysterectomy', 15000, '052100000001', '', 'NO IGR', '10', ''),
(653, 'ZONE 6.153', 0, '20000', 'Ent: Tonsillectomy', 15000, '052100000001', '', 'NO IGR', '10', ''),
(654, 'ZONE 6.154', 0, '20000', 'Ent: Adenoidectomy', 15000, '052100000001', '', 'NO IGR', '10', ''),
(655, 'ZONE 6.155', 0, '20000', 'Ent: Adeno Tonsillectomy', 20000, '052100000001', '', 'NO IGR', '10', ''),
(656, 'ZONE 6.156', 0, '20000', 'Ent: Nasal Polypectomy', 20000, '052100000001', '', 'NO IGR', '10', ''),
(657, 'ZONE 6.157', 0, '20000', 'Ent: Aural Polypectomy', 15000, '052100000001', '', 'NO IGR', '10', ''),
(658, 'ZONE 6.158', 0, '20000', 'Ent: Mastidectomy', 30000, '052100000001', '', 'NO IGR', '10', ''),
(659, 'ZONE 6.159', 0, '20000', 'Ent: Foreign Body In The Oesoglapus', 20000, '052100000001', '', 'NO IGR', '10', ''),
(660, 'ZONE 6.160', 0, '20000', 'Ent: Foreign Body In The Airways', 20000, '052100000001', '', 'NO IGR', '10', ''),
(661, 'ZONE 6.161', 0, '20000', 'Ent: Tracheotomy', 20000, '052100000001', '', 'NO IGR', '10', ''),
(662, 'ZONE 6.162', 0, '20000', 'Ent: Ramua Excision', 20000, '052100000001', '', 'NO IGR', '10', ''),
(663, 'ZONE 6.163', 0, '20000', 'Ent: Repair Of Palatal Laceration', 15000, '052100000001', '', 'NO IGR', '10', ''),
(664, 'ZONE 6.164', 0, '20000', 'Ent: Intra Nasal Antrostomy', 20000, '052100000001', '', 'NO IGR', '10', ''),
(665, 'ZONE 6.165', 0, '20000', 'Ent: Eua + Biopsy', 20000, '052100000001', '', 'NO IGR', '10', ''),
(666, 'ZONE 6.166', 0, '20000', 'Ent: Thryriod Glonal Cyst Excision', 20000, '052100000001', '', 'NO IGR', '10', ''),
(667, 'ZONE 6.167', 0, '20000', 'Eye Clinic: Cataract', 10000, '052100000001', '', 'NO IGR', '10', ''),
(668, 'ZONE 6.168', 0, '20000', 'Eye Clinic: Trabeculectomy', 10000, '052100000001', '', 'NO IGR', '10', ''),
(669, 'ZONE 6.169', 0, '20000', 'Eye Clinic: Cornea Repair', 6000, '052100000001', '', 'NO IGR', '10', ''),
(670, 'ZONE 6.170', 0, '20000', 'Eye Clinic: Evisceration', 5000, '052100000001', '', 'NO IGR', '10', ''),
(671, 'ZONE 6.171', 0, '20000', 'Eye Clinic: Refraction', 500, '052100000001', '', 'NO IGR', '10', ''),
(672, 'ZONE 6.172', 0, '20000', 'Eye Clinic: Premetary', 1000, '052100000001', '', 'NO IGR', '10', ''),
(673, 'ZONE 6.173', 0, '20000', 'Eye Clinic: Entropicin Repair', 1000, '052100000001', '', 'NO IGR', '10', ''),
(674, 'ZONE 6.174', 0, '20000', 'Eye Clinic: Chalazion Excission', 400, '052100000001', '', 'NO IGR', '10', ''),
(675, 'ZONE 6.175', 0, '20000', 'Eye Clinic: Stle I & D', 400, '052100000001', '', 'NO IGR', '10', ''),
(676, 'ZONE 6.176', 0, '20000', 'Phathology : U/E/Cr', 800, '052100000001', '', 'NO IGR', '10', ''),
(677, 'ZONE 6.177', 0, '20000', 'Phathology : Lft', 500, '052100000001', '', 'NO IGR', '10', ''),
(678, 'ZONE 6.178', 0, '20000', 'Phathology : Uric Acid', 300, '052100000001', '', 'NO IGR', '10', ''),
(679, 'ZONE 6.179', 0, '20000', 'Phathology : Fbs', 150, '052100000001', '', 'NO IGR', '10', ''),
(680, 'ZONE 6.180', 0, '20000', 'Phathology : Rbs', 150, '052100000001', '', 'NO IGR', '10', ''),
(681, 'ZONE 6.181', 0, '20000', 'Phathology : Post Praud Al Blood Sugar (Ppbs)', 750, '052100000001', '', 'NO IGR', '10', ''),
(682, 'ZONE 6.182', 0, '20000', 'Phathology : Glucose Tolerence Test (Gtt)', 750, '052100000001', '', 'NO IGR', '10', ''),
(683, 'ZONE 6.183', 0, '20000', 'Phathology : Album N', 300, '052100000001', '', 'NO IGR', '10', ''),
(684, 'ZONE 6.184', 0, '20000', 'Phathology : Cholestaral', 500, '052100000001', '', 'NO IGR', '10', ''),
(685, 'ZONE 6.185', 0, '20000', 'Phathology : P T', 250, '052100000001', '', 'NO IGR', '10', ''),
(686, 'ZONE 6.186', 0, '20000', 'Phathology : Serum Calc Um', 400, '052100000001', '', 'NO IGR', '10', ''),
(687, 'ZONE 6.187', 0, '20000', 'Phathology : Serum Protein', 300, '052100000001', '', 'NO IGR', '10', ''),
(688, 'ZONE 6.188', 0, '20000', 'Phathology : Blood Transfusion Screen Ng Only', 1500, '052100000001', '', 'NO IGR', '10', ''),
(689, 'ZONE 6.189', 0, '20000', 'Phathology : W Dal', 300, '052100000001', '', 'NO IGR', '10', ''),
(690, 'ZONE 6.190', 0, '20000', 'Phathology : Hbsag', 500, '052100000001', '', 'NO IGR', '10', ''),
(691, 'ZONE 6.191', 0, '20000', 'Phathology : Hcv', 500, '052100000001', '', 'NO IGR', '10', ''),
(692, 'ZONE 6.192', 0, '20000', 'Phathology : Syphilis', 400, '052100000001', '', 'NO IGR', '10', ''),
(693, 'ZONE 6.193', 0, '20000', 'Phathology : Rvdhiv Test', 1000, '052100000001', '', 'NO IGR', '10', ''),
(694, 'ZONE 6.194', 0, '20000', 'Phathology : Hb Genotype', 300, '052100000001', '', 'NO IGR', '10', ''),
(695, 'ZONE 6.195', 0, '20000', 'Phathology : Blood Group Ng', 200, '052100000001', '', 'NO IGR', '10', ''),
(696, 'ZONE 6.196', 0, '20000', 'Phathology : H V W Th Certicate', 1500, '052100000001', '', 'NO IGR', '10', ''),
(697, 'ZONE 6.197', 0, '20000', 'Phathology : Fbc', 250, '052100000001', '', 'NO IGR', '10', ''),
(698, 'ZONE 6.198', 0, '20000', 'Phathology : Mp S', 150, '052100000001', '', 'NO IGR', '10', ''),
(699, 'ZONE 6.199', 0, '20000', 'Phathology : Esr', 150, '052100000001', '', 'NO IGR', '10', ''),
(700, 'ZONE 6.200', 0, '20000', 'Phathology : Pcv', 200, '052100000001', '', 'NO IGR', '10', ''),
(701, 'ZONE 6.201', 0, '20000', 'Phathology : Clotting Time', 400, '052100000001', '', 'NO IGR', '10', ''),
(702, 'ZONE 6.202', 0, '20000', 'Phathology : Urinalys S', 400, '052100000001', '', 'NO IGR', '10', ''),
(703, 'ZONE 6.203', 0, '20000', 'Phathology : Stoolmanalys S', 400, '052100000001', '', 'NO IGR', '10', ''),
(704, 'ZONE 6.204', 0, '20000', 'Phathology : Stool Occult Blood', 500, '052100000001', '', 'NO IGR', '10', ''),
(705, 'ZONE 6.205', 0, '20000', 'Phathology : Skin Sn P', 500, '052100000001', '', 'NO IGR', '10', ''),
(706, 'ZONE 6.206', 0, '20000', 'Phathology : Ear Swab', 500, '052100000001', '', 'NO IGR', '10', ''),
(707, 'ZONE 6.207', 0, '20000', 'Phathology : Urine Mcs', 700, '052100000001', '', 'NO IGR', '10', ''),
(708, 'ZONE 6.208', 0, '20000', 'Phathology : Stool Mcs', 700, '052100000001', '', 'NO IGR', '10', ''),
(709, 'ZONE 6.209', 0, '20000', 'Phathology : Hvs Mcs', 700, '052100000001', '', 'NO IGR', '10', ''),
(710, 'ZONE 6.210', 0, '20000', 'Phathology : Semen Analysis', 700, '052100000001', '', 'NO IGR', '10', ''),
(711, 'ZONE 6.211', 0, '20000', 'Phathology : Semen Mcs', 700, '052100000001', '', 'NO IGR', '10', ''),
(712, 'ZONE 6.212', 0, '20000', 'Phathology : Afb X3', 500, '052100000001', '', 'NO IGR', '10', ''),
(713, 'ZONE 6.213', 0, '20000', 'Phathology : Sputum Mcs', 700, '052100000001', '', 'NO IGR', '10', ''),
(714, 'ZONE 6.214', 0, '20000', 'Phathology : Blood Mcs', 700, '052100000001', '', 'NO IGR', '10', ''),
(715, 'ZONE 6.215', 0, '20000', 'Phathology : Other Swab Mcs', 700, '052100000001', '', 'NO IGR', '10', ''),
(716, 'ZONE 6.216', 0, '20000', 'Phathology : Mountoux', 500, '052100000001', '', 'NO IGR', '10', ''),
(717, 'ZONE 6.217', 0, '20000', 'Phathology : Skin/Na L Scraping', 500, '052100000001', '', 'NO IGR', '10', ''),
(718, 'ZONE 6.218', 0, '20000', 'Phathology : Nasal Swab', 700, '052100000001', '', 'NO IGR', '10', ''),
(719, 'ZONE 6.219', 0, '20000', 'Phathology : Wound Swab M/C/S', 700, '052100000001', '', 'NO IGR', '10', ''),
(720, 'ZONE 6.220', 0, '20000', 'Phathology : Lipid Prof Le', 800, '052100000001', '', 'NO IGR', '10', ''),
(721, 'ZONE 6.221', 0, '20000', 'Radiology: Truk X Raychest (Pa)', 1000, '052100000001', '', 'NO IGR', '10', ''),
(722, 'ZONE 6.222', 0, '20000', 'Radiology: Truk X Raychest (Ap)', 1000, '052100000001', '', 'NO IGR', '10', ''),
(723, 'ZONE 6.223', 0, '20000', 'Radiology: Truk X Raychest (Pa) Medical Examinat On', 1000, '052100000001', '', 'NO IGR', '10', ''),
(724, 'ZONE 6.224', 0, '20000', 'Radiology: Truk X Raythoracic Inlet', 1000, '052100000001', '', 'NO IGR', '10', ''),
(725, 'ZONE 6.225', 0, '20000', 'Radiology: Truk X Rayclavicle', 1000, '052100000001', '', 'NO IGR', '10', ''),
(726, 'ZONE 6.226', 0, '20000', 'Radiology: Truk X Rayabdomen (Kub)', 1000, '052100000001', '', 'NO IGR', '10', ''),
(727, 'ZONE 6.227', 0, '20000', 'Radiology: Truk X Rayabdomen Erect Sup Ne', 1500, '052100000001', '', 'NO IGR', '10', ''),
(728, 'ZONE 6.228', 0, '20000', 'Radiology: Truk X Raypelv C Ap', 1000, '052100000001', '', 'NO IGR', '10', ''),
(729, 'ZONE 6.229', 0, '20000', 'Radiology: Truk X Raypelv C And One Hip', 1500, '052100000001', '', 'NO IGR', '10', ''),
(730, 'ZONE 6.230', 0, '20000', 'Radiology: Truk X Raypelv C And Both Lat H Ps', 2000, '052100000001', '', 'NO IGR', '10', ''),
(731, 'ZONE 6.231', 0, '20000', 'Radiology: Truk X Raylumbo Scral', 1500, '052100000001', '', 'NO IGR', '10', ''),
(732, 'ZONE 6.232', 0, '20000', 'Radiology: Truk X Raythoraco Lumber', 1500, '052100000001', '', 'NO IGR', '10', ''),
(733, 'ZONE 6.233', 0, '20000', 'Radiologyshoulder J Ont', 1000, '052100000001', '', 'NO IGR', '10', ''),
(734, 'ZONE 6.234', 0, '20000', 'Radiology: Truk X Rayfemur (Ap Lat)', 1000, '052100000001', '', 'NO IGR', '10', ''),
(735, 'ZONE 6.235', 0, '20000', 'Radiology: Truk X Rayelbow', 1000, '052100000001', '', 'NO IGR', '10', ''),
(736, 'ZONE 6.236', 0, '20000', 'Radiology: Truk X Rayradius And Ulna', 1000, '052100000001', '', 'NO IGR', '10', ''),
(737, 'ZONE 6.237', 0, '20000', 'Radiology: Truk X Raywr St', 800, '052100000001', '', 'NO IGR', '10', ''),
(738, 'ZONE 6.238', 0, '20000', 'Radiology: Truk X Rayhand And F Nger', 800, '052100000001', '', 'NO IGR', '10', ''),
(739, 'ZONE 6.239', 0, '20000', 'X-Ray: H P One (Ap And Lat)', 1000, '052100000001', '', 'NO IGR', '10', ''),
(740, 'ZONE 6.240', 0, '20000', 'X-Ray: Femur (Ap Lat)', 1000, '052100000001', '', 'NO IGR', '10', ''),
(741, 'ZONE 6.241', 0, '20000', 'X-Ray: Knee Jo Nt', 1000, '052100000001', '', 'NO IGR', '10', ''),
(742, 'ZONE 6.242', 0, '20000', 'X-Ray: T B A And F Bula', 1000, '052100000001', '', 'NO IGR', '10', ''),
(743, 'ZONE 6.243', 0, '20000', 'X-Ray: Ankle Joint', 1000, '052100000001', '', 'NO IGR', '10', ''),
(744, 'ZONE 6.244', 0, '20000', 'X-Ray: Foot (Ap And Obliquen)', 1000, '052100000001', '', 'NO IGR', '10', ''),
(745, 'ZONE 6.245', 0, '20000', 'X-Ray: Skull (Ap And Lat)', 1000, '052100000001', '', 'NO IGR', '10', ''),
(746, 'ZONE 6.246', 0, '20000', 'X-Ray: Man D Ble (Jaws)', 1500, '052100000001', '', 'NO IGR', '10', ''),
(747, 'ZONE 6.247', 0, '20000', 'X-Ray: S Nuses (All V Ew)', 2000, '052100000001', '', 'NO IGR', '10', ''),
(748, 'ZONE 6.248', 0, '20000', 'X-Ray: S Nuses (One V Ew)', 80000, '052100000001', '', 'NO IGR', '10', ''),
(749, 'ZONE 6.249', 0, '20000', 'X-Ray: Tempromand Bular (Jt)', 2000, '052100000001', '', 'NO IGR', '10', ''),
(750, 'ZONE 6.250', 0, '20000', 'X-Ray: Cerv Cal (Ap And Lat)', 1500, '052100000001', '', 'NO IGR', '10', ''),
(751, 'ZONE 6.251', 0, '20000', 'X-Ray: Cerv Cal Obl Ques', 1500, '052100000001', '', 'NO IGR', '10', ''),
(752, 'ZONE 6.252', 0, '20000', 'X-Ray: Mast Ods', 1500, '052100000001', '', 'NO IGR', '10', ''),
(753, 'ZONE 6.253', 0, '20000', 'X-Ray: Post Natal Space', 800, '052100000001', '', 'NO IGR', '10', ''),
(754, 'ZONE 6.254', 0, '20000', 'Special Examination: Barum Swallow', 5000, '052100000001', '', 'NO IGR', '10', ''),
(755, 'ZONE 6.255', 0, '20000', 'Special Examination: Barr Um Meal', 6000, '052100000001', '', 'NO IGR', '10', ''),
(756, 'ZONE 6.256', 0, '20000', 'Special Examination: Ba Meal And F T', 7000, '052100000001', '', 'NO IGR', '10', ''),
(757, 'ZONE 6.257', 0, '20000', 'Special Examination: Bar Um Enema', 8000, '052100000001', '', 'NO IGR', '10', ''),
(758, 'ZONE 6.258', 0, '20000', 'Special Examination: Double Cont Ba Ene', 8000, '052100000001', '', 'NO IGR', '10', ''),
(759, 'ZONE 6.259', 0, '20000', 'Special Examination: R U G', 5000, '052100000001', '', 'NO IGR', '10', ''),
(760, 'ZONE 6.260', 0, '20000', 'Special Examination: I V U', 8000, '052100000001', '', 'NO IGR', '10', ''),
(761, 'ZONE 6.261', 0, '20000', 'Special Examination: Cyctogram', 6000, '052100000001', '', 'NO IGR', '10', ''),
(762, 'ZONE 6.262', 0, '20000', 'Special Examination: F Stulograme', 4000, '052100000001', '', 'NO IGR', '10', ''),
(763, 'ZONE 6.263', 0, '20000', 'Special Examination: H S G', 5000, '052100000001', '', 'NO IGR', '10', ''),
(764, 'ZONE 6.264', 0, '20000', 'Special Examination: Rug + Mcug', 9000, '052100000001', '', 'NO IGR', '10', ''),
(765, 'ZONE 6.265', 0, '20000', 'Uss Services: Echocardiology', 3000, '052100000001', '', 'NO IGR', '10', ''),
(766, 'ZONE 6.266', 0, '20000', 'Uss Services: Doppler Uss', 3000, '052100000001', '', 'NO IGR', '10', ''),
(767, 'ZONE 6.267', 0, '20000', 'Uss Services: Breast Uss', 2000, '052100000001', '', 'NO IGR', '10', ''),
(768, 'ZONE 6.268', 0, '20000', 'Uss Services: Thyo D', 2000, '052100000001', '', 'NO IGR', '10', ''),
(769, 'ZONE 6.269', 0, '20000', 'Uss Services: Small Partis Uss', 2000, '052100000001', '', 'NO IGR', '10', ''),
(770, 'ZONE 6.270', 0, '20000', 'Uss Services: Paediatr Cs Uss', 500, '052100000001', '', 'NO IGR', '10', ''),
(771, 'ZONE 6.271', 0, '20000', 'Uss Services: Gen Abdo Uss', 1000, '052100000001', '', 'NO IGR', '10', ''),
(772, 'ZONE 6.272', 0, '20000', 'Uss Services: Obstetr Cs Uss', 1000, '052100000001', '', 'NO IGR', '10', ''),
(773, 'ZONE 6.273', 0, '20000', 'Uss Services: Obstetr Cs + 4d', 3000, '052100000001', '', 'NO IGR', '10', ''),
(774, 'ZONE 6.274', 0, '20000', 'Uss Services: Pelv Cs Uss', 1000, '052100000001', '', 'NO IGR', '10', ''),
(775, 'ZONE 6.275', 0, '20000', 'Uss Services: Renal Uss', 1000, '052100000001', '', 'NO IGR', '10', ''),
(776, 'ZONE 6.276', 0, '20000', 'Uss Services: Muscular/Skeletol', 10000, '052100000001', '', 'NO IGR', '10', ''),
(778, '20202', 0, '20000', 'New service', 5000, '052100000000', 'Laboratory', 'NO IGR', '10', ''),
(780, '090', 0, '20000', 'Testese', 500, '052100000000', '7', 'IGR', '10', ''),
(781, '98344892893', 0, '20000', 'NewRev', 400, '052100000000', '7', 'IGR', '20', '');

-- --------------------------------------------------------

--
-- Table structure for table `account2`
--

CREATE TABLE `account2` (
  `head` varchar(100) CHARACTER SET latin1 COLLATE latin1_swedish_ci NOT NULL,
  `balance` int(11) DEFAULT NULL,
  `subhead` varchar(50) CHARACTER SET latin1 COLLATE latin1_swedish_ci DEFAULT NULL,
  `description` varchar(500) CHARACTER SET latin1 COLLATE latin1_swedish_ci DEFAULT NULL,
  `facilityId` varchar(50) CHARACTER SET latin1 COLLATE latin1_swedish_ci NOT NULL
) ENGINE=InnoDB DEFAULT CHARSET=utf8mb4 COLLATE=utf8mb4_general_ci;

--
-- Dumping data for table `account2`
--

INSERT INTO `account2` (`head`, `balance`, `subhead`, `description`, `facilityId`) VALUES
('10000', 0, '', 'Asymco Pharmac', '6c6af0c0-35ea-40d8-a928-b13a9766113a'),
('60001', 0, '60000', 'Returned Drugs', '6c6af0c0-35ea-40d8-a928-b13a9766113a');

-- --------------------------------------------------------

--
-- Table structure for table `account4`
--

CREATE TABLE `account4` (
  `head` varchar(100) NOT NULL,
  `balance` int(11) DEFAULT NULL,
  `subhead` varchar(50) DEFAULT NULL,
  `description` varchar(500) DEFAULT NULL,
  `facilityId` varchar(50) NOT NULL
) ENGINE=InnoDB DEFAULT CHARSET=latin1 COLLATE=latin1_swedish_ci;

-- --------------------------------------------------------

--
-- Table structure for table `account_asym_old`
--

CREATE TABLE `account_asym_old` (
  `head` varchar(100) CHARACTER SET latin1 COLLATE latin1_swedish_ci NOT NULL,
  `balance` int(11) DEFAULT NULL,
  `subhead` varchar(50) CHARACTER SET latin1 COLLATE latin1_swedish_ci DEFAULT NULL,
  `description` varchar(500) CHARACTER SET latin1 COLLATE latin1_swedish_ci DEFAULT NULL,
  `facilityId` varchar(50) CHARACTER SET latin1 COLLATE latin1_swedish_ci NOT NULL
) ENGINE=InnoDB DEFAULT CHARSET=utf8mb4 COLLATE=utf8mb4_general_ci;

--
-- Dumping data for table `account_asym_old`
--

INSERT INTO `account_asym_old` (`head`, `balance`, `subhead`, `description`, `facilityId`) VALUES
('10000', 0, '', 'Asymco Pharmac', '6c6af0c0-35ea-40d8-a928-b13a9766113a'),
('40001', 0, '40000', 'Drug Purchase', '6c6af0c0-35ea-40d8-a928-b13a9766113a');

-- --------------------------------------------------------

--
-- Table structure for table `account_entries`
--

CREATE TABLE `account_entries` (
  `id` int(11) NOT NULL,
  `acct` int(11) DEFAULT NULL,
  `dr` int(11) DEFAULT NULL,
  `cr` int(11) DEFAULT NULL,
  `description` varchar(100) NOT NULL,
  `reference_no` varchar(50) NOT NULL,
  `facilityId` varchar(50) NOT NULL,
  `createdAt` datetime DEFAULT current_timestamp(),
  `client_id` varchar(50) NOT NULL,
  `txn_status` varchar(50) NOT NULL,
  `quantity` int(11) NOT NULL,
  `mode_of_payment` varchar(20) DEFAULT NULL
) ENGINE=InnoDB DEFAULT CHARSET=utf8 COLLATE=utf8_general_ci;

--
-- Dumping data for table `account_entries`
--

INSERT INTO `account_entries` (`id`, `acct`, `dr`, `cr`, `description`, `reference_no`, `facilityId`, `createdAt`, `client_id`, `txn_status`, `quantity`, `mode_of_payment`) VALUES
(45, 5, 6000, 0, 'PCV', '241011105914', '1be0a9da-bff9-4ab6-a36c-edfd8ca88f1a', '2024-10-11 10:59:14', '5-1', 'completed', 0, NULL),
(59, 9, 9000, 0, 'Troponin-I', 'b198dffd-910c-4649-941d-c819d3ea96d9', '1be0a9da-bff9-4ab6-a36c-edfd8ca88f1a', '2025-01-27 01:15:42', '9-1', 'pending', 0, NULL),
(60, 9, 0, 9000, 'Troponin-I', 'b198dffd-910c-4649-941d-c819d3ea96d9', '1be0a9da-bff9-4ab6-a36c-edfd8ca88f1a', '2025-01-27 01:18:38', '9-1', 'pending', 0, NULL),
(90, 12, 0, 0, 'Deposit from account 12', '250131132819', '1be0a9da-bff9-4ab6-a36c-edfd8ca88f1a', '2025-01-31 01:28:19', '30', 'completed', 0, NULL),
(92, 11, 0, 0, 'Deposit from account 11', '250202151730', '1be0a9da-bff9-4ab6-a36c-edfd8ca88f1a', '2025-02-02 03:17:31', '29', 'completed', 0, NULL),
(93, 12, 0, 0, 'Deposit from account 12', '250202152115', '1be0a9da-bff9-4ab6-a36c-edfd8ca88f1a', '2025-02-02 03:21:16', '33', 'completed', 0, NULL),
(94, 13, 0, 0, 'Deposit from account 13', '250203103322', '1be0a9da-bff9-4ab6-a36c-edfd8ca88f1a', '2025-02-03 10:33:22', '34', 'completed', 0, NULL),
(95, 11, 0, 0, 'Deposit from account 11', '250203105128', '1be0a9da-bff9-4ab6-a36c-edfd8ca88f1a', '2025-02-03 10:51:28', '29', 'completed', 0, NULL),
(96, 12, 0, 0, 'Deposit from account 12', '250203105200', '1be0a9da-bff9-4ab6-a36c-edfd8ca88f1a', '2025-02-03 10:52:01', '36', 'completed', 0, NULL),
(97, 13, 0, 0, 'Deposit from account 13', '250203112952', '1be0a9da-bff9-4ab6-a36c-edfd8ca88f1a', '2025-02-03 11:29:52', '37', 'completed', 0, NULL),
(98, 11, 0, 0, 'Deposit from account 11', '250203133432', '1be0a9da-bff9-4ab6-a36c-edfd8ca88f1a', '2025-02-03 01:34:32', '29', 'completed', 0, NULL),
(99, 1, 0, 0, 'Deposit from account 1', '250203141345', '1be0a9da-bff9-4ab6-a36c-edfd8ca88f1a', '2025-02-03 02:13:45', '1', 'completed', 0, NULL),
(100, 2, 0, 0, 'Deposit from account 2', '250205105217', '1be0a9da-bff9-4ab6-a36c-edfd8ca88f1a', '2025-02-05 10:52:17', '40', 'completed', 0, NULL),
(101, 3, 0, 0, 'Deposit from account 3', '250205105704', '1be0a9da-bff9-4ab6-a36c-edfd8ca88f1a', '2025-02-05 10:57:04', '41', 'completed', 0, NULL),
(102, 1, 0, 0, 'Deposit from account 1', '250206190832', '052100000000', '2025-02-06 07:08:32', '1', 'completed', 0, NULL),
(103, 2, 0, 0, 'Deposit from account 2', '250206225953', '052100000000', '2025-02-06 10:59:53', '43', 'completed', 0, NULL),
(104, 3, 0, 0, 'Deposit from account 3', '250206231044', '052100000000', '2025-02-06 11:10:44', '44', 'completed', 0, NULL),
(105, 4, 0, 0, 'Deposit from account 4', '250206231626', '052100000000', '2025-02-06 11:16:26', '45', 'completed', 0, NULL),
(106, 5, 0, 0, 'Deposit from account 5', '250206232631', '052100000000', '2025-02-06 11:26:31', '46', 'completed', 0, NULL),
(107, 6, 0, 0, 'Deposit from account 6', '25020711140', '052100000000', '2025-02-07 01:11:40', '47', 'completed', 0, NULL),
(108, 7, 0, 0, 'Deposit from account 7', '25020723257', '052100000000', '2025-02-07 02:32:57', '48', 'completed', 0, NULL),
(109, 8, 0, 0, 'Deposit from account 8', '25020723447', '052100000000', '2025-02-07 02:34:47', '49', 'completed', 0, NULL),
(110, 9, 0, 0, 'Deposit from account 9', '25020723954', '052100000000', '2025-02-07 02:39:54', '50', 'completed', 0, NULL),
(111, 10, 0, 0, 'Deposit from account 10', '25020724105', '052100000000', '2025-02-07 02:41:05', '51', 'completed', 0, NULL),
(112, 11, 0, 0, 'Deposit from account 11', '25020724158', '052100000000', '2025-02-07 02:41:58', '52', 'completed', 0, NULL),
(113, 12, 0, 0, 'Deposit from account 12', '25020724413', '052100000000', '2025-02-07 02:44:13', '53', 'completed', 0, NULL),
(114, 1, 0, 0, 'Deposit from account 1', '25020775346', '052100000001', '2025-02-07 07:53:46', '1', 'completed', 0, NULL),
(115, 4, 0, 0, 'Deposit from account 4', '250207101441', '1be0a9da-bff9-4ab6-a36c-edfd8ca88f1a', '2025-02-07 10:14:41', '42', 'completed', 0, NULL),
(116, 5, 0, 0, 'Deposit from account 5', '250207111600', '1be0a9da-bff9-4ab6-a36c-edfd8ca88f1a', '2025-02-07 11:16:00', '56', 'completed', 0, NULL),
(117, 13, 0, 0, 'Deposit from account 13', '250207121530', '052100000000', '2025-02-07 12:15:31', '54', 'completed', 0, NULL),
(118, 14, 0, 0, 'Deposit from account 14', '250207121723', '052100000000', '2025-02-07 12:17:23', '58', 'completed', 0, NULL),
(119, 15, 0, 0, 'Deposit from account 15', '250207122703', '052100000000', '2025-02-07 12:27:03', '59', 'completed', 0, NULL),
(120, 16, 0, 0, 'Deposit from account 16', '250207150835', '052100000000', '2025-02-07 03:08:35', '60', 'completed', 0, NULL),
(121, 17, 0, 0, 'Deposit from account 17', '250207171008', '052100000000', '2025-02-07 05:10:08', '61', 'completed', 0, NULL),
(122, 18, 0, 0, 'Deposit from account 18', '250207172846', '052100000000', '2025-02-07 05:28:46', '62', 'completed', 0, NULL),
(123, 19, 0, 0, 'Deposit from account 19', '250207180952', '052100000000', '2025-02-07 06:09:52', '63', 'completed', 0, NULL);

-- --------------------------------------------------------

--
-- Table structure for table `account_entries_bkp`
--

CREATE TABLE `account_entries_bkp` (
  `id` int(11) NOT NULL DEFAULT 0,
  `acct` int(11) DEFAULT NULL,
  `dr` int(11) DEFAULT NULL,
  `cr` int(11) DEFAULT NULL,
  `description` varchar(100) CHARACTER SET utf8 COLLATE utf8_general_ci NOT NULL,
  `reference_no` varchar(50) CHARACTER SET utf8 COLLATE utf8_general_ci NOT NULL,
  `facilityId` varchar(50) CHARACTER SET utf8 COLLATE utf8_general_ci NOT NULL,
  `createdAt` datetime DEFAULT current_timestamp(),
  `client_id` varchar(50) CHARACTER SET utf8 COLLATE utf8_general_ci NOT NULL,
  `txn_status` varchar(50) CHARACTER SET utf8 COLLATE utf8_general_ci NOT NULL,
  `quantity` int(11) NOT NULL,
  `mode_of_payment` varchar(20) CHARACTER SET utf8 COLLATE utf8_general_ci DEFAULT NULL
) ENGINE=InnoDB DEFAULT CHARSET=utf8mb4 COLLATE=utf8mb4_general_ci;

-- --------------------------------------------------------

--
-- Table structure for table `account_opt`
--

CREATE TABLE `account_opt` (
  `head` varchar(100) CHARACTER SET latin1 COLLATE latin1_swedish_ci NOT NULL,
  `balance` int(11) DEFAULT NULL,
  `subhead` varchar(50) CHARACTER SET latin1 COLLATE latin1_swedish_ci DEFAULT NULL,
  `description` varchar(500) CHARACTER SET latin1 COLLATE latin1_swedish_ci DEFAULT NULL,
  `facilityId` varchar(50) CHARACTER SET latin1 COLLATE latin1_swedish_ci NOT NULL
) ENGINE=InnoDB DEFAULT CHARSET=utf8mb4 COLLATE=utf8mb4_general_ci;

--
-- Dumping data for table `account_opt`
--

INSERT INTO `account_opt` (`head`, `balance`, `subhead`, `description`, `facilityId`) VALUES
('500021', 0, '50002', 'Payables', '966a89f6-05d8-4564-b319-2f8863821e75');

-- --------------------------------------------------------

--
-- Table structure for table `account_type`
--

CREATE TABLE `account_type` (
  `code` int(11) NOT NULL,
  `Category` varchar(40) NOT NULL
) ENGINE=MyISAM DEFAULT CHARSET=latin1 COLLATE=latin1_swedish_ci;

--
-- Dumping data for table `account_type`
--

INSERT INTO `account_type` (`code`, `Category`) VALUES
(1, 'Expenditure'),
(2, 'Revenue'),
(3, 'Assets'),
(4, 'Liability');

-- --------------------------------------------------------

--
-- Table structure for table `account_ubec`
--

CREATE TABLE `account_ubec` (
  `head` varchar(100) CHARACTER SET latin1 COLLATE latin1_swedish_ci NOT NULL,
  `balance` int(11) DEFAULT NULL,
  `subhead` varchar(50) CHARACTER SET latin1 COLLATE latin1_swedish_ci DEFAULT NULL,
  `description` varchar(500) CHARACTER SET latin1 COLLATE latin1_swedish_ci DEFAULT NULL,
  `price` int(11) DEFAULT NULL,
  `facilityId` varchar(50) CHARACTER SET latin1 COLLATE latin1_swedish_ci NOT NULL
) ENGINE=InnoDB DEFAULT CHARSET=utf8mb4 COLLATE=utf8mb4_general_ci;

--
-- Dumping data for table `account_ubec`
--

INSERT INTO `account_ubec` (`head`, `balance`, `subhead`, `description`, `price`, `facilityId`) VALUES
('10000', 0, '', 'UBEC', NULL, '1be0a9da-bff9-4ab6-a36c-edfd8ca88f1a');

-- --------------------------------------------------------

--
-- Table structure for table `appconfig`
--

CREATE TABLE `appconfig` (
  `appName` varchar(30) NOT NULL
) ENGINE=MyISAM DEFAULT CHARSET=latin1 COLLATE=latin1_swedish_ci;

-- --------------------------------------------------------

--
-- Table structure for table `appointment`
--

CREATE TABLE `appointment` (
  `id` int(11) NOT NULL,
  `user_id` varchar(20) DEFAULT NULL,
  `patientId` varchar(20) DEFAULT NULL,
  `patient_name` varchar(70) DEFAULT NULL,
  `appointmentType` varchar(40) DEFAULT NULL,
  `location` varchar(80) DEFAULT NULL,
  `notes` varchar(100) DEFAULT NULL,
  `start_at` datetime NOT NULL DEFAULT current_timestamp(),
  `end_at` datetime NOT NULL DEFAULT current_timestamp(),
  `facilityId` varchar(60) DEFAULT NULL
) ENGINE=InnoDB DEFAULT CHARSET=utf8mb4 COLLATE=utf8mb4_general_ci;

--
-- Dumping data for table `appointment`
--

INSERT INTO `appointment` (`id`, `user_id`, `patientId`, `patient_name`, `appointmentType`, `location`, `notes`, `start_at`, `end_at`, `facilityId`) VALUES
(8, '818', '7392-1', 'Ming Yang Ming', 'Follow up', '', '', '2022-12-19 07:30:00', '2022-12-19 07:30:00', '1be0a9da-bff9-4ab6-a36c-edfd8ca88f1a'),
(9, '11', '6263-1', 'Yahaya Hotoro Habib', 'Follow up', '19 lamido crescent', 'follow-up', '2022-12-28 12:00:00', '2022-12-28 12:00:00', '1be0a9da-bff9-4ab6-a36c-edfd8ca88f1a'),
(11, '850', '7452-1', 'Okoli Caroline', 'Follow up', '', '', '2023-07-17 02:00:00', '2023-07-17 02:00:00', '1be0a9da-bff9-4ab6-a36c-edfd8ca88f1a'),
(12, '850', '10256-2', 'Zubair Hamida', 'Follow up', '', 'To see with CXR, FBC+Diff and ESR results', '2024-03-12 03:30:24', '2024-03-12 03:30:24', '1be0a9da-bff9-4ab6-a36c-edfd8ca88f1a');

-- --------------------------------------------------------

--
-- Table structure for table `asset_schedule`
--

CREATE TABLE `asset_schedule` (
  `code` int(11) NOT NULL,
  `description` varchar(100) NOT NULL,
  `cost` int(11) NOT NULL,
  `rate` int(11) NOT NULL,
  `daily_rate` int(11) NOT NULL,
  `purchase_date` date NOT NULL,
  `end_date` date NOT NULL,
  `deduction_date` date DEFAULT NULL,
  `percentage_rate` int(11) NOT NULL,
  `nbv_yearly` int(11) NOT NULL,
  `depreciation` varchar(50) NOT NULL,
  `amortization` varchar(50) NOT NULL,
  `years` int(11) NOT NULL,
  `nbv_monthly` int(11) NOT NULL,
  `created_at` timestamp NOT NULL DEFAULT current_timestamp(),
  `created_by` varchar(50) NOT NULL,
  `facilityId` varchar(50) NOT NULL
) ENGINE=InnoDB DEFAULT CHARSET=latin1 COLLATE=latin1_swedish_ci;

--
-- Dumping data for table `asset_schedule`
--

INSERT INTO `asset_schedule` (`code`, `description`, `cost`, `rate`, `daily_rate`, `purchase_date`, `end_date`, `deduction_date`, `percentage_rate`, `nbv_yearly`, `depreciation`, `amortization`, `years`, `nbv_monthly`, `created_at`, `created_by`, `facilityId`) VALUES
(30004, 'Office Complex', 3000000, 750000, 750000, '2020-10-08', '2024-10-08', NULL, 25, 3000000, '5', '', 5, 250000, '2020-10-08 14:51:35', 'admin', '966a89f6-05d8-4564-b319-2f8863821e75'),
(30005, 'MRI Machine', 50000000, 10000000, 10000000, '2020-10-08', '2025-10-08', NULL, 20, 50000000, '6', '', 6, 4166667, '2020-10-08 14:59:53', 'admin', '966a89f6-05d8-4564-b319-2f8863821e75'),
(30006, 'Toyota HILUX Emergency Vehicle', 12000000, 2400000, 2400000, '2020-10-08', '2025-10-08', NULL, 20, 12000000, '6', '', 6, 1000000, '2020-10-08 20:46:46', 'admin', '966a89f6-05d8-4564-b319-2f8863821e75'),
(400016, 'Toyota HILUX Emergency Vehicle', 400000, 80000, 80000, '2020-10-09', '2025-10-09', NULL, 20, 400000, '6', '', 6, 33333, '2020-10-09 14:24:20', 'admin', '966a89f6-05d8-4564-b319-2f8863821e75'),
(400014, 'Land', 1000000, 200000, 200000, '2020-10-10', '2025-10-10', NULL, 20, 1000000, '6', '', 6, 83333, '2020-10-10 18:08:48', 'admin', '966a89f6-05d8-4564-b319-2f8863821e75'),
(400014, 'Land', 1000000, 200000, 200000, '2020-10-11', '2025-10-11', NULL, 20, 1000000, '6', '', 6, 83333, '2020-10-11 10:17:05', 'admin', '966a89f6-05d8-4564-b319-2f8863821e75'),
(400014, 'Land', 6000000, 1200000, 1200000, '2020-10-11', '2025-10-11', NULL, 20, 6000000, '6', '', 6, 500000, '2020-10-11 12:01:43', 'admin', '966a89f6-05d8-4564-b319-2f8863821e75'),
(400012, 'Laptop', 120000, 30000, 30000, '2020-11-29', '2024-11-29', NULL, 25, 120000, '5', '', 5, 10000, '2020-11-29 15:04:44', 'bits', '121bb692-9a44-472f-b396-b68ebf798b30');

-- --------------------------------------------------------

--
-- Table structure for table `assignpatient`
--

CREATE TABLE `assignpatient` (
  `diagDate` date NOT NULL,
  `patientNo` varchar(50) NOT NULL,
  `seenBy` varchar(50) NOT NULL
) ENGINE=InnoDB DEFAULT CHARSET=latin1 COLLATE=latin1_swedish_ci;

-- --------------------------------------------------------

--
-- Table structure for table `audit_trail`
--

CREATE TABLE `audit_trail` (
  `facilityId` varchar(50) NOT NULL,
  `id` int(11) NOT NULL DEFAULT 0,
  `drug_name` varchar(100) NOT NULL,
  `supplier_name` varchar(100) DEFAULT NULL,
  `new_supplier_name` varchar(50) NOT NULL,
  `old_dispensary_balance` int(11) NOT NULL,
  `new_dispensary_balance` int(11) NOT NULL,
  `old_markup` int(11) NOT NULL,
  `new_markup` int(11) NOT NULL,
  `updated_by` varchar(50) NOT NULL,
  `deleted_by` varchar(50) NOT NULL,
  `source_table` varchar(50) NOT NULL,
  `created_at` timestamp NOT NULL DEFAULT current_timestamp()
) ENGINE=InnoDB DEFAULT CHARSET=latin1 COLLATE=latin1_swedish_ci;

--
-- Dumping data for table `audit_trail`
--

INSERT INTO `audit_trail` (`facilityId`, `id`, `drug_name`, `supplier_name`, `new_supplier_name`, `old_dispensary_balance`, `new_dispensary_balance`, `old_markup`, `new_markup`, `updated_by`, `deleted_by`, `source_table`, `created_at`) VALUES
('1be0a9da-bff9-4ab6-a36c-edfd8ca88f1a', 0, 'amatem', NULL, '', 200, 196, 100, 100, 'abdurrahman', '', 'drugpurchaserecords', '2021-09-19 04:33:53'),
('1be0a9da-bff9-4ab6-a36c-edfd8ca88f1a', 0, 'amatem', NULL, '', 196, 190, 100, 100, 'abdurrahman', '', 'drugpurchaserecords', '2021-09-19 06:36:50'),
('1be0a9da-bff9-4ab6-a36c-edfd8ca88f1a', 0, 'amatem', NULL, '', 190, 186, 100, 100, 'abdurrahman', '', 'drugpurchaserecords', '2021-09-19 08:25:13'),
('1be0a9da-bff9-4ab6-a36c-edfd8ca88f1a', 0, 'Tabs Levofloxacin', NULL, '', 20, 20, 50, 30, 'abdurrahman', '', 'drugpurchaserecords', '2021-10-01 13:40:28'),
('1be0a9da-bff9-4ab6-a36c-edfd8ca88f1a', 0, 'Ceftriaxone', NULL, '', 10, 10, 1, 10, 'abdurrahman', '', 'drugpurchaserecords', '2021-10-01 13:43:04'),
('1be0a9da-bff9-4ab6-a36c-edfd8ca88f1a', 0, 'Ceftriaxone', NULL, '', 10, 10, 10, 200, 'abdurrahman', '', 'drugpurchaserecords', '2021-10-01 13:43:46'),
('1be0a9da-bff9-4ab6-a36c-edfd8ca88f1a', 0, 'Rocephin', NULL, '', 10, 10, 100, 1000, 'abdurrahman', '', 'drugpurchaserecords', '2021-10-01 13:44:23'),
('1be0a9da-bff9-4ab6-a36c-edfd8ca88f1a', 0, 'Tandak', NULL, '', 11, 10, 0, 500, 'abdurrahman', '', 'drugpurchaserecords', '2021-10-01 13:45:29'),
('1be0a9da-bff9-4ab6-a36c-edfd8ca88f1a', 0, 'Tandak', NULL, '', 10, 10, 500, 1000, 'abdurrahman', '', 'drugpurchaserecords', '2021-10-01 13:48:01'),
('1be0a9da-bff9-4ab6-a36c-edfd8ca88f1a', 0, 'Rocephin', NULL, '', 10, 0, 1000, 1000, 'abdurrahman', '', 'drugpurchaserecords', '2021-10-01 13:48:50'),
('1be0a9da-bff9-4ab6-a36c-edfd8ca88f1a', 0, 'Ceftriaxone', NULL, '', 10, 40, 200, 200, 'abdurrahman', '', 'drugpurchaserecords', '2021-10-01 13:48:50'),
('1be0a9da-bff9-4ab6-a36c-edfd8ca88f1a', 0, 'Zoxon', NULL, '', 40, 80, 200, 200, 'abdurrahman', '', 'drugpurchaserecords', '2021-10-01 13:51:49'),
('1be0a9da-bff9-4ab6-a36c-edfd8ca88f1a', 0, 'Zoxon', NULL, '', 80, 40, 200, 200, 'abdurrahman', '', 'drugpurchaserecords', '2021-10-01 13:52:59'),
('1be0a9da-bff9-4ab6-a36c-edfd8ca88f1a', 0, 'Ceftriaxone', NULL, '', 40, 0, 200, 200, 'abdurrahman', '', 'drugpurchaserecords', '2021-10-01 13:53:17'),
('1be0a9da-bff9-4ab6-a36c-edfd8ca88f1a', 0, 'IM Diclofenac', NULL, '', 11, 90, 10, 10, 'abdurrahman', '', 'drugpurchaserecords', '2021-10-01 14:59:52'),
('1be0a9da-bff9-4ab6-a36c-edfd8ca88f1a', 0, 'IM Diclofenac', NULL, '', 90, 210, 10, 10, 'abdurrahman', '', 'drugpurchaserecords', '2021-10-01 15:02:44'),
('1be0a9da-bff9-4ab6-a36c-edfd8ca88f1a', 0, 'IM Diclofenac', NULL, '', 210, 210, 10, 50, 'abdurrahman', '', 'drugpurchaserecords', '2021-10-01 15:03:08'),
('1be0a9da-bff9-4ab6-a36c-edfd8ca88f1a', 0, 'Relcer', NULL, '', 11, 1, 0, 0, 'abdurrahman', '', 'drugpurchaserecords', '2021-10-01 18:02:14'),
('1be0a9da-bff9-4ab6-a36c-edfd8ca88f1a', 0, 'Lonart', NULL, '', 11, 1, 0, 0, 'abdurrahman', '', 'drugpurchaserecords', '2021-10-01 18:04:31'),
('1be0a9da-bff9-4ab6-a36c-edfd8ca88f1a', 0, 'Lonart', NULL, '', 1, 0, 0, 0, 'abdurrahman', '', 'drugpurchaserecords', '2021-10-01 18:05:23'),
('1be0a9da-bff9-4ab6-a36c-edfd8ca88f1a', 0, 'Lonart', NULL, '', 0, 11, 0, 0, 'abdurrahman', '', 'drugpurchaserecords', '2021-10-01 18:10:15'),
('1be0a9da-bff9-4ab6-a36c-edfd8ca88f1a', 0, 'Lisinopril', NULL, '', 11, 5, 0, 0, 'abdurrahman', '', 'drugpurchaserecords', '2021-10-01 18:10:15'),
('1be0a9da-bff9-4ab6-a36c-edfd8ca88f1a', 0, 'Telmisartan', NULL, '', 22, 3, 0, 0, 'abdurrahman', '', 'drugpurchaserecords', '2021-10-01 18:19:40'),
('1be0a9da-bff9-4ab6-a36c-edfd8ca88f1a', 0, 'Inflanil', NULL, '', 11, 10, 0, 0, 'abdurrahman', '', 'drugpurchaserecords', '2021-10-01 18:25:01'),
('1be0a9da-bff9-4ab6-a36c-edfd8ca88f1a', 0, 'Ibuprofen', NULL, '', 11, 48, 0, 0, 'abdurrahman', '', 'drugpurchaserecords', '2021-10-01 18:38:59'),
('1be0a9da-bff9-4ab6-a36c-edfd8ca88f1a', 0, 'Chymoral', NULL, '', 11, 30, 0, 0, 'abdurrahman', '', 'drugpurchaserecords', '2021-10-01 19:03:50'),
('1be0a9da-bff9-4ab6-a36c-edfd8ca88f1a', 0, 'Doxycycline', NULL, '', 22, 100, 0, 0, 'abdurrahman', '', 'drugpurchaserecords', '2021-10-02 09:02:03'),
('1be0a9da-bff9-4ab6-a36c-edfd8ca88f1a', 0, 'Clarithomycin', NULL, '', 11, 10, 0, 0, 'abdurrahman', '', 'drugpurchaserecords', '2021-10-02 09:06:48'),
('1be0a9da-bff9-4ab6-a36c-edfd8ca88f1a', 0, 'Zolat', NULL, '', 48, 48, 0, 100, 'Abdulrauf', '', 'drugpurchaserecords', '2021-10-02 16:25:42'),
('1be0a9da-bff9-4ab6-a36c-edfd8ca88f1a', 0, 'Relcer', NULL, '', 1, 1, 0, 100, 'abdurrahman', '', 'drugpurchaserecords', '2021-10-02 16:29:15'),
('1be0a9da-bff9-4ab6-a36c-edfd8ca88f1a', 0, 'Liquid Paraffin', NULL, '', 11, 7, 0, 0, 'abdurrahman', '', 'drugpurchaserecords', '2021-10-02 17:07:51'),
('1be0a9da-bff9-4ab6-a36c-edfd8ca88f1a', 0, 'Paracetamol syrup', NULL, '', 4, 10, 0, 0, 'Abdulrauf', '', 'drugpurchaserecords', '2021-10-03 09:17:05'),
('1be0a9da-bff9-4ab6-a36c-edfd8ca88f1a', 0, 'Amoxycillin', NULL, '', 11, 0, 0, 0, 'abdurrahman', '', 'drugpurchaserecords', '2021-10-03 09:33:14'),
('1be0a9da-bff9-4ab6-a36c-edfd8ca88f1a', 0, 'Rabeprazole', NULL, '', 11, 5, 0, 0, 'abdurrahman', '', 'drugpurchaserecords', '2021-10-03 10:37:04'),
('1be0a9da-bff9-4ab6-a36c-edfd8ca88f1a', 0, 'Meronem', NULL, '', 11, 5, 0, 0, 'abdurrahman', '', 'drugpurchaserecords', '2021-10-03 10:42:46'),
('1be0a9da-bff9-4ab6-a36c-edfd8ca88f1a', 0, 'Omeprazole', NULL, '', 11, 35, 0, 0, 'abdurrahman', '', 'drugpurchaserecords', '2021-10-03 10:45:38'),
('1be0a9da-bff9-4ab6-a36c-edfd8ca88f1a', 0, 'Frusemide', NULL, '', 50, 8, 50, 50, 'Abdulrauf', '', 'drugpurchaserecords', '2021-10-03 10:48:20'),
('1be0a9da-bff9-4ab6-a36c-edfd8ca88f1a', 0, 'Frusemide', NULL, '', 8, 8, 50, 0, 'Abdulrauf', '', 'drugpurchaserecords', '2021-10-03 10:48:38'),
('1be0a9da-bff9-4ab6-a36c-edfd8ca88f1a', 0, 'Artesunate IM/IV', NULL, '', 70, 50, 0, 0, 'Abdulrauf', '', 'drugpurchaserecords', '2021-10-03 10:55:13'),
('1be0a9da-bff9-4ab6-a36c-edfd8ca88f1a', 0, 'Vitamin C', NULL, '', 1, 7, 0, 0, 'abdurrahman', '', 'drugpurchaserecords', '2021-10-03 10:56:53'),
('1be0a9da-bff9-4ab6-a36c-edfd8ca88f1a', 0, 'Swab Stick', NULL, '', 100, 38, 0, 0, 'Abdulrauf', '', 'drugpurchaserecords', '2021-10-03 11:08:26'),
('1be0a9da-bff9-4ab6-a36c-edfd8ca88f1a', 0, 'Vitamin E caps', NULL, '', 7, 9, 0, 0, 'Abdulrauf', '', 'drugpurchaserecords', '2021-10-03 11:13:18'),
('1be0a9da-bff9-4ab6-a36c-edfd8ca88f1a', 0, 'Actifed', NULL, '', 8, 10, 0, 0, 'Abdulrauf', '', 'drugpurchaserecords', '2021-10-03 11:14:37'),
('1be0a9da-bff9-4ab6-a36c-edfd8ca88f1a', 0, 'Panadol caplets', NULL, '', 20, 60, 0, 0, 'Abdulrauf', '', 'drugpurchaserecords', '2021-10-03 11:18:01'),
('1be0a9da-bff9-4ab6-a36c-edfd8ca88f1a', 0, 'Neurovite', NULL, '', 11, 10, 0, 0, 'abdurrahman', '', 'drugpurchaserecords', '2021-10-03 11:22:02'),
('1be0a9da-bff9-4ab6-a36c-edfd8ca88f1a', 0, 'Fesolate', NULL, '', 11, 2, 0, 0, 'abdurrahman', '', 'drugpurchaserecords', '2021-10-03 11:29:46'),
('1be0a9da-bff9-4ab6-a36c-edfd8ca88f1a', 0, 'Flotac', NULL, '', 4, 2, 0, 0, 'Abdulrauf', '', 'drugpurchaserecords', '2021-10-03 13:37:15'),
('1be0a9da-bff9-4ab6-a36c-edfd8ca88f1a', 0, 'Full Strength Darrows', NULL, '', 11, 11, 0, 900, 'abdurrahman', '', 'drugpurchaserecords', '2021-10-05 10:11:27'),
('1be0a9da-bff9-4ab6-a36c-edfd8ca88f1a', 0, '1/2 Strength Darrows', NULL, '', 11, 11, 0, 900, 'abdurrahman', '', 'drugpurchaserecords', '2021-10-05 10:11:27'),
('1be0a9da-bff9-4ab6-a36c-edfd8ca88f1a', 0, 'Eproxen', NULL, '', 22, 22, 50, 1000, 'abdurrahman', '', 'drugpurchaserecords', '2021-10-05 11:44:25'),
('1be0a9da-bff9-4ab6-a36c-edfd8ca88f1a', 0, 'Cefpodoxime', NULL, '', 11, 10, 0, 0, 'abdurrahman', '', 'drugpurchaserecords', '2021-10-06 11:36:42'),
('1be0a9da-bff9-4ab6-a36c-edfd8ca88f1a', 0, 'Menthodex', NULL, '', 10, 9, 0, 0, 'abdurrahman', '', 'drugpurchaserecords', '2021-10-06 11:36:42'),
('1be0a9da-bff9-4ab6-a36c-edfd8ca88f1a', 0, 'Panadol caplets', NULL, '', 60, 57, 0, 0, 'Abdulrauf', '', 'drugpurchaserecords', '2021-10-06 11:36:42'),
('1be0a9da-bff9-4ab6-a36c-edfd8ca88f1a', 0, 'Lonart', NULL, '', 11, 10, 0, 0, 'abdurrahman', '', 'drugpurchaserecords', '2021-10-06 11:36:42'),
('1be0a9da-bff9-4ab6-a36c-edfd8ca88f1a', 0, 'Azithromycin tab 500mg', NULL, '', 6, 5, 0, 0, 'Abdulrauf', '', 'drugpurchaserecords', '2021-10-06 11:36:42'),
('1be0a9da-bff9-4ab6-a36c-edfd8ca88f1a', 0, 'Cefpodoxime', NULL, '', 10, 9, 0, 0, 'abdurrahman', '', 'drugpurchaserecords', '2021-10-06 11:39:02'),
('1be0a9da-bff9-4ab6-a36c-edfd8ca88f1a', 0, 'Panadol caplets', NULL, '', 57, 54, 0, 0, 'Abdulrauf', '', 'drugpurchaserecords', '2021-10-06 11:39:02'),
('1be0a9da-bff9-4ab6-a36c-edfd8ca88f1a', 0, 'Menthodex', NULL, '', 9, 8, 0, 0, 'abdurrahman', '', 'drugpurchaserecords', '2021-10-06 11:39:02'),
('1be0a9da-bff9-4ab6-a36c-edfd8ca88f1a', 0, 'Azithromycin', NULL, '', 10, 9, 10, 10, 'abdurrahman', '', 'drugpurchaserecords', '2021-10-06 11:39:02'),
('1be0a9da-bff9-4ab6-a36c-edfd8ca88f1a', 0, 'Lonart', NULL, '', 10, 9, 0, 0, 'abdurrahman', '', 'drugpurchaserecords', '2021-10-06 11:39:02'),
('1be0a9da-bff9-4ab6-a36c-edfd8ca88f1a', 0, 'Panadol caplets', NULL, '', 54, 53, 0, 0, 'Abdulrauf', '', 'drugpurchaserecords', '2021-10-06 11:45:44'),
('1be0a9da-bff9-4ab6-a36c-edfd8ca88f1a', 0, 'Cefpodoxime', NULL, '', 9, 8, 0, 0, 'abdurrahman', '', 'drugpurchaserecords', '2021-10-06 11:45:44'),
('1be0a9da-bff9-4ab6-a36c-edfd8ca88f1a', 0, 'Azithromycin', NULL, '', 9, 8, 10, 10, 'abdurrahman', '', 'drugpurchaserecords', '2021-10-06 11:45:44'),
('1be0a9da-bff9-4ab6-a36c-edfd8ca88f1a', 0, 'Menthodex', NULL, '', 8, 7, 0, 0, 'abdurrahman', '', 'drugpurchaserecords', '2021-10-06 11:45:45'),
('1be0a9da-bff9-4ab6-a36c-edfd8ca88f1a', 0, 'Clindamycin', NULL, '', 11, 0, 0, 0, 'abdurrahman', '', 'drugpurchaserecords', '2021-10-06 12:39:11'),
('1be0a9da-bff9-4ab6-a36c-edfd8ca88f1a', 0, 'Tabs Levofloxacin', NULL, '', 20, 20, 30, 1150, 'abdurrahman', '', 'drugpurchaserecords', '2021-10-07 10:36:41'),
('1be0a9da-bff9-4ab6-a36c-edfd8ca88f1a', 0, 'Tabs Dalcin C', NULL, '', 20, 20, 100, 500, 'abdurrahman', '', 'drugpurchaserecords', '2021-10-07 10:37:28'),
('1be0a9da-bff9-4ab6-a36c-edfd8ca88f1a', 0, 'Vitamin C', NULL, '', 7, 7, 0, 80, 'abdurrahman', '', 'drugpurchaserecords', '2021-10-07 10:38:38'),
('1be0a9da-bff9-4ab6-a36c-edfd8ca88f1a', 0, 'Pregabalin', NULL, '', 10, 10, 10, 900, 'abdurrahman', '', 'drugpurchaserecords', '2021-10-07 10:39:25'),
('1be0a9da-bff9-4ab6-a36c-edfd8ca88f1a', 0, 'Ciproxamed tab', NULL, '', 30, 30, 0, 700, 'Abdulrauf', '', 'drugpurchaserecords', '2021-10-07 10:39:50'),
('1be0a9da-bff9-4ab6-a36c-edfd8ca88f1a', 0, 'Calcimax', NULL, '', 11, 11, 0, 1000, 'abdurrahman', '', 'drugpurchaserecords', '2021-10-07 10:40:41'),
('1be0a9da-bff9-4ab6-a36c-edfd8ca88f1a', 0, 'Calcium Sandoz', NULL, '', 11, 11, 0, 600, 'abdurrahman', '', 'drugpurchaserecords', '2021-10-07 10:41:15'),
('1be0a9da-bff9-4ab6-a36c-edfd8ca88f1a', 0, 'Actifed', NULL, '', 10, 10, 0, 700, 'Abdulrauf', '', 'drugpurchaserecords', '2021-10-07 10:42:08'),
('1be0a9da-bff9-4ab6-a36c-edfd8ca88f1a', 0, 'Paracetamol syrup', NULL, '', 10, 10, 0, 350, 'Abdulrauf', '', 'drugpurchaserecords', '2021-10-07 10:43:03'),
('1be0a9da-bff9-4ab6-a36c-edfd8ca88f1a', 0, 'Inflanil', NULL, '', 10, 10, 0, 500, 'abdurrahman', '', 'drugpurchaserecords', '2021-10-07 10:43:35'),
('1be0a9da-bff9-4ab6-a36c-edfd8ca88f1a', 0, 'Loratadine syrup ', NULL, '', 13, 13, 0, 200, 'Abdulrauf', '', 'drugpurchaserecords', '2021-10-07 10:43:55'),
('1be0a9da-bff9-4ab6-a36c-edfd8ca88f1a', 0, 'Cefpodoxime tab', NULL, '', 8, 8, 0, 500, 'Abdulrauf', '', 'drugpurchaserecords', '2021-10-07 10:44:54'),
('1be0a9da-bff9-4ab6-a36c-edfd8ca88f1a', 0, 'Cefpodoxime susp', NULL, '', 10, 10, 0, 500, 'Abdulrauf', '', 'drugpurchaserecords', '2021-10-07 10:46:32'),
('1be0a9da-bff9-4ab6-a36c-edfd8ca88f1a', 0, 'Vitamin E caps', NULL, '', 9, 9, 0, 400, 'Abdulrauf', '', 'drugpurchaserecords', '2021-10-07 10:47:08'),
('1be0a9da-bff9-4ab6-a36c-edfd8ca88f1a', 0, 'Adrenaline inj 1mg', NULL, '', 10, 10, 0, 200, 'Abdulrauf', '', 'drugpurchaserecords', '2021-10-07 10:47:51'),
('1be0a9da-bff9-4ab6-a36c-edfd8ca88f1a', 0, 'Liquid Paraffin', NULL, '', 7, 7, 0, 900, 'abdurrahman', '', 'drugpurchaserecords', '2021-10-07 10:49:48'),
('1be0a9da-bff9-4ab6-a36c-edfd8ca88f1a', 0, 'Adrenaline inj 1mg', NULL, '', 10, 10, 200, 0, 'Abdulrauf', '', 'drugpurchaserecords', '2021-10-07 10:49:50'),
('1be0a9da-bff9-4ab6-a36c-edfd8ca88f1a', 0, 'Liquid Paraffin', NULL, '', 7, 7, 900, 200, 'abdurrahman', '', 'drugpurchaserecords', '2021-10-07 10:50:04'),
('1be0a9da-bff9-4ab6-a36c-edfd8ca88f1a', 0, 'hydrocortisone ', NULL, '', 2, 2, 0, 360, 'Abdulrauf', '', 'drugpurchaserecords', '2021-10-07 10:50:32'),
('1be0a9da-bff9-4ab6-a36c-edfd8ca88f1a', 0, 'Augmentin', NULL, '', 10, 10, 0, 600, 'abdurrahman', '', 'drugpurchaserecords', '2021-10-07 10:51:04'),
('1be0a9da-bff9-4ab6-a36c-edfd8ca88f1a', 0, 'Zoxon', NULL, '', 40, 40, 200, 1900, 'abdurrahman', '', 'drugpurchaserecords', '2021-10-07 10:51:43'),
('1be0a9da-bff9-4ab6-a36c-edfd8ca88f1a', 0, 'Amlodiphine tabs', NULL, '', 2, 2, 0, 350, 'Abdulrauf', '', 'drugpurchaserecords', '2021-10-07 10:52:29'),
('1be0a9da-bff9-4ab6-a36c-edfd8ca88f1a', 0, 'Dopamine inj', NULL, '', 1, 1, 0, 250, 'Abdulrauf', '', 'drugpurchaserecords', '2021-10-07 10:52:57'),
('1be0a9da-bff9-4ab6-a36c-edfd8ca88f1a', 0, 'Meronem', NULL, '', 5, 5, 0, 2000, 'abdurrahman', '', 'drugpurchaserecords', '2021-10-07 10:53:39'),
('1be0a9da-bff9-4ab6-a36c-edfd8ca88f1a', 0, 'Clindamycin inj', NULL, '', 6, 6, 0, 700, 'Abdulrauf', '', 'drugpurchaserecords', '2021-10-07 10:54:07'),
('1be0a9da-bff9-4ab6-a36c-edfd8ca88f1a', 0, 'Rocephin inj', NULL, '', 1, 1, 0, 1000, 'Abdulrauf', '', 'drugpurchaserecords', '2021-10-07 10:54:43'),
('1be0a9da-bff9-4ab6-a36c-edfd8ca88f1a', 0, 'Rabeprazole', NULL, '', 5, 5, 0, 1150, 'abdurrahman', '', 'drugpurchaserecords', '2021-10-07 10:55:39'),
('1be0a9da-bff9-4ab6-a36c-edfd8ca88f1a', 0, 'Omeprazole caps', NULL, '', 12, 12, 0, 600, 'Abdulrauf', '', 'drugpurchaserecords', '2021-10-07 10:56:36'),
('1be0a9da-bff9-4ab6-a36c-edfd8ca88f1a', 0, 'Omeprazole IM/IV', NULL, '', 10, 10, 0, 950, 'Abdulrauf', '', 'drugpurchaserecords', '2021-10-07 10:57:35'),
('1be0a9da-bff9-4ab6-a36c-edfd8ca88f1a', 0, 'Cefixime', NULL, '', 11, 11, 0, 900, 'abdurrahman', '', 'drugpurchaserecords', '2021-10-07 10:58:33'),
('1be0a9da-bff9-4ab6-a36c-edfd8ca88f1a', 0, 'Infusion Parasam', NULL, '', 7, 7, 0, 1750, 'Abdulrauf', '', 'drugpurchaserecords', '2021-10-07 10:59:21'),
('1be0a9da-bff9-4ab6-a36c-edfd8ca88f1a', 0, 'Artesunate IM/IV', NULL, '', 50, 50, 0, 5550, 'Abdulrauf', '', 'drugpurchaserecords', '2021-10-07 11:01:23'),
('1be0a9da-bff9-4ab6-a36c-edfd8ca88f1a', 0, 'Panadol caplets', NULL, '', 53, 53, 0, 180, 'Abdulrauf', '', 'drugpurchaserecords', '2021-10-07 11:03:00'),
('1be0a9da-bff9-4ab6-a36c-edfd8ca88f1a', 0, 'Tandak', NULL, '', 10, 10, 1000, 1700, 'abdurrahman', '', 'drugpurchaserecords', '2021-10-07 11:04:28'),
('1be0a9da-bff9-4ab6-a36c-edfd8ca88f1a', 0, 'Fleming 625 tab', NULL, '', 6, 6, 0, 1500, 'Abdulrauf', '', 'drugpurchaserecords', '2021-10-07 11:05:05'),
('1be0a9da-bff9-4ab6-a36c-edfd8ca88f1a', 0, 'Biopentin', NULL, '', 20, 20, 0, 1000, 'Abdulrauf', '', 'drugpurchaserecords', '2021-10-07 11:05:26'),
('1be0a9da-bff9-4ab6-a36c-edfd8ca88f1a', 0, 'Coartem syrup', NULL, '', 5, 5, 0, 600, 'Abdulrauf', '', 'drugpurchaserecords', '2021-10-07 11:06:17'),
('1be0a9da-bff9-4ab6-a36c-edfd8ca88f1a', 0, 'Flagyl', NULL, '', 10, 10, 10, 300, 'abdurrahman', '', 'drugpurchaserecords', '2021-10-07 11:06:51'),
('1be0a9da-bff9-4ab6-a36c-edfd8ca88f1a', 0, 'Chymoral', NULL, '', 30, 30, 0, 650, 'abdurrahman', '', 'drugpurchaserecords', '2021-10-07 11:08:01'),
('1be0a9da-bff9-4ab6-a36c-edfd8ca88f1a', 0, 'Brustan-N syrup', NULL, '', 2, 2, 0, 100, 'Abdulrauf', '', 'drugpurchaserecords', '2021-10-07 11:09:10'),
('1be0a9da-bff9-4ab6-a36c-edfd8ca88f1a', 0, 'Broncholyte', NULL, '', 11, 11, 0, 500, 'abdurrahman', '', 'drugpurchaserecords', '2021-10-07 11:09:32'),
('1be0a9da-bff9-4ab6-a36c-edfd8ca88f1a', 0, 'infusion levo', NULL, '', 3, 3, 0, 300, 'Abdulrauf', '', 'drugpurchaserecords', '2021-10-07 11:10:05'),
('1be0a9da-bff9-4ab6-a36c-edfd8ca88f1a', 0, 'Loratadine ', NULL, '', 10, 10, 0, 200, 'Abdulrauf', '', 'drugpurchaserecords', '2021-10-07 11:11:02'),
('1be0a9da-bff9-4ab6-a36c-edfd8ca88f1a', 0, 'cabidelol 625', NULL, '', 6, 6, 0, 400, 'Abdulrauf', '', 'drugpurchaserecords', '2021-10-07 11:12:12'),
('1be0a9da-bff9-4ab6-a36c-edfd8ca88f1a', 0, 'Amatem', NULL, '', 11, 11, 0, 1100, 'abdurrahman', '', 'drugpurchaserecords', '2021-10-07 11:12:37'),
('1be0a9da-bff9-4ab6-a36c-edfd8ca88f1a', 0, 'Menthodex', NULL, '', 7, 7, 0, 150, 'abdurrahman', '', 'drugpurchaserecords', '2021-10-07 11:13:26'),
('1be0a9da-bff9-4ab6-a36c-edfd8ca88f1a', 0, 'Cocodamol', NULL, '', 19, 19, 10, 500, 'abdurrahman', '', 'drugpurchaserecords', '2021-10-07 13:07:31'),
('1be0a9da-bff9-4ab6-a36c-edfd8ca88f1a', 0, 'Emal inj', NULL, '', 8, 0, 1700, 1700, 'Maryam', '', 'drugpurchaserecords', '2021-10-07 13:08:01'),
('1be0a9da-bff9-4ab6-a36c-edfd8ca88f1a', 0, 'E-mal', NULL, '', 11, 0, 0, 0, 'abdurrahman', '', 'drugpurchaserecords', '2021-10-07 13:09:16'),
('1be0a9da-bff9-4ab6-a36c-edfd8ca88f1a', 0, 'E-mal inj ', NULL, '', 20, 20, 500, 1700, 'Abdulrauf', '', 'drugpurchaserecords', '2021-10-07 13:10:39'),
('1be0a9da-bff9-4ab6-a36c-edfd8ca88f1a', 0, 'Amlodipine', NULL, '', 11, 0, 0, 0, 'abdurrahman', '', 'drugpurchaserecords', '2021-10-10 15:15:36'),
('1be0a9da-bff9-4ab6-a36c-edfd8ca88f1a', 0, 'Menthodex', NULL, '', 10, 20, 0, 0, 'Abdulrauf', '', 'drugpurchaserecords', '2021-10-13 11:34:51'),
('1be0a9da-bff9-4ab6-a36c-edfd8ca88f1a', 0, 'Fleming 625 tab', NULL, '', 5, 25, 0, 0, 'Abdulrauf', '', 'drugpurchaserecords', '2021-10-13 11:34:51'),
('1be0a9da-bff9-4ab6-a36c-edfd8ca88f1a', 0, 'surgical blades', NULL, '', 5, 10, 0, 0, 'Abdulrauf', '', 'drugpurchaserecords', '2021-10-13 12:31:17'),
('1be0a9da-bff9-4ab6-a36c-edfd8ca88f1a', 0, 'pariti', NULL, '', 3, 6, 0, 0, 'Abdulrauf', '', 'drugpurchaserecords', '2021-10-13 12:31:17'),
('1be0a9da-bff9-4ab6-a36c-edfd8ca88f1a', 0, 'surgical gloves s8', NULL, '', 10, 20, 0, 0, 'Abdulrauf', '', 'drugpurchaserecords', '2021-10-13 12:31:17'),
('1be0a9da-bff9-4ab6-a36c-edfd8ca88f1a', 0, 'Syring 5ml', NULL, '', 12, 24, 0, 0, 'Abdulrauf', '', 'drugpurchaserecords', '2021-10-13 12:31:17'),
('1be0a9da-bff9-4ab6-a36c-edfd8ca88f1a', 0, 'surgical gloves', NULL, '', 10, 20, 0, 0, 'Abdulrauf', '', 'drugpurchaserecords', '2021-10-13 12:31:18'),
('1be0a9da-bff9-4ab6-a36c-edfd8ca88f1a', 0, 'Zoxon', NULL, '', 40, 39, 1900, 1900, 'abdurrahman', '', 'drugpurchaserecords', '2021-10-20 16:14:55'),
('1be0a9da-bff9-4ab6-a36c-edfd8ca88f1a', 0, 'Dextrose Saline', NULL, '', 11, 9, 0, 0, 'abdurrahman', '', 'drugpurchaserecords', '2021-10-20 16:14:55'),
('1be0a9da-bff9-4ab6-a36c-edfd8ca88f1a', 0, 'Paracetamol IV', NULL, '', 60, 59, 0, 0, 'Abdulrauf', '', 'drugpurchaserecords', '2021-10-20 16:14:55'),
('1be0a9da-bff9-4ab6-a36c-edfd8ca88f1a', 0, 'Normal Saline', NULL, '', 11, 10, 0, 0, 'abdurrahman', '', 'drugpurchaserecords', '2021-10-20 16:14:56'),
('1be0a9da-bff9-4ab6-a36c-edfd8ca88f1a', 0, 'Artesunate IM/IV', NULL, '', 50, 49, 5550, 5550, 'Abdulrauf', '', 'drugpurchaserecords', '2021-10-20 16:14:56'),
('1be0a9da-bff9-4ab6-a36c-edfd8ca88f1a', 0, 'Digoxin', NULL, '', 11, -45, 0, 0, 'abdurrahman', '', 'drugpurchaserecords', '2021-11-06 12:55:28'),
('1be0a9da-bff9-4ab6-a36c-edfd8ca88f1a', 0, 'Torsemide', NULL, '', 11, -45, 0, 0, 'abdurrahman', '', 'drugpurchaserecords', '2021-11-06 12:55:28'),
('1be0a9da-bff9-4ab6-a36c-edfd8ca88f1a', 0, 'Losartan', NULL, '', 11, -45, 0, 0, 'abdurrahman', '', 'drugpurchaserecords', '2021-11-06 12:55:28'),
('1be0a9da-bff9-4ab6-a36c-edfd8ca88f1a', 0, 'Clopidogrel', NULL, '', 11, -45, 0, 0, 'abdurrahman', '', 'drugpurchaserecords', '2021-11-06 12:55:29'),
('1be0a9da-bff9-4ab6-a36c-edfd8ca88f1a', 0, 'Omeprazole', NULL, '', 35, 34, 0, 0, 'abdurrahman', '', 'drugpurchaserecords', '2021-11-06 12:56:10'),
('1be0a9da-bff9-4ab6-a36c-edfd8ca88f1a', 0, 'Hyoscine ', NULL, '', 5, 4, 0, 0, 'Abdulrauf', '', 'drugpurchaserecords', '2021-11-06 12:56:10'),
('1be0a9da-bff9-4ab6-a36c-edfd8ca88f1a', 0, 'Hyoscine ', NULL, '', 10, 9, 0, 0, 'Abdulrauf', '', 'drugpurchaserecords', '2021-11-06 12:56:10'),
('1be0a9da-bff9-4ab6-a36c-edfd8ca88f1a', 0, 'Menthodex', NULL, '', 7, 6, 150, 150, 'abdurrahman', '', 'drugpurchaserecords', '2021-11-06 23:33:19'),
('1be0a9da-bff9-4ab6-a36c-edfd8ca88f1a', 0, 'Cefpodoxime', NULL, '', 8, 7, 0, 0, 'abdurrahman', '', 'drugpurchaserecords', '2021-11-06 23:33:20'),
('1be0a9da-bff9-4ab6-a36c-edfd8ca88f1a', 0, 'oxymet nasal drop', NULL, '', 6, 5, 0, 0, 'Abdulrauf', '', 'drugpurchaserecords', '2021-11-06 23:33:20'),
('1be0a9da-bff9-4ab6-a36c-edfd8ca88f1a', 0, 'Tabs Dalcin C', NULL, '', 20, 11, 500, 500, 'abdurrahman', '', 'drugpurchaserecords', '2022-03-27 12:44:18');

-- --------------------------------------------------------

--
-- Table structure for table `barcode`
--

CREATE TABLE `barcode` (
  `id` int(11) NOT NULL,
  `lab_code` int(11) NOT NULL,
  `initials` int(11) NOT NULL,
  `year_code` int(11) NOT NULL,
  `barcode` int(11) NOT NULL
) ENGINE=InnoDB DEFAULT CHARSET=utf8mb4 COLLATE=utf8mb4_general_ci;

--
-- Dumping data for table `barcode`
--

INSERT INTO `barcode` (`id`, `lab_code`, `initials`, `year_code`, `barcode`) VALUES
(1, 2000, 2, 21, 198695),
(2, 3000, 3, 21, 54874),
(3, 4000, 4, 21, 13067),
(4, 5000, 5, 21, 1);

-- --------------------------------------------------------

--
-- Table structure for table `bedlist`
--

CREATE TABLE `bedlist` (
  `id` int(11) NOT NULL,
  `sort_index` int(11) NOT NULL DEFAULT 0,
  `class_type` varchar(50) NOT NULL,
  `account` varchar(10) DEFAULT NULL,
  `price` int(11) NOT NULL,
  `name` varchar(100) NOT NULL,
  `no_of_beds` int(11) NOT NULL,
  `status` varchar(50) DEFAULT NULL,
  `facilityId` varchar(50) NOT NULL
) ENGINE=MyISAM DEFAULT CHARSET=utf8mb4 COLLATE=utf8mb4_general_ci;

--
-- Dumping data for table `bedlist`
--

INSERT INTO `bedlist` (`id`, `sort_index`, `class_type`, `account`, `price`, `name`, `no_of_beds`, `status`, `facilityId`) VALUES
(1, 0, 'Galaxy Backbone', NULL, 2000, 'Milky Way', 10, 'disabled', '1be0a9da-bff9-4ab6-a36c-edfd8ca88f1a'),
(2, 0, 'Blod', NULL, 300, 'Yellow House 4', 4, 'disabled', '1be0a9da-bff9-4ab6-a36c-edfd8ca88f1a');

-- --------------------------------------------------------

--
-- Stand-in structure for view `bedlist_view`
-- (See below for the actual view)
--
CREATE TABLE `bedlist_view` (
`id` int(1)
,`sort_index` int(1)
,`class_type` int(1)
,`price` int(1)
,`name` int(1)
,`no_of_beds` int(1)
,`occupied` int(1)
,`facilityId` int(1)
);

-- --------------------------------------------------------

--
-- Table structure for table `beds`
--

CREATE TABLE `beds` (
  `id` int(11) NOT NULL,
  `headtitle` varchar(100) DEFAULT NULL,
  `headcode` int(11) DEFAULT NULL,
  `createdAt` datetime NOT NULL,
  `updatedAt` datetime NOT NULL
) ENGINE=InnoDB DEFAULT CHARSET=latin1 COLLATE=latin1_swedish_ci;

-- --------------------------------------------------------

--
-- Table structure for table `bed_allocation`
--

CREATE TABLE `bed_allocation` (
  `id` int(11) NOT NULL,
  `bed_id` int(11) NOT NULL,
  `patient_id` varchar(50) NOT NULL,
  `allocation_status` varchar(20) DEFAULT NULL,
  `allocated` timestamp NOT NULL DEFAULT current_timestamp() ON UPDATE current_timestamp(),
  `ended` timestamp NULL DEFAULT NULL,
  `allocated_by` varchar(50) NOT NULL,
  `ended_by` varchar(50) DEFAULT NULL,
  `facilityId` varchar(50) NOT NULL
) ENGINE=MyISAM DEFAULT CHARSET=latin1 COLLATE=latin1_swedish_ci;

--
-- Dumping data for table `bed_allocation`
--

INSERT INTO `bed_allocation` (`id`, `bed_id`, `patient_id`, `allocation_status`, `allocated`, `ended`, `allocated_by`, `ended_by`, `facilityId`) VALUES
(1, 1, '2-1', 'allocated', '2024-10-09 11:20:05', NULL, 'abdurrahman', NULL, '1be0a9da-bff9-4ab6-a36c-edfd8ca88f1a'),
(2, 2, '2-1', 'allocated', '2024-10-09 11:20:43', NULL, 'abdurrahman', NULL, '1be0a9da-bff9-4ab6-a36c-edfd8ca88f1a'),
(3, 2, '2-1', 'allocated', '2024-10-09 11:20:48', NULL, 'abdurrahman', NULL, '1be0a9da-bff9-4ab6-a36c-edfd8ca88f1a'),
(4, 2, '2-1', 'allocated', '2024-10-09 11:20:53', NULL, 'abdurrahman', NULL, '1be0a9da-bff9-4ab6-a36c-edfd8ca88f1a'),
(5, 2, '1-1', 'allocated', '2024-10-09 11:20:56', NULL, 'abdurrahman', NULL, '1be0a9da-bff9-4ab6-a36c-edfd8ca88f1a'),
(6, 1, '2-1', 'allocated', '2024-10-09 11:21:41', NULL, 'abdurrahman', NULL, '1be0a9da-bff9-4ab6-a36c-edfd8ca88f1a'),
(7, 1, '2-1', 'allocated', '2024-10-09 11:24:20', NULL, 'abdurrahman', NULL, '1be0a9da-bff9-4ab6-a36c-edfd8ca88f1a'),
(8, 1, '4-1', 'allocated', '2024-10-10 02:23:48', NULL, 'abdurrahman', NULL, '1be0a9da-bff9-4ab6-a36c-edfd8ca88f1a'),
(9, 1, '6-1', 'allocated', '2024-10-11 11:02:39', NULL, 'abdurrahman', NULL, '1be0a9da-bff9-4ab6-a36c-edfd8ca88f1a'),
(10, 1, '7-1', 'allocated', '2024-10-11 11:53:56', NULL, 'abdurrahman', NULL, '1be0a9da-bff9-4ab6-a36c-edfd8ca88f1a'),
(11, 1, '8-1', 'allocated', '2024-10-11 01:59:49', NULL, 'abdurrahman', NULL, '1be0a9da-bff9-4ab6-a36c-edfd8ca88f1a');

-- --------------------------------------------------------

--
-- Table structure for table `bed_allocation_bkp`
--

CREATE TABLE `bed_allocation_bkp` (
  `id` int(11) NOT NULL DEFAULT 0,
  `bed_id` int(11) NOT NULL,
  `patient_id` varchar(50) CHARACTER SET latin1 COLLATE latin1_swedish_ci NOT NULL,
  `allocation_status` varchar(20) CHARACTER SET latin1 COLLATE latin1_swedish_ci DEFAULT NULL,
  `allocated` timestamp NOT NULL DEFAULT current_timestamp() ON UPDATE current_timestamp(),
  `ended` timestamp NULL DEFAULT NULL,
  `allocated_by` varchar(50) CHARACTER SET latin1 COLLATE latin1_swedish_ci NOT NULL,
  `ended_by` varchar(50) CHARACTER SET latin1 COLLATE latin1_swedish_ci DEFAULT NULL,
  `facilityId` varchar(50) CHARACTER SET latin1 COLLATE latin1_swedish_ci NOT NULL
) ENGINE=InnoDB DEFAULT CHARSET=utf8mb4 COLLATE=utf8mb4_general_ci;

-- --------------------------------------------------------

--
-- Table structure for table `billing_units`
--

CREATE TABLE `billing_units` (
  `id` int(100) NOT NULL,
  `name` varchar(100) NOT NULL,
  `location` varchar(100) NOT NULL,
  `manage_by` varchar(100) NOT NULL,
  `created_by` varchar(100) NOT NULL,
  `facilityId` varchar(50) NOT NULL
) ENGINE=InnoDB DEFAULT CHARSET=utf8mb4 COLLATE=utf8mb4_general_ci;

--
-- Dumping data for table `billing_units`
--

INSERT INTO `billing_units` (`id`, `name`, `location`, `manage_by`, `created_by`, `facilityId`) VALUES
(6, 'Laboratory', '', 'nasarawa', 'nasarawa', '052100000000'),
(7, 'X-ray', '', 'nasarawa', 'nasarawa', '052100000000'),
(8, 'Laboratory', '', 'murtala', 'murtala', '052100000001'),
(9, 'X-ray', '', 'murtala', 'murtala', '052100000001'),
(10, 'Pharmacy', '', 'nasarawa', 'nasarawa', '052100000000'),
(11, 'Pedeatrics Billing Unit', '34', 'nasarawa', '878', '052100000000');

-- --------------------------------------------------------

--
-- Table structure for table `booking_no`
--

CREATE TABLE `booking_no` (
  `id` int(11) NOT NULL,
  `lab_code` int(11) NOT NULL,
  `year_code` int(11) NOT NULL,
  `booking` int(11) NOT NULL
) ENGINE=InnoDB DEFAULT CHARSET=utf8mb4 COLLATE=utf8mb4_general_ci;

--
-- Dumping data for table `booking_no`
--

INSERT INTO `booking_no` (`id`, `lab_code`, `year_code`, `booking`) VALUES
(1, 0, 21, 265394);

-- --------------------------------------------------------

--
-- Table structure for table `branches`
--

CREATE TABLE `branches` (
  `id` int(11) NOT NULL,
  `branch_name` varchar(50) DEFAULT NULL,
  `state` varchar(50) DEFAULT NULL,
  `address` varchar(100) DEFAULT NULL,
  `created_time` timestamp NULL DEFAULT NULL,
  `facilityId` varchar(20) DEFAULT NULL
) ENGINE=InnoDB DEFAULT CHARSET=latin1 COLLATE=latin1_swedish_ci;

-- --------------------------------------------------------

--
-- Table structure for table `bulk_tx`
--

CREATE TABLE `bulk_tx` (
  `facilityId` varchar(50) DEFAULT NULL,
  `createdAt` datetime NOT NULL,
  `transaction_id` int(11) NOT NULL DEFAULT 0,
  `transaction_date` date DEFAULT NULL,
  `id` int(11) DEFAULT NULL,
  `description` varchar(225) DEFAULT NULL,
  `acct` varchar(100) DEFAULT NULL,
  `debit` int(50) DEFAULT NULL,
  `credit` int(50) DEFAULT NULL,
  `enteredBy` varchar(20) DEFAULT NULL,
  `receiptDateSN` varchar(18) NOT NULL DEFAULT '0',
  `receiptNo` int(7) DEFAULT 0,
  `modeOfPayment` varchar(15) DEFAULT NULL,
  `bank_name` varchar(50) DEFAULT NULL,
  `status` varchar(30) DEFAULT 'pending',
  `approvedBy` varchar(20) DEFAULT NULL,
  `paymentStatus` varchar(11) NOT NULL DEFAULT '',
  `client_acct` varchar(200) DEFAULT NULL,
  `patient_id` varchar(50) DEFAULT NULL
) ENGINE=MyISAM DEFAULT CHARSET=latin1 COLLATE=latin1_swedish_ci;

--
-- Dumping data for table `bulk_tx`
--

INSERT INTO `bulk_tx` (`facilityId`, `createdAt`, `transaction_id`, `transaction_date`, `id`, `description`, `acct`, `debit`, `credit`, `enteredBy`, `receiptDateSN`, `receiptNo`, `modeOfPayment`, `bank_name`, `status`, `approvedBy`, `paymentStatus`, `client_acct`, `patient_id`) VALUES
('1be0a9da-bff9-4ab6-a36c-edfd8ca88f1a', '2020-12-08 06:09:18', 1, '2020-12-01', NULL, 'Medications', '20030', 0, 1100, 'abdurrahman', '08122011', 1, 'cash', '', 'pending', NULL, '', '4708', '4667-1'),
('1be0a9da-bff9-4ab6-a36c-edfd8ca88f1a', '2021-02-18 05:47:49', 5382, '2021-02-01', NULL, 'Specialist F/up', '400022', 6000, 0, 'Manager', '180221165381', 16, 'POS', '', 'pending', NULL, '', '4708', '3975-1');

-- --------------------------------------------------------

--
-- Table structure for table `charges_fees`
--

CREATE TABLE `charges_fees` (
  `id` int(11) NOT NULL,
  `patient_id` varchar(20) NOT NULL,
  `user_id` varchar(20) NOT NULL,
  `dr` float NOT NULL,
  `cr` float NOT NULL,
  `description` varchar(100) NOT NULL,
  `status` varchar(30) DEFAULT NULL,
  `patientType` varchar(30) DEFAULT NULL,
  `created_at` datetime NOT NULL DEFAULT current_timestamp(),
  `facilityId` varchar(60) NOT NULL
) ENGINE=InnoDB DEFAULT CHARSET=utf8mb4 COLLATE=utf8mb4_general_ci;

--
-- Dumping data for table `charges_fees`
--

INSERT INTO `charges_fees` (`id`, `patient_id`, `user_id`, `dr`, `cr`, `description`, `status`, `patientType`, `created_at`, `facilityId`) VALUES
(1, '1-1', 'abdurrahman', 300, 0, 'Consultation', 'New Consultation', 'in-patients', '2024-08-10 14:04:39', '1be0a9da-bff9-4ab6-a36c-edfd8ca88f1a'),
(2, '2-1', 'abdurrahman', 300, 0, 'Consultation', 'New Consultation', 'null', '2024-08-20 10:23:46', '1be0a9da-bff9-4ab6-a36c-edfd8ca88f1a'),
(3, '5-1', 'abdurrahman', 300, 0, 'Consultation', 'New Consultation', 'in-patients', '2024-08-20 10:26:42', '1be0a9da-bff9-4ab6-a36c-edfd8ca88f1a'),
(4, '6', 'abdurrahman', 100, 0, 'Pharmarcy', 'Checkout', 'out-patients', '2024-09-10 13:54:15', '1be0a9da-bff9-4ab6-a36c-edfd8ca88f1a'),
(5, '4-1', 'abdurrahman', 300, 0, 'Consultation', 'New Consultation', 'out-patients', '2024-09-10 13:55:52', '1be0a9da-bff9-4ab6-a36c-edfd8ca88f1a'),
(6, '7-1', 'abdurrahman', 300, 0, 'Consultation', 'New Consultation', 'in-patients', '2024-09-16 10:26:01', '1be0a9da-bff9-4ab6-a36c-edfd8ca88f1a'),
(7, '2-1', 'abdurrahman', 300, 0, 'Consultation', 'New Consultation', 'out-patients', '2024-10-02 11:32:04', '1be0a9da-bff9-4ab6-a36c-edfd8ca88f1a'),
(8, '2-1', 'abdurrahman', 300, 0, 'Consultation', 'New Consultation', 'out-patients', '2024-10-02 11:34:54', '1be0a9da-bff9-4ab6-a36c-edfd8ca88f1a'),
(9, '2-1', 'abdurrahman', 300, 0, 'Consultation', 'New Consultation', 'null', '2024-10-02 11:36:11', '1be0a9da-bff9-4ab6-a36c-edfd8ca88f1a'),
(10, '2-1', 'abdurrahman', 300, 0, 'Consultation', 'New Consultation', 'out-patients', '2024-10-03 10:05:11', '1be0a9da-bff9-4ab6-a36c-edfd8ca88f1a'),
(11, '2-1', 'abdurrahman', 300, 0, 'Consultation', 'New Consultation', 'out-patients', '2024-10-04 09:25:02', '1be0a9da-bff9-4ab6-a36c-edfd8ca88f1a'),
(12, '2-1', 'abdurrahman', 300, 0, 'Consultation', 'New Consultation', 'null', '2024-10-04 09:25:10', '1be0a9da-bff9-4ab6-a36c-edfd8ca88f1a'),
(13, '2-1', 'abdurrahman', 300, 0, 'Consultation', 'New Consultation', 'null', '2024-10-04 09:48:06', '1be0a9da-bff9-4ab6-a36c-edfd8ca88f1a'),
(14, '2-1', 'abdurrahman', 300, 0, 'Consultation', 'New Consultation', 'null', '2024-10-04 09:50:29', '1be0a9da-bff9-4ab6-a36c-edfd8ca88f1a'),
(15, '2-1', 'abdurrahman', 300, 0, 'Consultation', 'New Consultation', 'null', '2024-10-04 09:52:38', '1be0a9da-bff9-4ab6-a36c-edfd8ca88f1a'),
(16, '2-1', 'abdurrahman', 300, 0, 'Consultation', 'New Consultation', 'null', '2024-10-04 09:55:35', '1be0a9da-bff9-4ab6-a36c-edfd8ca88f1a'),
(17, '2-1', 'abdurrahman', 300, 0, 'Consultation', 'New Consultation', 'null', '2024-10-04 09:56:49', '1be0a9da-bff9-4ab6-a36c-edfd8ca88f1a'),
(18, '2-1', 'abdurrahman', 300, 0, 'Consultation', 'New Consultation', 'null', '2024-10-04 09:58:03', '1be0a9da-bff9-4ab6-a36c-edfd8ca88f1a'),
(19, '2-1', 'abdurrahman', 300, 0, 'Consultation', 'New Consultation', 'null', '2024-10-04 09:58:37', '1be0a9da-bff9-4ab6-a36c-edfd8ca88f1a'),
(20, '2-1', 'abdurrahman', 300, 0, 'Consultation', 'New Consultation', 'null', '2024-10-04 09:58:45', '1be0a9da-bff9-4ab6-a36c-edfd8ca88f1a'),
(21, '2-1', 'abdurrahman', 300, 0, 'Consultation', 'New Consultation', 'null', '2024-10-04 09:59:19', '1be0a9da-bff9-4ab6-a36c-edfd8ca88f1a'),
(22, '2-1', 'abdurrahman', 300, 0, 'Consultation', 'New Consultation', 'null', '2024-10-04 09:59:36', '1be0a9da-bff9-4ab6-a36c-edfd8ca88f1a'),
(23, '2-1', 'abdurrahman', 300, 0, 'Consultation', 'New Consultation', 'null', '2024-10-04 09:59:44', '1be0a9da-bff9-4ab6-a36c-edfd8ca88f1a'),
(24, '2-1', 'abdurrahman', 300, 0, 'Consultation', 'New Consultation', 'null', '2024-10-07 12:33:56', '1be0a9da-bff9-4ab6-a36c-edfd8ca88f1a'),
(25, '2-1', 'abdurrahman', 300, 0, 'Consultation', 'New Consultation', 'assigned-patients', '2024-10-07 12:34:34', '1be0a9da-bff9-4ab6-a36c-edfd8ca88f1a'),
(26, '1-1', 'abdurrahman', 300, 0, 'Consultation', 'New Consultation', 'null', '2024-10-07 12:34:54', '1be0a9da-bff9-4ab6-a36c-edfd8ca88f1a'),
(27, '2-1', 'abdurrahman', 300, 0, 'Consultation', 'New Consultation', 'out-patients', '2024-10-10 08:32:35', '1be0a9da-bff9-4ab6-a36c-edfd8ca88f1a'),
(28, '2-1', 'abdurrahman', 300, 0, 'Consultation', 'New Consultation', 'null', '2024-10-10 08:43:11', '1be0a9da-bff9-4ab6-a36c-edfd8ca88f1a'),
(29, '2-1', 'abdurrahman', 300, 0, 'Consultation', 'New Consultation', 'out-patients', '2024-10-10 12:41:53', '1be0a9da-bff9-4ab6-a36c-edfd8ca88f1a'),
(30, '5-1', 'abdurrahman', 100, 0, 'Laboratory', 'analyzed', 'out-patients', '2024-10-11 09:59:47', '1be0a9da-bff9-4ab6-a36c-edfd8ca88f1a'),
(31, '5-1', 'abdurrahman', 100, 0, 'Laboratory', 'analyzed', 'out-patients', '2024-10-11 09:59:54', '1be0a9da-bff9-4ab6-a36c-edfd8ca88f1a'),
(32, '8-1', 'abdurrahman', 300, 0, 'Consultation', 'New Consultation', 'in-patients', '2024-10-11 13:43:08', '1be0a9da-bff9-4ab6-a36c-edfd8ca88f1a'),
(33, '8-1', 'abdurrahman', 300, 0, 'Consultation', 'New Consultation', 'null', '2024-10-11 13:44:58', '1be0a9da-bff9-4ab6-a36c-edfd8ca88f1a'),
(34, '7-1', 'abdurrahman', 300, 0, 'Consultation', 'New Consultation', 'in-patients', '2024-10-14 12:02:35', '1be0a9da-bff9-4ab6-a36c-edfd8ca88f1a'),
(35, '7-1', 'abdurrahman', 300, 0, 'Consultation', 'New Consultation', 'in-patients', '2024-10-14 12:12:15', '1be0a9da-bff9-4ab6-a36c-edfd8ca88f1a'),
(36, '7-1', 'abdurrahman', 300, 0, 'Consultation', 'New Consultation', 'null', '2024-10-14 12:12:42', '1be0a9da-bff9-4ab6-a36c-edfd8ca88f1a'),
(37, '7-1', 'abdurrahman', 300, 0, 'Consultation', 'New Consultation', 'null', '2024-10-14 12:15:26', '1be0a9da-bff9-4ab6-a36c-edfd8ca88f1a'),
(38, '7-1', 'abdurrahman', 300, 0, 'Consultation', 'New Consultation', 'null', '2024-10-14 12:29:59', '1be0a9da-bff9-4ab6-a36c-edfd8ca88f1a'),
(39, '7-1', 'abdurrahman', 300, 0, 'Consultation', 'New Consultation', 'null', '2024-10-14 12:31:37', '1be0a9da-bff9-4ab6-a36c-edfd8ca88f1a'),
(40, '7-1', 'abdurrahman', 300, 0, 'Consultation', 'New Consultation', 'null', '2024-10-14 12:42:08', '1be0a9da-bff9-4ab6-a36c-edfd8ca88f1a'),
(41, '7-1', 'abdurrahman', 300, 0, 'Consultation', 'New Consultation', 'null', '2024-10-14 12:49:14', '1be0a9da-bff9-4ab6-a36c-edfd8ca88f1a'),
(42, '7-1', 'abdurrahman', 300, 0, 'Consultation', 'New Consultation', 'null', '2024-10-14 12:51:28', '1be0a9da-bff9-4ab6-a36c-edfd8ca88f1a'),
(43, '7-1', 'abdurrahman', 300, 0, 'Consultation', 'New Consultation', 'null', '2024-10-14 12:53:02', '1be0a9da-bff9-4ab6-a36c-edfd8ca88f1a'),
(44, '2-1', 'abdurrahman', 300, 0, 'Consultation', 'New Consultation', 'in-patients', '2024-10-14 12:56:15', '1be0a9da-bff9-4ab6-a36c-edfd8ca88f1a'),
(45, '2-1', 'abdurrahman', 300, 0, 'Consultation', 'New Consultation', 'in-patients', '2024-10-14 13:05:52', '1be0a9da-bff9-4ab6-a36c-edfd8ca88f1a'),
(46, '2-1', 'abdurrahman', 300, 0, 'Consultation', 'New Consultation', 'null', '2024-10-14 13:07:14', '1be0a9da-bff9-4ab6-a36c-edfd8ca88f1a'),
(47, '2-1', 'abdurrahman', 300, 0, 'Consultation', 'New Consultation', 'null', '2024-10-14 13:08:22', '1be0a9da-bff9-4ab6-a36c-edfd8ca88f1a'),
(48, '2-1', 'abdurrahman', 300, 0, 'Consultation', 'New Consultation', 'null', '2024-10-14 13:09:23', '1be0a9da-bff9-4ab6-a36c-edfd8ca88f1a'),
(49, '9-1', 'abdurrahman', 300, 0, 'Consultation', 'New Consultation', 'out-patients', '2025-01-27 11:55:50', '1be0a9da-bff9-4ab6-a36c-edfd8ca88f1a'),
(50, '', 'abdurrahman', 100, 0, 'Pharmarcy', 'Checkout', 'out-patients', '2025-01-27 11:56:43', '1be0a9da-bff9-4ab6-a36c-edfd8ca88f1a'),
(51, '9', 'abdurrahman', 100, 0, 'Pharmarcy', 'Checkout', 'out-patients', '2025-01-27 11:57:51', '1be0a9da-bff9-4ab6-a36c-edfd8ca88f1a'),
(52, '10', 'abdurrahman', 100, 0, 'Pharmarcy', 'Checkout', 'out-patients', '2025-01-28 20:21:42', '1be0a9da-bff9-4ab6-a36c-edfd8ca88f1a'),
(53, '10-1', 'abdurrahman', 300, 0, 'Consultation', 'New Consultation', 'out-patients', '2025-01-29 09:13:19', '1be0a9da-bff9-4ab6-a36c-edfd8ca88f1a'),
(54, '11', 'abdurrahman', 100, 0, 'Pharmarcy', 'Checkout', 'out-patients', '2025-01-29 10:23:47', '1be0a9da-bff9-4ab6-a36c-edfd8ca88f1a'),
(55, '12-1', 'abdurrahman', 300, 0, 'Consultation', 'New Consultation', 'out-patients', '2025-01-29 12:08:02', '1be0a9da-bff9-4ab6-a36c-edfd8ca88f1a'),
(56, '13', 'abdurrahman', 100, 0, 'Pharmarcy', 'Checkout', 'out-patients', '2025-01-29 13:37:53', '1be0a9da-bff9-4ab6-a36c-edfd8ca88f1a'),
(57, '13-1', 'abdurrahman', 300, 0, 'Consultation', 'New Consultation', 'out-patients', '2025-01-29 13:38:35', '1be0a9da-bff9-4ab6-a36c-edfd8ca88f1a'),
(58, '13', 'abdurrahman', 100, 0, 'Pharmarcy', 'Checkout', 'out-patients', '2025-01-29 14:11:42', '1be0a9da-bff9-4ab6-a36c-edfd8ca88f1a'),
(59, '15-1', 'abdurrahman', 300, 0, 'Consultation', 'New Consultation', 'out-patients', '2025-01-29 14:24:04', '1be0a9da-bff9-4ab6-a36c-edfd8ca88f1a'),
(60, '15', 'abdurrahman', 100, 0, 'Pharmarcy', 'Checkout', 'out-patients', '2025-01-29 14:24:23', '1be0a9da-bff9-4ab6-a36c-edfd8ca88f1a'),
(61, '15', 'abdurrahman', 100, 0, 'Pharmarcy', 'Checkout', 'out-patients', '2025-01-29 14:29:49', '1be0a9da-bff9-4ab6-a36c-edfd8ca88f1a'),
(62, '10', 'abdurrahman', 100, 0, 'Pharmarcy', 'Checkout', 'out-patients', '2025-01-30 11:13:52', '1be0a9da-bff9-4ab6-a36c-edfd8ca88f1a'),
(63, '10', 'abdurrahman', 100, 0, 'Pharmarcy', 'Checkout', 'out-patients', '2025-01-30 11:14:22', '1be0a9da-bff9-4ab6-a36c-edfd8ca88f1a'),
(64, '10', 'abdurrahman', 100, 0, 'Pharmarcy', 'Checkout', 'out-patients', '2025-01-30 11:14:36', '1be0a9da-bff9-4ab6-a36c-edfd8ca88f1a'),
(65, '12', 'abdurrahman', 100, 0, 'Pharmarcy', 'Checkout', 'out-patients', '2025-01-31 12:33:22', '1be0a9da-bff9-4ab6-a36c-edfd8ca88f1a'),
(66, '12-1', 'abdurrahman', 300, 0, 'Consultation', 'New Consultation', 'out-patients', '2025-01-31 12:34:31', '1be0a9da-bff9-4ab6-a36c-edfd8ca88f1a'),
(67, '10-1', 'abdurrahman', 300, 0, 'Consultation', 'New Consultation', 'out-patients', '2025-02-02 10:30:30', '1be0a9da-bff9-4ab6-a36c-edfd8ca88f1a'),
(68, '10-1', 'abdurrahman', 300, 0, 'Consultation', 'New Consultation', 'out-patients', '2025-02-02 10:54:43', '1be0a9da-bff9-4ab6-a36c-edfd8ca88f1a'),
(69, '10', 'abdurrahman', 100, 0, 'Pharmarcy', 'Checkout', 'out-patients', '2025-02-02 11:00:16', '1be0a9da-bff9-4ab6-a36c-edfd8ca88f1a'),
(70, '10', 'abdurrahman', 100, 0, 'Pharmarcy', 'Checkout', 'out-patients', '2025-02-02 11:01:04', '1be0a9da-bff9-4ab6-a36c-edfd8ca88f1a'),
(71, '10', 'abdurrahman', 100, 0, 'Pharmarcy', 'Checkout', 'out-patients', '2025-02-02 11:57:52', '1be0a9da-bff9-4ab6-a36c-edfd8ca88f1a'),
(72, '10', 'abdurrahman', 100, 0, 'Pharmarcy', 'Checkout', 'out-patients', '2025-02-02 12:57:19', '1be0a9da-bff9-4ab6-a36c-edfd8ca88f1a'),
(73, '10', 'abdurrahman', 100, 0, 'Pharmarcy', 'Checkout', 'out-patients', '2025-02-02 13:37:10', '1be0a9da-bff9-4ab6-a36c-edfd8ca88f1a'),
(74, '10', 'abdurrahman', 100, 0, 'Pharmarcy', 'Checkout', 'out-patients', '2025-02-02 13:37:23', '1be0a9da-bff9-4ab6-a36c-edfd8ca88f1a'),
(75, '10-1', 'abdurrahman', 300, 0, 'Consultation', 'New Consultation', 'out-patients', '2025-02-02 13:50:37', '1be0a9da-bff9-4ab6-a36c-edfd8ca88f1a'),
(76, '10-1', 'abdurrahman', 300, 0, 'Consultation', 'New Consultation', 'out-patients', '2025-02-02 13:54:31', '1be0a9da-bff9-4ab6-a36c-edfd8ca88f1a'),
(77, '13-1', 'abdurrahman', 300, 0, 'Consultation', 'New Consultation', 'out-patients', '2025-02-03 09:33:48', '1be0a9da-bff9-4ab6-a36c-edfd8ca88f1a'),
(78, '13', 'abdurrahman', 100, 0, 'Pharmarcy', 'Checkout', 'out-patients', '2025-02-03 09:34:06', '1be0a9da-bff9-4ab6-a36c-edfd8ca88f1a'),
(79, '12', 'abdurrahman', 100, 0, 'Pharmarcy', 'Checkout', 'out-patients', '2025-02-03 09:34:27', '1be0a9da-bff9-4ab6-a36c-edfd8ca88f1a'),
(80, '12', 'abdurrahman', 100, 0, 'Pharmarcy', 'Checkout', 'out-patients', '2025-02-03 09:52:31', '1be0a9da-bff9-4ab6-a36c-edfd8ca88f1a'),
(81, '10', 'abdurrahman', 100, 0, 'Pharmarcy', 'Checkout', 'out-patients', '2025-02-03 09:52:44', '1be0a9da-bff9-4ab6-a36c-edfd8ca88f1a'),
(82, '12-1', 'abdurrahman', 300, 0, 'Consultation', 'New Consultation', 'out-patients', '2025-02-03 09:53:00', '1be0a9da-bff9-4ab6-a36c-edfd8ca88f1a'),
(83, '12-1', 'abdurrahman', 300, 0, 'Consultation', 'New Consultation', 'out-patients', '2025-02-03 10:04:19', '1be0a9da-bff9-4ab6-a36c-edfd8ca88f1a'),
(84, '10-1', 'abdurrahman', 300, 0, 'Consultation', 'New Consultation', 'out-patients', '2025-02-03 10:04:33', '1be0a9da-bff9-4ab6-a36c-edfd8ca88f1a'),
(85, '11-1', 'abdurrahman', 300, 0, 'Consultation', 'New Consultation', 'out-patients', '2025-02-03 10:04:46', '1be0a9da-bff9-4ab6-a36c-edfd8ca88f1a'),
(86, '12-1', 'abdurrahman', 300, 0, 'Consultation', 'New Consultation', 'out-patients', '2025-02-03 10:16:32', '1be0a9da-bff9-4ab6-a36c-edfd8ca88f1a'),
(87, '10-1', 'abdurrahman', 300, 0, 'Consultation', 'New Consultation', 'out-patients', '2025-02-03 10:16:47', '1be0a9da-bff9-4ab6-a36c-edfd8ca88f1a'),
(88, '13-1', 'abdurrahman', 300, 0, 'Consultation', 'New Consultation', 'out-patients', '2025-02-03 10:30:15', '1be0a9da-bff9-4ab6-a36c-edfd8ca88f1a'),
(89, '11-1', 'abdurrahman', 300, 0, 'Consultation', 'New Consultation', 'out-patients', '2025-02-03 10:30:46', '1be0a9da-bff9-4ab6-a36c-edfd8ca88f1a'),
(90, '13', 'abdurrahman', 100, 0, 'Pharmarcy', 'Checkout', 'out-patients', '2025-02-03 10:31:08', '1be0a9da-bff9-4ab6-a36c-edfd8ca88f1a'),
(91, '10', 'abdurrahman', 100, 0, 'Pharmarcy', 'Checkout', 'out-patients', '2025-02-03 10:31:26', '1be0a9da-bff9-4ab6-a36c-edfd8ca88f1a'),
(92, '10', 'abdurrahman', 100, 0, 'Pharmarcy', 'Checkout', 'out-patients', '2025-02-03 11:10:39', '1be0a9da-bff9-4ab6-a36c-edfd8ca88f1a'),
(93, '10', 'abdurrahman', 100, 0, 'Pharmarcy', 'Checkout', 'out-patients', '2025-02-03 11:12:06', '1be0a9da-bff9-4ab6-a36c-edfd8ca88f1a'),
(94, '11', 'abdurrahman', 100, 0, 'Pharmarcy', 'Checkout', 'out-patients', '2025-02-03 11:12:25', '1be0a9da-bff9-4ab6-a36c-edfd8ca88f1a'),
(95, '13', 'abdurrahman', 100, 0, 'Pharmarcy', 'Checkout', 'out-patients', '2025-02-03 11:17:55', '1be0a9da-bff9-4ab6-a36c-edfd8ca88f1a'),
(96, '12', 'abdurrahman', 100, 0, 'Pharmarcy', 'Checkout', 'out-patients', '2025-02-03 11:18:25', '1be0a9da-bff9-4ab6-a36c-edfd8ca88f1a'),
(97, '13-1', 'abdurrahman', 300, 0, 'Consultation', 'New Consultation', 'out-patients', '2025-02-03 11:27:56', '1be0a9da-bff9-4ab6-a36c-edfd8ca88f1a'),
(98, '10-1', 'abdurrahman', 300, 0, 'Consultation', 'New Consultation', 'out-patients', '2025-02-03 11:28:17', '1be0a9da-bff9-4ab6-a36c-edfd8ca88f1a'),
(99, '11', 'abdurrahman', 100, 0, 'Pharmarcy', 'Checkout', 'out-patients', '2025-02-03 11:30:53', '1be0a9da-bff9-4ab6-a36c-edfd8ca88f1a'),
(100, '12', 'abdurrahman', 100, 0, 'Pharmarcy', 'Checkout', 'out-patients', '2025-02-03 11:31:09', '1be0a9da-bff9-4ab6-a36c-edfd8ca88f1a'),
(101, '11', 'abdurrahman', 100, 0, 'Pharmarcy', 'Checkout', 'out-patients', '2025-02-03 12:24:11', '1be0a9da-bff9-4ab6-a36c-edfd8ca88f1a'),
(102, '10', 'abdurrahman', 100, 0, 'Pharmarcy', 'Checkout', 'out-patients', '2025-02-03 12:28:56', '1be0a9da-bff9-4ab6-a36c-edfd8ca88f1a'),
(103, '10', 'abdurrahman', 100, 0, 'Pharmarcy', 'Checkout', 'out-patients', '2025-02-03 12:36:08', '1be0a9da-bff9-4ab6-a36c-edfd8ca88f1a'),
(104, '11-1', 'abdurrahman', 300, 0, 'Consultation', 'New Consultation', 'out-patients', '2025-02-03 12:36:51', '1be0a9da-bff9-4ab6-a36c-edfd8ca88f1a'),
(105, '1-1', 'abdurrahman', 300, 0, 'Consultation', 'New Consultation', 'out-patients', '2025-02-03 13:14:04', '1be0a9da-bff9-4ab6-a36c-edfd8ca88f1a'),
(106, '1', 'abdurrahman', 100, 0, 'Pharmarcy', 'Checkout', 'out-patients', '2025-02-03 13:15:40', '1be0a9da-bff9-4ab6-a36c-edfd8ca88f1a'),
(107, '', 'nasarawa', 100, 0, 'Pharmarcy', 'Checkout', 'out-patients', '2025-02-06 22:49:45', '052100000000'),
(108, '', 'nasarawa', 100, 0, 'Pharmarcy', 'Checkout', 'out-patients', '2025-02-06 22:50:08', '052100000000'),
(109, '5', 'nasarawa', 100, 0, 'Pharmarcy', 'Checkout', 'out-patients', '2025-02-06 22:50:31', '052100000000'),
(110, '5', 'nasarawa', 100, 0, 'Pharmarcy', 'Checkout', 'out-patients', '2025-02-06 22:52:49', '052100000000'),
(111, '4', 'nasarawa', 100, 0, 'Pharmarcy', 'Checkout', 'out-patients', '2025-02-06 23:02:35', '052100000000'),
(112, '3', 'nasarawa', 100, 0, 'Pharmarcy', 'Checkout', 'out-patients', '2025-02-06 23:05:24', '052100000000'),
(113, '4', 'nasarawa', 100, 0, 'Pharmarcy', 'Checkout', 'out-patients', '2025-02-06 23:07:22', '052100000000'),
(114, '3', 'nasarawa', 100, 0, 'Pharmarcy', 'Checkout', 'out-patients', '2025-02-06 23:09:04', '052100000000'),
(115, '5', 'nasarawa', 100, 0, 'Pharmarcy', 'Checkout', 'out-patients', '2025-02-07 01:27:33', '052100000000'),
(116, '6', 'nasarawa', 100, 0, 'Pharmarcy', 'Checkout', 'out-patients', '2025-02-07 01:28:28', '052100000000'),
(117, '5', 'nasarawa', 100, 0, 'Pharmarcy', 'Checkout', 'out-patients', '2025-02-07 01:32:09', '052100000000'),
(118, '4', 'abdurrahman', 100, 0, 'Pharmarcy', 'Checkout', 'out-patients', '2025-02-07 09:15:18', '1be0a9da-bff9-4ab6-a36c-edfd8ca88f1a'),
(119, '14', 'nasarawa', 100, 0, 'Pharmarcy', 'Checkout', 'out-patients', '2025-02-07 11:27:44', '052100000000'),
(120, '17', 'nasarawa', 100, 0, 'Pharmarcy', 'Checkout', 'out-patients', '2025-02-07 16:11:51', '052100000000'),
(121, '18', 'nasarawa', 100, 0, 'Pharmarcy', 'Checkout', 'out-patients', '2025-02-07 16:43:40', '052100000000'),
(122, '', 'nasarawa', 100, 0, 'Pharmarcy', 'Checkout', 'out-patients', '2025-02-09 11:37:07', '052100000000'),
(123, '17', 'nasarawa', 100, 0, 'Pharmarcy', 'Checkout', 'out-patients', '2025-02-10 09:27:48', '052100000000');

-- --------------------------------------------------------

--
-- Table structure for table `charges_fees_temp`
--

CREATE TABLE `charges_fees_temp` (
  `id` int(11) NOT NULL,
  `revenueSource` varchar(50) NOT NULL,
  `amount` int(11) NOT NULL,
  `accountHead` int(11) NOT NULL,
  `time_laps` int(11) DEFAULT NULL
) ENGINE=InnoDB DEFAULT CHARSET=utf8mb4 COLLATE=utf8mb4_general_ci;

--
-- Dumping data for table `charges_fees_temp`
--

INSERT INTO `charges_fees_temp` (`id`, `revenueSource`, `amount`, `accountHead`, `time_laps`) VALUES
(1, 'Pharmarcy', 100, 200, 1),
(2, 'Laboratory', 100, 300, 1),
(3, 'Consultation', 300, 400, 30);

-- --------------------------------------------------------

--
-- Table structure for table `chartofaccount`
--

CREATE TABLE `chartofaccount` (
  `code` varchar(3) NOT NULL,
  `head` varchar(100) DEFAULT NULL,
  `subHead` varchar(100) DEFAULT NULL,
  `description` varchar(20) NOT NULL,
  `balance` int(11) NOT NULL
) ENGINE=MyISAM DEFAULT CHARSET=latin1 COLLATE=latin1_swedish_ci;

--
-- Dumping data for table `chartofaccount`
--

INSERT INTO `chartofaccount` (`code`, `head`, `subHead`, `description`, `balance`) VALUES
('CLN', NULL, NULL, 'clinic', 62900),
('LAB', NULL, NULL, 'lab', 0);

-- --------------------------------------------------------

--
-- Table structure for table `comment`
--

CREATE TABLE `comment` (
  `facilityId` varchar(50) DEFAULT NULL,
  `id` int(100) NOT NULL,
  `booking_no` varchar(100) DEFAULT NULL,
  `user_id` varchar(100) DEFAULT NULL,
  `comment` varchar(3000) DEFAULT NULL,
  `useTemplate` varchar(50) DEFAULT NULL,
  `comment_type` varchar(50) DEFAULT NULL,
  `lab_name` varchar(100) DEFAULT NULL,
  `created_at` timestamp NOT NULL DEFAULT current_timestamp() ON UPDATE current_timestamp(),
  `updated_at` timestamp NULL DEFAULT NULL
) ENGINE=InnoDB DEFAULT CHARSET=latin1 COLLATE=latin1_swedish_ci;

-- --------------------------------------------------------

--
-- Table structure for table `consultations`
--

CREATE TABLE `consultations` (
  `id` varchar(50) NOT NULL,
  `patient_id` varchar(50) NOT NULL,
  `patient_name` varchar(60) DEFAULT NULL,
  `userId` varchar(50) NOT NULL,
  `seen_by` varchar(60) DEFAULT NULL,
  `consultation_notes` varchar(4000) NOT NULL,
  `treatmentPlan` varchar(4000) NOT NULL,
  `decision` varchar(50) NOT NULL,
  `dressing_request` varchar(500) NOT NULL,
  `nursing_request` varchar(500) NOT NULL,
  `nursing_request_status` varchar(20) NOT NULL DEFAULT 'pending',
  `facilityId` varchar(50) NOT NULL,
  `created_at` timestamp NOT NULL DEFAULT current_timestamp(),
  `treatment_plan_status` varchar(20) NOT NULL DEFAULT 'pending',
  `treatment_by` varchar(20) DEFAULT NULL
) ENGINE=InnoDB DEFAULT CHARSET=utf8mb4 COLLATE=utf8mb4_general_ci;

--
-- Dumping data for table `consultations`
--

INSERT INTO `consultations` (`id`, `patient_id`, `patient_name`, `userId`, `seen_by`, `consultation_notes`, `treatmentPlan`, `decision`, `dressing_request`, `nursing_request`, `nursing_request_status`, `facilityId`, `created_at`, `treatment_plan_status`, `treatment_by`) VALUES
('081e4c4f-018c-464e-a781-e0e2e0b210f6', '12-1', 'Frank Frank', 'abdurrahman', 'Abdurrahman Nasir', '', '', 'out-patient', '', '', 'pending', '1be0a9da-bff9-4ab6-a36c-edfd8ca88f1a', '2025-01-29 12:08:02', 'pending', NULL),
('08f061eb-dc55-4c13-9591-5a1cc3ac89ed', '12-1', 'Lll Lll', 'abdurrahman', 'Abdurrahman Nasir', '', '', 'out-patient', '', '', 'pending', '1be0a9da-bff9-4ab6-a36c-edfd8ca88f1a', '2025-02-03 09:53:00', 'pending', NULL),
('0f857d6d-e1ce-4919-84f9-94501374dd70', '7-1', 'Adama Sadiq Haruna', 'abdurrahman', 'Abdurrahman Nasir', '', '', 'admit', '', '', 'pending', '1be0a9da-bff9-4ab6-a36c-edfd8ca88f1a', '2024-10-14 12:12:43', 'pending', NULL),
('13353522-e81b-4412-9e80-06ca2362ab5c', '10-1', 'Haruna Sadiq', 'abdurrahman', 'Abdurrahman Nasir', '', '', 'out-patient', '', '', 'pending', '1be0a9da-bff9-4ab6-a36c-edfd8ca88f1a', '2025-02-02 10:30:30', 'pending', NULL),
('20e3888d-e953-4017-9f76-83ff4ebf01fc', '7-1', 'Adama Sadiq Haruna', 'abdurrahman', 'Abdurrahman Nasir', '', '', 'admit', '', '', 'pending', '1be0a9da-bff9-4ab6-a36c-edfd8ca88f1a', '2024-10-14 12:42:07', 'pending', NULL),
('22fe8ec8-e62c-442f-98af-41138a6c5b46', '12-1', 'Lll Lll', 'abdurrahman', 'Abdurrahman Nasir', '', '', 'out-patient', '', '', 'pending', '1be0a9da-bff9-4ab6-a36c-edfd8ca88f1a', '2025-02-03 10:04:19', 'pending', NULL),
('243581d7-2aa3-4c22-a720-bf3207b64295', '2-1', 'Ahmad Salem Saluhu', 'abdurrahman', 'Abdurrahman Nasir', '', '', 'admit', '', '', 'pending', '1be0a9da-bff9-4ab6-a36c-edfd8ca88f1a', '2024-10-10 08:32:35', 'pending', NULL),
('2471b043-8def-4e16-9fb9-eefc99d343f5', '7-1', 'Adama Sadiq Haruna', 'abdurrahman', 'Abdurrahman Nasir', '', '', 'admit', '', '', 'pending', '1be0a9da-bff9-4ab6-a36c-edfd8ca88f1a', '2024-10-14 12:12:15', 'pending', NULL),
('278ba6e2-4b8a-46a1-9c3c-98f86d6659c9', '13-1', 'Mary DIvine', 'abdurrahman', 'Abdurrahman Nasir', '', '', 'out-patient', '', '', 'pending', '1be0a9da-bff9-4ab6-a36c-edfd8ca88f1a', '2025-01-29 13:38:35', 'pending', NULL),
('2f97c0d9-16f3-4f65-a501-ebb88668fe33', '12-1', 'Praise Praise', 'abdurrahman', 'Abdurrahman Nasir', '', '', 'out-patient', '', '', 'pending', '1be0a9da-bff9-4ab6-a36c-edfd8ca88f1a', '2025-01-31 12:34:31', 'pending', NULL),
('34e17ffa-d0e8-4be9-b942-a03cb228f4d0', '12-1', 'Lll Lll', 'abdurrahman', 'Abdurrahman Nasir', '', '', 'out-patient', '', '', 'pending', '1be0a9da-bff9-4ab6-a36c-edfd8ca88f1a', '2025-02-03 10:16:32', 'pending', NULL),
('4ca6a80c-2c94-412e-950b-5e0bc82c60e5', '11-1', 'Kkk Kkk', 'abdurrahman', 'Abdurrahman Nasir', '', '', 'out-patient', '', '', 'pending', '1be0a9da-bff9-4ab6-a36c-edfd8ca88f1a', '2025-02-03 12:36:51', 'pending', NULL),
('4d1efcc6-e9fa-44bd-8e4a-fa27d0a0035b', '8-1', 'Amina Kabir Saluhu', 'abdurrahman', 'Abdurrahman Nasir', '9ok8ij7uh6ygtf', 'j7uyhtbgrvf', 'admit', '', '', 'pending', '1be0a9da-bff9-4ab6-a36c-edfd8ca88f1a', '2024-10-11 13:43:08', 'pending', NULL),
('59924e2f-721a-44a5-a470-97ab2a2d7ba3', '7-1', 'Adama Sadiq Haruna', 'abdurrahman', 'Abdurrahman Nasir', '', '', 'admit', '', '', 'pending', '1be0a9da-bff9-4ab6-a36c-edfd8ca88f1a', '2024-10-14 12:02:35', 'pending', NULL),
('609d0d27-1dd4-4347-a232-9153f56e9a2b', '7-1', 'Adama Sadiq Haruna', 'abdurrahman', 'Abdurrahman Nasir', '', '', 'admit', '', '', 'pending', '1be0a9da-bff9-4ab6-a36c-edfd8ca88f1a', '2024-10-14 12:31:37', 'pending', NULL),
('6309fede-060e-4c61-a78c-e74a3578c4c6', '11-1', 'Kkk Kkk', 'abdurrahman', 'Abdurrahman Nasir', '', '', 'out-patient', '', '', 'pending', '1be0a9da-bff9-4ab6-a36c-edfd8ca88f1a', '2025-02-03 10:04:46', 'pending', NULL),
('6c7d3a28-6d4b-4b3e-b112-d36bdfb4959a', '13-1', 'Fff Fff', 'abdurrahman', 'Abdurrahman Nasir', '', '', 'out-patient', '', '', 'pending', '1be0a9da-bff9-4ab6-a36c-edfd8ca88f1a', '2025-02-03 10:30:15', 'pending', NULL),
('6ef81372-68a2-427c-8733-12db5a742c7d', '11-1', 'Kkk Kkk', 'abdurrahman', 'Abdurrahman Nasir', '', '', 'out-patient', '', '', 'pending', '1be0a9da-bff9-4ab6-a36c-edfd8ca88f1a', '2025-02-03 10:30:46', 'pending', NULL),
('76e1b857-7d73-4ee2-a831-725e5beb1c30', '2-1', 'Ahmad Salem Saluhu', 'abdurrahman', 'Abdurrahman Nasir', '', '', 'admit', '', '', 'pending', '1be0a9da-bff9-4ab6-a36c-edfd8ca88f1a', '2024-10-14 13:09:23', 'pending', NULL),
('7d52e037-beb5-4a1e-bf4c-c5c671267356', '13-1', 'Fff Fff', 'abdurrahman', 'Abdurrahman Nasir', '', '', 'out-patient', '', '', 'pending', '1be0a9da-bff9-4ab6-a36c-edfd8ca88f1a', '2025-02-03 11:27:56', 'pending', NULL),
('843c0718-e315-42ec-a5c1-bf2d18d8f8b0', '1-1', 'Haruna Sadiq', 'abdurrahman', 'Abdurrahman Nasir', '', '', 'admit', '', '', 'pending', '1be0a9da-bff9-4ab6-a36c-edfd8ca88f1a', '2025-02-03 13:14:04', 'pending', NULL),
('8bfbd162-83d7-4ddb-bb2a-14734797eb3c', '2-1', 'Ahmad Salem Saluhu', 'abdurrahman', 'Abdurrahman Nasir', '', '', 'admit', '', '', 'pending', '1be0a9da-bff9-4ab6-a36c-edfd8ca88f1a', '2024-10-14 13:07:14', 'pending', NULL),
('8d5946e7-98a0-4367-809d-0ad08379b780', '8-1', 'Amina Kabir Saluhu', 'abdurrahman', 'Abdurrahman Nasir', '', '', 'admit', '', '', 'pending', '1be0a9da-bff9-4ab6-a36c-edfd8ca88f1a', '2024-10-11 13:44:58', 'pending', NULL),
('8dab32ea-94f4-490e-b5b3-290d4d9fa7d7', '7-1', 'Adama Sadiq Haruna', 'abdurrahman', 'Abdurrahman Nasir', '', '', 'admit', '', '', 'pending', '1be0a9da-bff9-4ab6-a36c-edfd8ca88f1a', '2024-10-14 12:29:59', 'pending', NULL),
('92d7601b-460e-437f-a059-128ac8468874', '15-1', 'Ckay Ckay', 'abdurrahman', 'Abdurrahman Nasir', '', '', 'out-patient', '', '', 'pending', '1be0a9da-bff9-4ab6-a36c-edfd8ca88f1a', '2025-01-29 14:24:04', 'pending', NULL),
('9e4fae60-fbd2-479e-8a7c-db127870fd1c', '7-1', 'Adama Sadiq Haruna', 'abdurrahman', 'Abdurrahman Nasir', '', '', 'admit', '', '', 'pending', '1be0a9da-bff9-4ab6-a36c-edfd8ca88f1a', '2024-10-14 12:53:02', 'pending', NULL),
('a3f1dc1d-fb0f-4921-a5ff-37d073c83b05', '13-1', 'Lll Lll', 'abdurrahman', 'Abdurrahman Nasir', '', '', 'out-patient', '', '', 'pending', '1be0a9da-bff9-4ab6-a36c-edfd8ca88f1a', '2025-02-03 09:33:48', 'pending', NULL),
('acbcdfe4-e748-47aa-aa3d-8448f14b821c', '10-1', 'Haruna Sadiq', 'abdurrahman', 'Abdurrahman Nasir', '', '', 'out-patient', '', '', 'pending', '1be0a9da-bff9-4ab6-a36c-edfd8ca88f1a', '2025-02-03 11:28:17', 'pending', NULL),
('b198dffd-910c-4649-941d-c819d3ea96d9', '9-1', 'Dickson Dickson', 'abdurrahman', 'Abdurrahman Nasir', '', '', 'out-patient', '', '', 'pending', '1be0a9da-bff9-4ab6-a36c-edfd8ca88f1a', '2025-01-27 11:55:51', 'pending', NULL),
('b393013b-df06-4d6a-8a16-46d88eacc251', '10-1', 'Haruna Sadiq', 'abdurrahman', 'Abdurrahman Nasir', '', '', 'out-patient', '', '', 'pending', '1be0a9da-bff9-4ab6-a36c-edfd8ca88f1a', '2025-02-02 13:50:37', 'pending', NULL),
('b532214a-aae3-4547-9761-21be560c199f', '10-1', 'Haruna Sadiq', 'abdurrahman', 'Abdurrahman Nasir', '', '', 'out-patient', '', '', 'pending', '1be0a9da-bff9-4ab6-a36c-edfd8ca88f1a', '2025-02-02 10:54:43', 'pending', NULL),
('b5bf6fec-28f0-4e74-a2e3-6682e470fded', '2-1', 'Ahmad Salem Saluhu', 'abdurrahman', 'Abdurrahman Nasir', '', '', 'admit', '', '', 'pending', '1be0a9da-bff9-4ab6-a36c-edfd8ca88f1a', '2024-10-14 13:08:22', 'pending', NULL),
('c49c6106-a2b8-4e2a-987f-fd279089778e', '2-1', 'Ahmad Salem Saluhu', 'abdurrahman', 'Abdurrahman Nasir', '', '', 'admit', '', '', 'pending', '1be0a9da-bff9-4ab6-a36c-edfd8ca88f1a', '2024-10-14 13:05:52', 'pending', NULL),
('d12c4712-14e0-4541-98ee-4a606d9f676e', '2-1', 'Ahmad Salem Saluhu', 'abdurrahman', 'Abdurrahman Nasir', '', '', 'admit', '', '', 'pending', '1be0a9da-bff9-4ab6-a36c-edfd8ca88f1a', '2024-10-14 12:56:15', 'pending', NULL),
('d2e8f278-29cb-4807-bb19-4a209fb716ad', '2-1', 'Ahmad Salem Saluhu', 'abdurrahman', 'Abdurrahman Nasir', '', '', 'admit', '', '', 'pending', '1be0a9da-bff9-4ab6-a36c-edfd8ca88f1a', '2024-10-10 08:43:11', 'pending', NULL),
('d7e8af6f-0905-460b-a68a-a8b3f34d2f36', '10-1', 'Frank Frank', 'abdurrahman', 'Abdurrahman Nasir', '', '', 'out-patient', '', '', 'pending', '1be0a9da-bff9-4ab6-a36c-edfd8ca88f1a', '2025-01-29 09:13:19', 'pending', NULL),
('dc6c8602-c9f5-4966-900a-053fac9a3ad5', '2-1', 'Ahmad Salem Saluhu', 'abdurrahman', 'Abdurrahman Nasir', '', '', 'admit', '', '', 'pending', '1be0a9da-bff9-4ab6-a36c-edfd8ca88f1a', '2024-10-10 12:41:53', 'pending', NULL),
('e38885c3-e1da-43e6-8464-d09a33d011dd', '10-1', 'Haruna Sadiq', 'abdurrahman', 'Abdurrahman Nasir', '', '', 'out-patient', '', '', 'pending', '1be0a9da-bff9-4ab6-a36c-edfd8ca88f1a', '2025-02-03 10:04:33', 'pending', NULL),
('e62ad713-21f4-4b29-9bf6-ce837e2dafbc', '7-1', 'Adama Sadiq Haruna', 'abdurrahman', 'Abdurrahman Nasir', '', '', 'admit', '', '', 'pending', '1be0a9da-bff9-4ab6-a36c-edfd8ca88f1a', '2024-10-14 12:15:26', 'pending', NULL),
('e648b035-fddb-4b68-90ea-e312551402e0', '7-1', 'Adama Sadiq Haruna', 'abdurrahman', 'Abdurrahman Nasir', '', '', 'admit', '', '', 'pending', '1be0a9da-bff9-4ab6-a36c-edfd8ca88f1a', '2024-10-14 12:51:28', 'pending', NULL),
('f1cd26ed-c187-4a28-bbaf-cfe3ee91934d', '7-1', 'Adama Sadiq Haruna', 'abdurrahman', 'Abdurrahman Nasir', '', '', 'admit', '', '', 'pending', '1be0a9da-bff9-4ab6-a36c-edfd8ca88f1a', '2024-10-14 12:49:14', 'pending', NULL),
('f71c7dbd-5575-4f8f-b917-cfee9810b507', '10-1', 'Haruna Sadiq', 'abdurrahman', 'Abdurrahman Nasir', '', '', 'out-patient', '', '', 'pending', '1be0a9da-bff9-4ab6-a36c-edfd8ca88f1a', '2025-02-02 13:54:31', 'pending', NULL),
('f9b1e1d9-9515-4ea9-8de9-b4cfd2a59100', '10-1', 'Haruna Sadiq', 'abdurrahman', 'Abdurrahman Nasir', '', '', 'out-patient', '', '', 'pending', '1be0a9da-bff9-4ab6-a36c-edfd8ca88f1a', '2025-02-03 10:16:47', 'pending', NULL);

-- --------------------------------------------------------

--
-- Table structure for table `consultations_bkp`
--

CREATE TABLE `consultations_bkp` (
  `id` varchar(50) NOT NULL,
  `patient_id` varchar(50) NOT NULL,
  `patient_name` varchar(60) DEFAULT NULL,
  `userId` varchar(50) NOT NULL,
  `seen_by` varchar(60) DEFAULT NULL,
  `consultation_notes` varchar(4000) NOT NULL,
  `treatmentPlan` varchar(4000) NOT NULL,
  `decision` varchar(50) NOT NULL,
  `dressing_request` varchar(500) NOT NULL,
  `nursing_request` varchar(500) NOT NULL,
  `nursing_request_status` varchar(20) NOT NULL DEFAULT 'pending',
  `facilityId` varchar(50) NOT NULL,
  `created_at` timestamp NOT NULL DEFAULT current_timestamp(),
  `treatment_plan_status` varchar(20) NOT NULL DEFAULT 'pending',
  `treatment_by` varchar(20) DEFAULT NULL
) ENGINE=InnoDB DEFAULT CHARSET=utf8mb4 COLLATE=utf8mb4_general_ci;

--
-- Dumping data for table `consultations_bkp`
--

INSERT INTO `consultations_bkp` (`id`, `patient_id`, `patient_name`, `userId`, `seen_by`, `consultation_notes`, `treatmentPlan`, `decision`, `dressing_request`, `nursing_request`, `nursing_request_status`, `facilityId`, `created_at`, `treatment_plan_status`, `treatment_by`) VALUES
('000199fc-d60b-4695-b494-bfe2f6887475', '9045-2', 'Isa Adam', 'drmuby', 'Musa Mubarak', 'Pt seen\n\n3DPO\nHad T11/T12/L2/L3 PSF + Laminectomy 2° to T12/L1 wedge collapse with myelopathy\nNFC\no/e GCS, anicteric, not pale, not dehydrated, NPE\nBP=120/70 mmhg, Pr= 80mmhg\nSpo2- 93% on RA\nDrain in situ draining about 80 mls of mixed blood in 24hrs\nASS= Stable post op', 'Do post op X-ray\nCt ongoing Medication', 'admit', '', '', 'pending', '1be0a9da-bff9-4ab6-a36c-edfd8ca88f1a', '2024-02-16 12:14:28', 'pending', NULL),
('06400387-73ef-4094-b39b-389c2a53209c', '9045-2', 'Isa Adam', 'mk', 'DR MK Abubakar', 'seen\nwith difficulty walking for 2month\n20yrs history of trauma\nno fever\no/e                                                                                                                                                                   gibbus', 'x ray, mri,\npsa,uric acid, fbc', 'out-patient', '', '', 'pending', '1be0a9da-bff9-4ab6-a36c-edfd8ca88f1a', '2024-01-29 16:48:41', 'pending', NULL),
('13f6a6e9-3f7a-4897-9c09-b21af34e7358', '9045-2', 'Isa Adam', 'Dr abm', 'Abubakar Bala', '', '', 'admit', '', '', 'pending', '1be0a9da-bff9-4ab6-a36c-edfd8ca88f1a', '2024-02-18 12:29:00', 'pending', NULL),
('1b739f19-8f1c-4632-b774-776ba5ceb09e', '9045-2', 'Isa Adam', 'Dr abm', 'Abubakar Bala', '', '', 'admit', '', '', 'pending', '1be0a9da-bff9-4ab6-a36c-edfd8ca88f1a', '2024-02-17 13:28:59', 'pending', NULL),
('29ffa71e-0bf5-437a-a6cf-448d970ae8a8', '9045-2', 'Isa Adam', 'drmuby', 'Musa Mubarak', 'Pt seen\n2DPO\nHad T11/T12/L2/L3 PSF + Laminectomy 2° to T12/L1 wedge collapse with myelopathy\nc/o of pain has subsided\nNFC\n\no/e GCS, anicteric, not pale, not dehydrated, NPE\n\nBP=120/70 mmhg, Pr= 80mmhg\n\nSpo2- 93% on RA\nDrain insitu draining about 700mls of mixed blood in 48hrs\nASS= Stable post op', 'Empty drain\nct post op medication\ndo post op fbc x diff', 'admit', '', '', 'pending', '1be0a9da-bff9-4ab6-a36c-edfd8ca88f1a', '2024-02-15 10:31:24', 'pending', NULL),
('3d5e05a8-9725-4ff2-a874-50dcc3237144', '9045-2', 'Isa Adam', 'King', 'Dr James King', 'Ward Round.\n\nPatient seen. 6DPO\n\nA case of T12/L1 wedge collapse with myelopathy.\n\nHe had T11/T12/L2/L3 PSF + Laminectomy surgery 6 days ago.\n\nPatient still c/o Left LL weakness.\n\nStable and calm.\n\nNFC today.\n\no/e: GC stable, not pale, afebrile, acyanosed, anicteric, not dehydrated, nil pedal edema.\n\nOp-site --Clean and dry, draining 200mls of SHF\n\nPR=80b/m, 110/60mmHg\n\nSpO2--95% in room air \n\nAss: Stable.\n\n', 'To do  post-op  Thoroco- Lumbar XR...ap and lat.\nIntensive physiotherapy (Call Sadiq Physio)\nRemove drain.\nWound dressing.\nThoraco-lumbar corset application\nContinue other management.\nComplete IV medications and commence..\nTabs Levofloxacin 500mg every 12 Hourly for 5 days\nCaps Clindamycin 300mg TDS x\nTabs Pregabalin 75mg every 12 Hourly for 5 days\nTabs Neurovite i every Once Daily for 2 weeks\nTabs Eproxen 500mg every 12 Hourly for 10 days', 'admit', '', '', 'pending', '1be0a9da-bff9-4ab6-a36c-edfd8ca88f1a', '2024-02-19 10:40:41', 'pending', NULL),
('40d5bf43-e781-432a-92ee-3e4d8b46ecd3', '9045-2', 'Isa Adam', 'mk', 'DR MK Abubakar', 'SEEN\n3MONTH POST OP\nAMBULATING WELL', 'FLOTAC\nANOROL', 'out-patient', '', '', 'pending', '1be0a9da-bff9-4ab6-a36c-edfd8ca88f1a', '2024-05-16 17:06:45', 'pending', NULL),
('497f6a97-d223-40f2-9877-bff390b45c26', '9045-2', 'Isa Adam', 'King', 'Dr James King', 'Ward Round.\n\nPatient seen. 7DPO\n\nA case of T12/L1 wedge collapse with myelopathy.\n\nHe had T11/T12/L2/L3 PSF + Laminectomy surgery\nStable and calm.\n\nNFC today.\n\no/e: GC stable, not pale, afebrile, acyanosed, anicteric, not dehydrated, nil pedal edema.\n\nOp-site --Clean and dry, draining 200mls of SHF\n\nPR=80b/m, 120/70mmHg\n\nSpO2--95% in room air\n\nAss: Stable.\n', 'Continue physiotherapy \nWound dressing.\nThoraco-lumbar corset application\nContinue other management.', 'admit', '', '', 'pending', '1be0a9da-bff9-4ab6-a36c-edfd8ca88f1a', '2024-02-20 12:04:08', 'pending', NULL),
('4b3e52d4-c1d7-42f7-ae5e-802c567723d8', '9045-2', 'Isa Adam', 'King', 'Dr James King', 'Ward Round.\n\nPatient seen. 8DPO\n\nA case of T12/L1 wedge collapse with myelopathy.\n\nHe had T11/T12/L2/L3 PSF + Laminectomy surgery\n\nStable and calm.\n\nNFC today.\n\no/e: GC stable, not pale, afebrile, acyanosed, anicteric, not dehydrated, nil pedal edema.\n\nOp-site --Clean and dry, draining 200mls of SHF\n\nPR=80b/m, 130/70mmHg\n\nSpO2--96% in room air\n\nAss: Stable.\n', 'FOR DR MK REVIEW \nContinue physiotherapy\n\nWound dressing.\n\nThoraco-lumbar corset application\n\nContinue other management.', 'admit', '', '', 'pending', '1be0a9da-bff9-4ab6-a36c-edfd8ca88f1a', '2024-02-21 10:53:27', 'pending', NULL),
('4b7e75dc-cac3-4be2-8273-0e7a972e36a5', '9045-2', 'Isa Adam', 'Dr abm', 'Abubakar Bala', 'WARD ROUND\n\nPt seen\n\n5DPO\n\nHad T11/T12/L2/L3 PSF + Laminectomy 2° to T12/L1 wedge collapse with myelopathy\n\nC/O FEVER,JOINT PAIN,COUGH AND CATARRH\n\no/e GCS, anicteric, not pale, not dehydrated, NPE\n\nBP=120/70 mmhg, Pr= 80mmhg\n\nSpo2- 93% on RA\n\nWOUND DRESSING =SOAKED\n\nDrain in situ draining about 100 mls of mixed blood in 24hrs\n\nASS= Stable post op+ ?MALARIA +RTI', 'DO MPS \nSYR BROZELIN 10MLS TDS \nIM EMAL 150MG STAT\nIV PCM 300MG 8HRLY X 24HRS ', 'admit', '', '', 'pending', '1be0a9da-bff9-4ab6-a36c-edfd8ca88f1a', '2024-02-18 12:16:10', 'pending', NULL),
('528dbe0f-889d-4a4b-b106-322992b50829', '9045-2', 'Isa Adam', 'Dr mubarak', 'Dr mubarak Abba Usman ', '', '', 'admit', '', '', 'pending', '1be0a9da-bff9-4ab6-a36c-edfd8ca88f1a', '2024-02-13 21:01:52', 'pending', NULL),
('6464909b-faa4-486e-a83e-d78c22dd5e7f', '9045-2', 'Isa Adam', 'drmuby', 'Musa Mubarak', 'Pt seen\n\nA case of compressive myelopathy of t12/l1\n\nBeing prepared for surgery\n\nHas NFC today\n\no/e GCS, afebrile, anicteric, acyanosed, not dehydrated, NPE\n\nBp=110/80mmhg, Pr-76b/m\n\nSpo2-98% on RA\n\nASS- Same', 'for surgery today', 'admit', '', '', 'pending', '1be0a9da-bff9-4ab6-a36c-edfd8ca88f1a', '2024-02-13 11:55:28', 'pending', NULL),
('84fa0c41-d1c0-4ea1-9a67-fcecf673ad98', '9045-2', 'Isa Adam', 'drmuby', 'Musa Mubarak', 'Pt seen\nA case of compressive myelopathy of t12/l1\nBeing prepared for surgery\nHas NFC today\no/e GCS, afebrile, anicteric, acyanosed, not dehydrated, NPE\nBp=110/80mmhg, Pr-76b/m\nSpo2-98% on RA\nASS- Same', 'For surgery on tuesday as planned', 'admit', '', '', 'pending', '1be0a9da-bff9-4ab6-a36c-edfd8ca88f1a', '2024-02-12 10:51:19', 'pending', NULL),
('9dbef49b-c413-450b-a836-01a253be0589', '9045-2', 'Isa Adam', 'Dr abm', 'Abubakar Bala', 'WARD ROUND \nPt seen\n\n4DPO\n\nHad T11/T12/L2/L3 PSF + Laminectomy 2° to T12/L1 wedge collapse with myelopathy\n\nNFC TODAY\n\no/e GCS, anicteric, not pale, not dehydrated, NPE\n\nBP=120/70 mmhg, Pr= 80mmhg\n\nSpo2- 93% on RA\nWOUND DRESSING =SOAKED\nDrain in situ draining about 100 mls of mixed blood in 24hrs\n\nASS= Stable post op', 'CHANGE WOUND DRESSING \nCT PHYSIOTHERAPHY \nCT ONGOING MGT ', 'admit', '', '', 'pending', '1be0a9da-bff9-4ab6-a36c-edfd8ca88f1a', '2024-02-17 11:34:04', 'pending', NULL),
('b96a1573-989b-48d2-aa13-6e486a3ad628', '9045-2', 'Isa Adam', 'mk', 'DR MK Abubakar', 'seen\nwith post traumatic gibbus \nhad been progressive\nnow associated with difficulty w2alking\nmri wege collapse of t12\nsensation intact\npower lower limb\n4/5 grossly\nASS compressive myelopathy of t12/l1\n', 'ADMIT PRIVATE 2\nfor surgery on tuesday\nfbc, clotting profile,\nu and e, \nECHO ECG\nGROUP AND XMATCH 2PINT', 'admit', '', '', 'pending', '1be0a9da-bff9-4ab6-a36c-edfd8ca88f1a', '2024-02-11 13:55:42', 'pending', NULL),
('c7daf9cb-424d-4680-9198-11ba5e5f2038', '9045-2', 'Isa Adam', 'drmuby', 'Musa Mubarak', 'Pt seen\n1DPO\nHad T11/T12/L2/L3 PSF + Laminectomy 2° to T12/L1 wedge collapse with myelopathy\nc/o of pain at op site\nNFC\no/e in painful distress, anicteric, not pale, not dehydrated, NPE\nBP=120/70 mmhg, Pr= 80mmhg\nSpo2- 93% on RA\nASS= Stable post op\n', 'iv omeprazole 20mg 12hrly x 48hrs\nim diclofenac 75mg 12hrly x 48hrs', 'admit', '', '', 'pending', '1be0a9da-bff9-4ab6-a36c-edfd8ca88f1a', '2024-02-14 11:24:04', 'pending', NULL),
('d0e038c4-9a55-48a0-9fae-fe964b1dd5d6', '9045-2', 'Isa Adam', 'Salihi', 'Dr Salihi Abdulmalik', 'Seen\n19 days post op \nPatient has significant improvement, power in the lower limbs improved\nAbmulating with BAC\nASS: Improving', 'Tabs Pregabalin 75 mg bd\nTabs Eproxane PRN\nTabs Neurovite I od', 'out-patient', '', '', 'pending', '1be0a9da-bff9-4ab6-a36c-edfd8ca88f1a', '2024-03-03 13:50:16', 'pending', NULL),
('f818275a-ce49-4518-847f-a3e2722ef106', '9045-2', 'Isa Adam', 'King', 'Dr James King', 'Ward Round.\n\nPatient seen. 9DPO\n\nA case of T12/L1 wedge collapse with myelopathy.\n\nHe had T11/T12/L2/L3 PSF + Laminectomy surgery\n\nStable and calm.\n\nNFC today.\n\no/e: GC stable, not pale, afebrile, acyanosed, anicteric, not dehydrated, nil pedal edema.\n\nOp-site --Clean and dry\nPR=84b/m, 130/80mmHg\n\nSpO2--97% in room air\n\nAss: Stable', 'Discharge home on his current oral medications...\nContinue physiotherapy as an outpatient\nSee Dr MK Abubakar in 1/52 as follow up.\n', 'admit', '', '', 'pending', '1be0a9da-bff9-4ab6-a36c-edfd8ca88f1a', '2024-02-22 12:41:11', 'pending', NULL);

-- --------------------------------------------------------

--
-- Table structure for table `contacts`
--

CREATE TABLE `contacts` (
  `id` char(36) CHARACTER SET latin1 COLLATE latin1_bin NOT NULL,
  `firstname` varchar(255) DEFAULT NULL,
  `lastname` varchar(255) DEFAULT NULL,
  `message` varchar(255) DEFAULT NULL,
  `email` varchar(255) DEFAULT NULL,
  `createdAt` datetime NOT NULL,
  `updatedAt` datetime NOT NULL
) ENGINE=InnoDB DEFAULT CHARSET=latin1 COLLATE=latin1_swedish_ci;

-- --------------------------------------------------------

--
-- Table structure for table `daily_register`
--

CREATE TABLE `daily_register` (
  `code` int(11) NOT NULL,
  `day` date NOT NULL,
  `amount` int(11) NOT NULL,
  `created_at` timestamp NOT NULL DEFAULT current_timestamp(),
  `created_by` varchar(50) NOT NULL
) ENGINE=InnoDB DEFAULT CHARSET=latin1 COLLATE=latin1_swedish_ci;

-- --------------------------------------------------------

--
-- Table structure for table `department`
--

CREATE TABLE `department` (
  `id` int(11) NOT NULL,
  `dept_name` varchar(50) NOT NULL,
  `created_by` varchar(50) NOT NULL,
  `created_at` timestamp NOT NULL DEFAULT current_timestamp(),
  `facilityId` varchar(50) NOT NULL
) ENGINE=InnoDB DEFAULT CHARSET=utf8mb4 COLLATE=utf8mb4_general_ci;

-- --------------------------------------------------------

--
-- Table structure for table `diagnosis`
--

CREATE TABLE `diagnosis` (
  `facilityId` varchar(50) NOT NULL,
  `vital_weight` varchar(10) DEFAULT NULL,
  `vital_height` varchar(10) DEFAULT NULL,
  `headcircumference` varchar(50) DEFAULT NULL,
  `muac` varchar(50) DEFAULT NULL,
  `tempreture` varchar(10) DEFAULT NULL,
  `pulse` varchar(10) DEFAULT NULL,
  `bloodpressure` varchar(15) DEFAULT NULL,
  `respiratory` varchar(15) DEFAULT NULL,
  `nutrition` varchar(50) DEFAULT NULL,
  `immunization` varchar(200) DEFAULT NULL,
  `development` varchar(200) DEFAULT NULL,
  `pbnh` varchar(200) DEFAULT NULL,
  `generalexamination` varchar(500) DEFAULT NULL,
  `cvs` varchar(50) DEFAULT NULL,
  `cns` varchar(50) DEFAULT NULL,
  `mss` varchar(50) DEFAULT NULL,
  `abdomen` varchar(50) DEFAULT NULL,
  `problem1` varchar(2000) DEFAULT NULL,
  `problem2` varchar(2000) DEFAULT NULL,
  `problem3` varchar(2000) DEFAULT NULL,
  `problem4` varchar(2000) DEFAULT NULL,
  `problem5` varchar(2000) DEFAULT NULL,
  `provisionalDiagnosis1` varchar(2000) DEFAULT NULL,
  `provisionalDiagnosis2` varchar(2000) DEFAULT NULL,
  `provisionalDiagnosis3` varchar(2000) DEFAULT NULL,
  `provisionalDiagnosis4` varchar(2000) DEFAULT NULL,
  `provisionalDiagnosis5` varchar(2000) DEFAULT NULL,
  `addedcare` varchar(2000) DEFAULT NULL,
  `partToDress` varchar(500) DEFAULT NULL,
  `dresswith` varchar(500) DEFAULT NULL,
  `seen_by` varchar(50) DEFAULT NULL,
  `patient_id` varchar(50) NOT NULL,
  `date` datetime DEFAULT current_timestamp(),
  `status` varchar(50) DEFAULT NULL,
  `appointment_date` datetime DEFAULT NULL,
  `comment` varchar(150) DEFAULT NULL,
  `pastSurgicalHistory` varchar(500) DEFAULT NULL,
  `social` varchar(400) DEFAULT NULL,
  `otherSocialHistory` varchar(2000) DEFAULT NULL,
  `obtsGyneaHistory` varchar(2000) DEFAULT NULL,
  `pasttMedicalHistory` varchar(2000) DEFAULT NULL,
  `allergy` varchar(60) DEFAULT NULL,
  `otherAllergies` varchar(2000) DEFAULT NULL,
  `drugHistory` varchar(2000) DEFAULT NULL,
  `otherSysExamination` varchar(2000) DEFAULT NULL,
  `respiratoryRate` varchar(20) DEFAULT NULL,
  `athropometry_height` varchar(10) DEFAULT NULL,
  `presenting_complaints` varchar(2000) DEFAULT NULL,
  `athropometry_weight` varchar(10) DEFAULT NULL,
  `id` int(11) NOT NULL,
  `BMR` varchar(5) DEFAULT NULL,
  `BVR` varchar(5) DEFAULT NULL,
  `LLL` varchar(5) DEFAULT NULL,
  `RLL` varchar(5) DEFAULT NULL,
  `LUL` varchar(5) DEFAULT NULL,
  `RUL` varchar(5) NOT NULL,
  `management_plan` varchar(2000) DEFAULT NULL,
  `asthmatic` varchar(5) DEFAULT NULL,
  `dehydration` varchar(20) DEFAULT NULL,
  `diabetic` varchar(5) DEFAULT NULL,
  `diabeticRegularOnMedication` varchar(50) DEFAULT NULL,
  `hypertensive` varchar(5) DEFAULT NULL,
  `hypertensiveDuration` varchar(50) DEFAULT NULL,
  `eye_opening` varchar(5) DEFAULT NULL,
  `others` varchar(50) DEFAULT NULL,
  `palor` varchar(5) DEFAULT NULL,
  `pastMedicalHistory` varchar(200) DEFAULT NULL,
  `observation_request` varchar(2000) DEFAULT NULL,
  `hypertensiveRegularOnMedication` varchar(50) DEFAULT NULL,
  `optimalSugarControl` varchar(50) DEFAULT NULL,
  `drugAllergy` varchar(50) DEFAULT NULL,
  `dressing_request` varchar(500) DEFAULT NULL,
  `nursing_request` varchar(500) DEFAULT NULL,
  `nursing_request_status` varchar(50) DEFAULT NULL
) ENGINE=InnoDB DEFAULT CHARSET=latin1 COLLATE=latin1_swedish_ci;

--
-- Dumping data for table `diagnosis`
--

INSERT INTO `diagnosis` (`facilityId`, `vital_weight`, `vital_height`, `headcircumference`, `muac`, `tempreture`, `pulse`, `bloodpressure`, `respiratory`, `nutrition`, `immunization`, `development`, `pbnh`, `generalexamination`, `cvs`, `cns`, `mss`, `abdomen`, `problem1`, `problem2`, `problem3`, `problem4`, `problem5`, `provisionalDiagnosis1`, `provisionalDiagnosis2`, `provisionalDiagnosis3`, `provisionalDiagnosis4`, `provisionalDiagnosis5`, `addedcare`, `partToDress`, `dresswith`, `seen_by`, `patient_id`, `date`, `status`, `appointment_date`, `comment`, `pastSurgicalHistory`, `social`, `otherSocialHistory`, `obtsGyneaHistory`, `pasttMedicalHistory`, `allergy`, `otherAllergies`, `drugHistory`, `otherSysExamination`, `respiratoryRate`, `athropometry_height`, `presenting_complaints`, `athropometry_weight`, `id`, `BMR`, `BVR`, `LLL`, `RLL`, `LUL`, `RUL`, `management_plan`, `asthmatic`, `dehydration`, `diabetic`, `diabeticRegularOnMedication`, `hypertensive`, `hypertensiveDuration`, `eye_opening`, `others`, `palor`, `pastMedicalHistory`, `observation_request`, `hypertensiveRegularOnMedication`, `optimalSugarControl`, `drugAllergy`, `dressing_request`, `nursing_request`, `nursing_request_status`) VALUES
('1be0a9da-bff9-4ab6-a36c-edfd8ca88f1a', 'undefined', 'undefined', 'undefined', 'undefined', 'undefined', 'undefined', 'undefined', 'undefined', 'undefined', 'undefined', 'undefined', 'undefined', 'undefined', 'undefined', 'undefined', 'undefined', 'undefined', 'undefined', 'undefined', 'undefined', 'undefined', 'undefined', 'undefined', 'undefined', 'undefined', 'undefined', 'undefined', NULL, 'undefined', 'undefined', 'abdurrahman', '3491-2', '2021-09-29 19:58:00', 'seen', NULL, NULL, 'undefined', 'undefined', 'undefined', 'undefined', NULL, 'undefined', 'undefined', 'undefined', 'undefined', 'undefined', 'undefined', 'Patient had meningioma surgery about 3 weeks ago, and now they admitted on account of a brain abscess. \n\nShe had surgery a few days ago and currently on rehabilitation.\n\n\n\n', 'undefined', 1, 'undef', NULL, 'undef', 'undef', NULL, 'undef', 'undefined', 'undef', 'undefined', 'undef', NULL, 'undef', 'undefined', 'undef', 'undefined', 'undef', 'undefined', 'undefined', 'undefined', 'undefined', 'undefined', NULL, NULL, NULL),
('1be0a9da-bff9-4ab6-a36c-edfd8ca88f1a', 'undefined', 'undefined', 'undefined', 'undefined', 'undefined', 'undefined', 'undefined', 'undefined', 'undefined', 'undefined', 'undefined', 'undefined', 'undefined', 'undefined', 'undefined', 'undefined', 'undefined', 'undefined', 'undefined', 'undefined', 'undefined', 'undefined', 'undefined', 'undefined', 'undefined', 'undefined', 'undefined', NULL, 'undefined', 'undefined', 'abdurrahman', '5840-1', '2021-09-29 20:19:01', 'seen', NULL, NULL, 'undefined', 'undefined', 'undefined', 'undefined', NULL, 'undefined', 'undefined', 'undefined', 'undefined', 'undefined', 'undefined', 'Had meningioma surgery a few weeks ago, now presenting with an abcess.', 'undefined', 2, 'undef', NULL, 'undef', 'undef', NULL, 'undef', 'undefined', 'undef', 'undefined', 'undef', NULL, 'undef', 'undefined', 'undef', 'undefined', 'undef', 'undefined', 'undefined', 'undefined', 'undefined', 'undefined', NULL, NULL, NULL),
('1be0a9da-bff9-4ab6-a36c-edfd8ca88f1a', 'undefined', 'undefined', 'undefined', 'undefined', 'undefined', 'undefined', 'undefined', 'undefined', 'undefined', 'undefined', 'undefined', 'undefined', 'undefined', 'undefined', 'undefined', 'undefined', 'undefined', 'undefined', 'undefined', 'undefined', 'undefined', 'undefined', 'undefined', 'undefined', 'undefined', 'undefined', 'undefined', NULL, 'undefined', 'undefined', 'abdurrahman', '3491-2', '2021-09-29 20:58:37', 'seen', NULL, NULL, 'undefined', 'undefined', 'undefined', 'undefined', NULL, 'undefined', 'undefined', 'undefined', 'undefined', 'undefined', 'undefined', '', 'undefined', 3, 'undef', NULL, 'undef', 'undef', NULL, 'undef', 'undefined', 'undef', 'undefined', 'undef', NULL, 'undef', 'undefined', 'undef', 'undefined', 'undef', 'undefined', 'undefined', 'undefined', 'undefined', 'undefined', NULL, NULL, NULL),
('1be0a9da-bff9-4ab6-a36c-edfd8ca88f1a', 'undefined', 'undefined', 'undefined', 'undefined', 'undefined', 'undefined', 'undefined', 'undefined', 'undefined', 'undefined', 'undefined', 'undefined', 'undefined', 'undefined', 'undefined', 'undefined', 'undefined', 'undefined', 'undefined', 'undefined', 'undefined', 'undefined', 'undefined', 'undefined', 'undefined', 'undefined', 'undefined', NULL, 'undefined', 'undefined', 'abdurrahman', '5840-1', '2021-09-29 21:01:51', 'seen', NULL, NULL, 'undefined', 'undefined', 'undefined', 'undefined', NULL, 'undefined', 'undefined', 'undefined', 'undefined', 'undefined', 'undefined', '', 'undefined', 4, 'undef', NULL, 'undef', 'undef', NULL, 'undef', 'undefined', 'undef', 'undefined', 'undef', NULL, 'undef', 'undefined', 'undef', 'undefined', 'undef', 'undefined', 'undefined', 'undefined', 'undefined', 'undefined', NULL, NULL, NULL),
('1be0a9da-bff9-4ab6-a36c-edfd8ca88f1a', 'undefined', 'undefined', 'undefined', 'undefined', 'undefined', 'undefined', 'undefined', 'undefined', 'undefined', 'undefined', 'undefined', 'undefined', 'undefined', 'undefined', 'undefined', 'undefined', 'undefined', 'undefined', 'undefined', 'undefined', 'undefined', 'undefined', 'undefined', 'undefined', 'undefined', 'undefined', 'undefined', NULL, 'undefined', 'undefined', 'abdurrahman', '5898-1', '2021-09-30 11:25:49', 'seen', NULL, NULL, 'undefined', 'undefined', 'undefined', 'undefined', NULL, 'undefined', 'undefined', 'undefined', 'undefined', 'undefined', 'undefined', '', 'undefined', 5, 'undef', NULL, 'undef', 'undef', NULL, 'undef', 'undefined', 'undef', 'undefined', 'undef', NULL, 'undef', 'undefined', 'undef', 'undefined', 'undef', 'undefined', 'undefined', 'undefined', 'undefined', 'undefined', NULL, NULL, NULL),
('1be0a9da-bff9-4ab6-a36c-edfd8ca88f1a', 'undefined', 'undefined', 'undefined', 'undefined', 'undefined', 'undefined', 'undefined', 'undefined', 'undefined', 'undefined', 'undefined', 'undefined', 'undefined', 'undefined', 'undefined', 'undefined', 'undefined', 'undefined', 'undefined', 'undefined', 'undefined', 'undefined', 'undefined', 'undefined', 'undefined', 'undefined', 'undefined', NULL, 'undefined', 'undefined', 'abdurrahman', '5898-1', '2021-09-30 11:36:34', 'seen', NULL, NULL, 'undefined', 'undefined', 'undefined', 'undefined', NULL, 'undefined', 'undefined', 'undefined', 'undefined', 'undefined', 'undefined', '', 'undefined', 6, 'undef', NULL, 'undef', 'undef', NULL, 'undef', 'undefined', 'undef', 'undefined', 'undef', NULL, 'undef', 'undefined', 'undef', 'undefined', 'undef', 'undefined', 'undefined', 'undefined', 'undefined', 'undefined', NULL, NULL, NULL),
('1be0a9da-bff9-4ab6-a36c-edfd8ca88f1a', 'undefined', 'undefined', 'undefined', 'undefined', 'undefined', 'undefined', 'undefined', 'undefined', 'undefined', 'undefined', 'undefined', 'undefined', 'undefined', 'undefined', 'undefined', 'undefined', 'undefined', 'undefined', 'undefined', 'undefined', 'undefined', 'undefined', 'undefined', 'undefined', 'undefined', 'undefined', 'undefined', NULL, 'undefined', 'undefined', 'abdurrahman', '6039-1', '2021-09-30 11:40:30', 'seen', NULL, NULL, 'undefined', 'undefined', 'undefined', 'undefined', NULL, 'undefined', 'undefined', 'undefined', 'undefined', 'undefined', 'undefined', 'Awaiting surgery. Today stable.\n\nBP 110/80mmHg\n\nPlan: continue ongoing management.', 'undefined', 7, 'undef', NULL, 'undef', 'undef', NULL, 'undef', 'undefined', 'undef', 'undefined', 'undef', NULL, 'undef', 'undefined', 'undef', 'undefined', 'undef', 'undefined', 'undefined', 'undefined', 'undefined', 'undefined', NULL, NULL, NULL),
('1be0a9da-bff9-4ab6-a36c-edfd8ca88f1a', 'undefined', 'undefined', 'undefined', 'undefined', 'undefined', 'undefined', 'undefined', 'undefined', 'undefined', 'undefined', 'undefined', 'undefined', 'undefined', 'undefined', 'undefined', 'undefined', 'undefined', 'undefined', 'undefined', 'undefined', 'undefined', 'undefined', 'undefined', 'undefined', 'undefined', 'undefined', 'undefined', NULL, 'undefined', 'undefined', 'abdurrahman', '6039-1', '2021-09-30 11:42:22', 'seen', NULL, NULL, 'undefined', 'undefined', 'undefined', 'undefined', NULL, 'undefined', 'undefined', 'undefined', 'undefined', 'undefined', 'undefined', '', 'undefined', 8, 'undef', NULL, 'undef', 'undef', NULL, 'undef', 'undefined', 'undef', 'undefined', 'undef', NULL, 'undef', 'undefined', 'undef', 'undefined', 'undef', 'undefined', 'undefined', 'undefined', 'undefined', 'undefined', NULL, NULL, NULL),
('1be0a9da-bff9-4ab6-a36c-edfd8ca88f1a', 'undefined', 'undefined', 'undefined', 'undefined', 'undefined', 'undefined', 'undefined', 'undefined', 'undefined', 'undefined', 'undefined', 'undefined', 'undefined', 'undefined', 'undefined', 'undefined', 'undefined', 'undefined', 'undefined', 'undefined', 'undefined', 'undefined', 'undefined', 'undefined', 'undefined', 'undefined', 'undefined', NULL, 'undefined', 'undefined', 'abdurrahman', '6042-1', '2021-09-30 11:59:20', 'seen', NULL, NULL, 'undefined', 'undefined', 'undefined', 'undefined', NULL, 'undefined', 'undefined', 'undefined', 'undefined', 'undefined', 'undefined', '', 'undefined', 9, 'undef', NULL, 'undef', 'undef', NULL, 'undef', 'undefined', 'undef', 'undefined', 'undef', NULL, 'undef', 'undefined', 'undef', 'undefined', 'undef', 'undefined', 'undefined', 'undefined', 'undefined', 'undefined', NULL, NULL, NULL),
('1be0a9da-bff9-4ab6-a36c-edfd8ca88f1a', 'undefined', 'undefined', 'undefined', 'undefined', 'undefined', 'undefined', 'undefined', 'undefined', 'undefined', 'undefined', 'undefined', 'undefined', 'undefined', 'undefined', 'undefined', 'undefined', 'undefined', 'undefined', 'undefined', 'undefined', 'undefined', 'undefined', 'undefined', 'undefined', 'undefined', 'undefined', 'undefined', NULL, 'undefined', 'undefined', 'abdurrahman', '5580-1', '2021-09-30 12:48:00', 'seen', NULL, NULL, 'undefined', 'undefined', 'undefined', 'undefined', NULL, 'undefined', 'undefined', 'undefined', 'undefined', 'undefined', 'undefined', '', 'undefined', 10, 'undef', NULL, 'undef', 'undef', NULL, 'undef', 'undefined', 'undef', 'undefined', 'undef', NULL, 'undef', 'undefined', 'undef', 'undefined', 'undef', 'undefined', 'undefined', 'undefined', 'undefined', 'undefined', NULL, NULL, NULL),
('1be0a9da-bff9-4ab6-a36c-edfd8ca88f1a', 'undefined', 'undefined', 'undefined', 'undefined', 'undefined', 'undefined', 'undefined', 'undefined', 'undefined', 'undefined', 'undefined', 'undefined', 'undefined', 'undefined', 'undefined', 'undefined', 'undefined', 'undefined', 'undefined', 'undefined', 'undefined', 'undefined', 'undefined', 'undefined', 'undefined', 'undefined', 'undefined', NULL, 'undefined', 'undefined', 'abdurrahman', '6013-1', '2021-09-30 12:52:06', 'seen', NULL, NULL, 'undefined', 'undefined', 'undefined', 'undefined', NULL, 'undefined', 'undefined', 'undefined', 'undefined', 'undefined', 'undefined', '', 'undefined', 11, 'undef', NULL, 'undef', 'undef', NULL, 'undef', 'undefined', 'undef', 'undefined', 'undef', NULL, 'undef', 'undefined', 'undef', 'undefined', 'undef', 'undefined', 'undefined', 'undefined', 'undefined', 'undefined', NULL, NULL, NULL),
('1be0a9da-bff9-4ab6-a36c-edfd8ca88f1a', 'undefined', 'undefined', 'undefined', 'undefined', 'undefined', 'undefined', 'undefined', 'undefined', 'undefined', 'undefined', 'undefined', 'undefined', 'undefined', 'undefined', 'undefined', 'undefined', 'undefined', 'undefined', 'undefined', 'undefined', 'undefined', 'undefined', 'undefined', 'undefined', 'undefined', 'undefined', 'undefined', NULL, 'undefined', 'undefined', 'abdurrahman', '6013-1', '2021-09-30 12:53:53', 'seen', NULL, NULL, 'undefined', 'undefined', 'undefined', 'undefined', NULL, 'undefined', 'undefined', 'undefined', 'undefined', 'undefined', 'undefined', '', 'undefined', 12, 'undef', NULL, 'undef', 'undef', NULL, 'undef', 'undefined', 'undef', 'undefined', 'undef', NULL, 'undef', 'undefined', 'undef', 'undefined', 'undef', 'undefined', 'undefined', 'undefined', 'undefined', 'undefined', NULL, NULL, NULL),
('1be0a9da-bff9-4ab6-a36c-edfd8ca88f1a', 'undefined', 'undefined', 'undefined', 'undefined', 'undefined', 'undefined', 'undefined', 'undefined', 'undefined', 'undefined', 'undefined', 'undefined', 'undefined', 'undefined', 'undefined', 'undefined', 'undefined', 'undefined', 'undefined', 'undefined', 'undefined', 'undefined', 'undefined', 'undefined', 'undefined', 'undefined', 'undefined', NULL, 'undefined', 'undefined', 'abdurrahman', '6054-1', '2021-09-30 13:29:01', 'seen', NULL, NULL, 'undefined', 'undefined', 'undefined', 'undefined', NULL, 'undefined', 'undefined', 'undefined', 'undefined', 'undefined', 'undefined', '', 'undefined', 13, 'undef', NULL, 'undef', 'undef', NULL, 'undef', 'undefined', 'undef', 'undefined', 'undef', NULL, 'undef', 'undefined', 'undef', 'undefined', 'undef', 'undefined', 'undefined', 'undefined', 'undefined', 'undefined', NULL, NULL, NULL),
('1be0a9da-bff9-4ab6-a36c-edfd8ca88f1a', 'undefined', 'undefined', 'undefined', 'undefined', 'undefined', 'undefined', 'undefined', 'undefined', 'undefined', 'undefined', 'undefined', 'undefined', 'undefined', 'undefined', 'undefined', 'undefined', 'undefined', 'undefined', 'undefined', 'undefined', 'undefined', 'undefined', 'undefined', 'undefined', 'undefined', 'undefined', 'undefined', NULL, 'undefined', 'undefined', 'abdurrahman', '6054-1', '2021-09-30 13:32:16', 'seen', NULL, NULL, 'undefined', 'undefined', 'undefined', 'undefined', NULL, 'undefined', 'undefined', 'undefined', 'undefined', 'undefined', 'undefined', '', 'undefined', 14, 'undef', NULL, 'undef', 'undef', NULL, 'undef', 'undefined', 'undef', 'undefined', 'undef', NULL, 'undef', 'undefined', 'undef', 'undefined', 'undef', 'undefined', 'undefined', 'undefined', 'undefined', 'undefined', NULL, NULL, NULL),
('1be0a9da-bff9-4ab6-a36c-edfd8ca88f1a', 'undefined', 'undefined', 'undefined', 'undefined', 'undefined', 'undefined', 'undefined', 'undefined', 'undefined', 'undefined', 'undefined', 'undefined', 'undefined', 'undefined', 'undefined', 'undefined', 'undefined', 'undefined', 'undefined', 'undefined', 'undefined', 'undefined', 'undefined', 'undefined', 'undefined', 'undefined', 'undefined', NULL, 'undefined', 'undefined', 'abdurrahman', '6054-1', '2021-09-30 13:33:25', 'seen', NULL, NULL, 'undefined', 'undefined', 'undefined', 'undefined', NULL, 'undefined', 'undefined', 'undefined', 'undefined', 'undefined', 'undefined', '', 'undefined', 15, 'undef', NULL, 'undef', 'undef', NULL, 'undef', 'undefined', 'undef', 'undefined', 'undef', NULL, 'undef', 'undefined', 'undef', 'undefined', 'undef', 'undefined', 'undefined', 'undefined', 'undefined', 'undefined', NULL, NULL, NULL),
('1be0a9da-bff9-4ab6-a36c-edfd8ca88f1a', 'undefined', 'undefined', 'undefined', 'undefined', 'undefined', 'undefined', 'undefined', 'undefined', 'undefined', 'undefined', 'undefined', 'undefined', 'undefined', 'undefined', 'undefined', 'undefined', 'undefined', 'undefined', 'undefined', 'undefined', 'undefined', 'undefined', 'undefined', 'undefined', 'undefined', 'undefined', 'undefined', NULL, 'undefined', 'undefined', 'abdurrahman', '6043-1', '2021-09-30 13:43:59', 'seen', NULL, NULL, 'undefined', 'undefined', 'undefined', 'undefined', NULL, 'undefined', 'undefined', 'undefined', 'undefined', 'undefined', 'undefined', '', 'undefined', 16, 'undef', NULL, 'undef', 'undef', NULL, 'undef', 'undefined', 'undef', 'undefined', 'undef', NULL, 'undef', 'undefined', 'undef', 'undefined', 'undef', 'undefined', 'undefined', 'undefined', 'undefined', 'undefined', NULL, NULL, NULL),
('1be0a9da-bff9-4ab6-a36c-edfd8ca88f1a', 'undefined', 'undefined', 'undefined', 'undefined', 'undefined', 'undefined', 'undefined', 'undefined', 'undefined', 'undefined', 'undefined', 'undefined', 'undefined', 'undefined', 'undefined', 'undefined', 'undefined', 'undefined', 'undefined', 'undefined', 'undefined', 'undefined', 'undefined', 'undefined', 'undefined', 'undefined', 'undefined', NULL, 'undefined', 'undefined', 'abdurrahman', '6043-1', '2021-09-30 13:47:21', 'seen', NULL, NULL, 'undefined', 'undefined', 'undefined', 'undefined', NULL, 'undefined', 'undefined', 'undefined', 'undefined', 'undefined', 'undefined', '', 'undefined', 17, 'undef', NULL, 'undef', 'undef', NULL, 'undef', 'undefined', 'undef', 'undefined', 'undef', NULL, 'undef', 'undefined', 'undef', 'undefined', 'undef', 'undefined', 'undefined', 'undefined', 'undefined', 'undefined', NULL, NULL, NULL),
('1be0a9da-bff9-4ab6-a36c-edfd8ca88f1a', 'undefined', 'undefined', 'undefined', 'undefined', 'undefined', 'undefined', 'undefined', 'undefined', 'undefined', 'undefined', 'undefined', 'undefined', 'undefined', 'undefined', 'undefined', 'undefined', 'undefined', 'undefined', 'undefined', 'undefined', 'undefined', 'undefined', 'undefined', 'undefined', 'undefined', 'undefined', 'undefined', NULL, 'undefined', 'undefined', 'abdurrahman', '6059-1', '2021-09-30 13:54:54', 'seen', NULL, NULL, 'undefined', 'undefined', 'undefined', 'undefined', NULL, 'undefined', 'undefined', 'undefined', 'undefined', 'undefined', 'undefined', '', 'undefined', 18, 'undef', NULL, 'undef', 'undef', NULL, 'undef', 'undefined', 'undef', 'undefined', 'undef', NULL, 'undef', 'undefined', 'undef', 'undefined', 'undef', 'undefined', 'undefined', 'undefined', 'undefined', 'undefined', NULL, NULL, NULL),
('1be0a9da-bff9-4ab6-a36c-edfd8ca88f1a', 'undefined', 'undefined', 'undefined', 'undefined', 'undefined', 'undefined', 'undefined', 'undefined', 'undefined', 'undefined', 'undefined', 'undefined', 'undefined', 'undefined', 'undefined', 'undefined', 'undefined', 'undefined', 'undefined', 'undefined', 'undefined', 'undefined', 'undefined', 'undefined', 'undefined', 'undefined', 'undefined', NULL, 'undefined', 'undefined', 'abdurrahman', '6046-1', '2021-09-30 14:32:35', 'seen', NULL, NULL, 'undefined', 'undefined', 'undefined', 'undefined', NULL, 'undefined', 'undefined', 'undefined', 'undefined', 'undefined', 'undefined', '', 'undefined', 19, 'undef', NULL, 'undef', 'undef', NULL, 'undef', 'undefined', 'undef', 'undefined', 'undef', NULL, 'undef', 'undefined', 'undef', 'undefined', 'undef', 'undefined', 'undefined', 'undefined', 'undefined', 'undefined', NULL, NULL, NULL),
('1be0a9da-bff9-4ab6-a36c-edfd8ca88f1a', 'undefined', 'undefined', 'undefined', 'undefined', 'undefined', 'undefined', 'undefined', 'undefined', 'undefined', 'undefined', 'undefined', 'undefined', 'undefined', 'undefined', 'undefined', 'undefined', 'undefined', 'undefined', 'undefined', 'undefined', 'undefined', 'undefined', 'undefined', 'undefined', 'undefined', 'undefined', 'undefined', NULL, 'undefined', 'undefined', 'abdurrahman', '6046-1', '2021-09-30 14:43:23', 'seen', NULL, NULL, 'undefined', 'undefined', 'undefined', 'undefined', NULL, 'undefined', 'undefined', 'undefined', 'undefined', 'undefined', 'undefined', '', 'undefined', 20, 'undef', NULL, 'undef', 'undef', NULL, 'undef', 'undefined', 'undef', 'undefined', 'undef', NULL, 'undef', 'undefined', 'undef', 'undefined', 'undef', 'undefined', 'undefined', 'undefined', 'undefined', 'undefined', NULL, NULL, NULL),
('1be0a9da-bff9-4ab6-a36c-edfd8ca88f1a', 'undefined', 'undefined', 'undefined', 'undefined', 'undefined', 'undefined', 'undefined', 'undefined', 'undefined', 'undefined', 'undefined', 'undefined', 'undefined', 'undefined', 'undefined', 'undefined', 'undefined', 'undefined', 'undefined', 'undefined', 'undefined', 'undefined', 'undefined', 'undefined', 'undefined', 'undefined', 'undefined', NULL, 'undefined', 'undefined', 'abdurrahman', '759-2', '2021-09-30 14:58:32', 'seen', NULL, NULL, 'undefined', 'undefined', 'undefined', 'undefined', NULL, 'undefined', 'undefined', 'undefined', 'undefined', 'undefined', 'undefined', '', 'undefined', 21, 'undef', NULL, 'undef', 'undef', NULL, 'undef', 'undefined', 'undef', 'undefined', 'undef', NULL, 'undef', 'undefined', 'undef', 'undefined', 'undef', 'undefined', 'undefined', 'undefined', 'undefined', 'undefined', NULL, NULL, NULL),
('1be0a9da-bff9-4ab6-a36c-edfd8ca88f1a', 'undefined', 'undefined', 'undefined', 'undefined', 'undefined', 'undefined', 'undefined', 'undefined', 'undefined', 'undefined', 'undefined', 'undefined', 'undefined', 'undefined', 'undefined', 'undefined', 'undefined', 'undefined', 'undefined', 'undefined', 'undefined', 'undefined', 'undefined', 'undefined', 'undefined', 'undefined', 'undefined', NULL, 'undefined', 'undefined', 'abdurrahman', '6023-1', '2021-09-30 18:28:42', 'seen', NULL, NULL, 'undefined', 'undefined', 'undefined', 'undefined', NULL, 'undefined', 'undefined', 'undefined', 'undefined', 'undefined', 'undefined', '', 'undefined', 22, 'undef', NULL, 'undef', 'undef', NULL, 'undef', 'undefined', 'undef', 'undefined', 'undef', NULL, 'undef', 'undefined', 'undef', 'undefined', 'undef', 'undefined', 'undefined', 'undefined', 'undefined', 'undefined', NULL, NULL, NULL),
('1be0a9da-bff9-4ab6-a36c-edfd8ca88f1a', 'undefined', 'undefined', 'undefined', 'undefined', 'undefined', 'undefined', 'undefined', 'undefined', 'undefined', 'undefined', 'undefined', 'undefined', 'undefined', 'undefined', 'undefined', 'undefined', 'undefined', 'undefined', 'undefined', 'undefined', 'undefined', 'undefined', 'undefined', 'undefined', 'undefined', 'undefined', 'undefined', NULL, 'undefined', 'undefined', 'abdurrahman', '241-2', '2021-09-30 19:38:03', 'seen', NULL, NULL, 'undefined', 'undefined', 'undefined', 'undefined', NULL, 'undefined', 'undefined', 'undefined', 'undefined', 'undefined', 'undefined', '', 'undefined', 23, 'undef', NULL, 'undef', 'undef', NULL, 'undef', 'undefined', 'undef', 'undefined', 'undef', NULL, 'undef', 'undefined', 'undef', 'undefined', 'undef', 'undefined', 'undefined', 'undefined', 'undefined', 'undefined', NULL, NULL, NULL),
('1be0a9da-bff9-4ab6-a36c-edfd8ca88f1a', 'undefined', 'undefined', 'undefined', 'undefined', 'undefined', 'undefined', 'undefined', 'undefined', 'undefined', 'undefined', 'undefined', 'undefined', 'undefined', 'undefined', 'undefined', 'undefined', 'undefined', 'undefined', 'undefined', 'undefined', 'undefined', 'undefined', 'undefined', 'undefined', 'undefined', 'undefined', 'undefined', NULL, 'undefined', 'undefined', 'abdurrahman', '241-2', '2021-09-30 19:39:41', 'seen', NULL, NULL, 'undefined', 'undefined', 'undefined', 'undefined', NULL, 'undefined', 'undefined', 'undefined', 'undefined', 'undefined', 'undefined', '', 'undefined', 24, 'undef', NULL, 'undef', 'undef', NULL, 'undef', 'undefined', 'undef', 'undefined', 'undef', NULL, 'undef', 'undefined', 'undef', 'undefined', 'undef', 'undefined', 'undefined', 'undefined', 'undefined', 'undefined', NULL, NULL, NULL);

-- --------------------------------------------------------

--
-- Table structure for table `dieselrefuel`
--

CREATE TABLE `dieselrefuel` (
  `id` int(11) NOT NULL,
  `createdAt` datetime DEFAULT current_timestamp(),
  `gen` varchar(11) DEFAULT NULL,
  `quantity` varchar(11) DEFAULT NULL,
  `facilityId` varchar(50) NOT NULL
) ENGINE=MyISAM DEFAULT CHARSET=latin1 COLLATE=latin1_swedish_ci;

--
-- Dumping data for table `dieselrefuel`
--

INSERT INTO `dieselrefuel` (`id`, `createdAt`, `gen`, `quantity`, `facilityId`) VALUES
(1, '2019-12-24 00:00:00', 'Gen2', '25', '1be0a9da-bff9-4ab6-a36c-edfd8ca88f1a'),
(2, '2019-12-24 00:00:00', 'Gen1', '34', '1be0a9da-bff9-4ab6-a36c-edfd8ca88f1a'),
(3, '2019-12-25 00:00:00', 'Gen2', '34', '1be0a9da-bff9-4ab6-a36c-edfd8ca88f1a'),
(4, '2019-12-25 00:00:00', 'Gen1', '80', '1be0a9da-bff9-4ab6-a36c-edfd8ca88f1a');

-- --------------------------------------------------------

--
-- Table structure for table `dieselusage`
--

CREATE TABLE `dieselusage` (
  `id` int(11) NOT NULL,
  `createdAt` datetime DEFAULT current_timestamp(),
  `gen` varchar(10) DEFAULT NULL,
  `time_started` time DEFAULT NULL,
  `time_stopped` time DEFAULT NULL,
  `facilityId` varchar(50) NOT NULL
) ENGINE=MyISAM DEFAULT CHARSET=latin1 COLLATE=latin1_swedish_ci;

--
-- Dumping data for table `dieselusage`
--

INSERT INTO `dieselusage` (`id`, `createdAt`, `gen`, `time_started`, `time_stopped`, `facilityId`) VALUES
(1, '2019-12-22 00:00:00', 'gen1', '12:12:12', '17:45:23', '1be0a9da-bff9-4ab6-a36c-edfd8ca88f1a'),
(2, '2019-12-24 00:00:00', 'Gen2', '22:12:00', '23:45:00', '1be0a9da-bff9-4ab6-a36c-edfd8ca88f1a'),
(3, '2019-12-24 00:00:00', 'Gen1', '22:12:00', '22:12:00', '1be0a9da-bff9-4ab6-a36c-edfd8ca88f1a'),
(4, '2019-12-24 00:00:00', 'Gen1', '22:12:00', '22:12:00', '1be0a9da-bff9-4ab6-a36c-edfd8ca88f1a'),
(5, '2019-12-25 00:00:00', 'Gen2', '10:12:00', '10:12:00', '1be0a9da-bff9-4ab6-a36c-edfd8ca88f1a'),
(6, '2019-12-25 00:00:00', 'Gen1', '17:12:00', '17:12:00', '1be0a9da-bff9-4ab6-a36c-edfd8ca88f1a');

-- --------------------------------------------------------

--
-- Table structure for table `discount`
--

CREATE TABLE `discount` (
  `id` int(11) NOT NULL,
  `discountName` varchar(50) NOT NULL,
  `discountType` varchar(20) NOT NULL,
  `discountAmount` int(11) NOT NULL,
  `discountHead` varchar(50) NOT NULL,
  `discountHeadName` varchar(50) NOT NULL,
  `created_at` timestamp NOT NULL DEFAULT current_timestamp(),
  `created_by` varchar(50) NOT NULL,
  `facilityId` varchar(50) NOT NULL
) ENGINE=InnoDB DEFAULT CHARSET=utf8mb4 COLLATE=utf8mb4_general_ci;

-- --------------------------------------------------------

--
-- Table structure for table `dispensary`
--

CREATE TABLE `dispensary` (
  `drug` varchar(40) DEFAULT NULL,
  `dosage` varchar(40) DEFAULT NULL,
  `quantity_dispensed` int(11) DEFAULT NULL,
  `unit_of_issue` varchar(20) DEFAULT NULL,
  `price` int(11) DEFAULT NULL,
  `amount` varchar(11) DEFAULT NULL,
  `discount` varchar(50) DEFAULT NULL,
  `total` int(50) DEFAULT NULL,
  `patient_id` varchar(11) DEFAULT NULL,
  `id` varchar(50) NOT NULL,
  `receiptNo` varchar(11) DEFAULT NULL,
  `facilityId` varchar(50) NOT NULL,
  `created_at` datetime NOT NULL DEFAULT current_timestamp(),
  `dispensed_by` varchar(50) DEFAULT NULL,
  `prescribed_by` varchar(50) DEFAULT NULL,
  `duration` varchar(20) DEFAULT NULL,
  `period` varchar(20) DEFAULT NULL,
  `no_of_days` int(11) DEFAULT NULL,
  `frequency` varchar(20) DEFAULT NULL,
  `receipt_no` varchar(50) DEFAULT NULL,
  `expiry_date` date DEFAULT NULL,
  `status` varchar(20) DEFAULT NULL,
  `schedule_status` varchar(50) NOT NULL DEFAULT 'pending',
  `request_id` varchar(50) NOT NULL,
  `drug_id` varchar(11) DEFAULT NULL,
  `route` varchar(20) NOT NULL,
  `additionalInfo` varchar(500) DEFAULT NULL,
  `decision` varchar(20) NOT NULL,
  `drugCount` varchar(10) NOT NULL,
  `startTime` varchar(20) NOT NULL,
  `times_per_day` int(11) NOT NULL,
  `end_date` datetime DEFAULT NULL,
  `no_times` int(11) NOT NULL
) ENGINE=MyISAM DEFAULT CHARSET=latin1 COLLATE=latin1_swedish_ci;

--
-- Dumping data for table `dispensary`
--

INSERT INTO `dispensary` (`drug`, `dosage`, `quantity_dispensed`, `unit_of_issue`, `price`, `amount`, `discount`, `total`, `patient_id`, `id`, `receiptNo`, `facilityId`, `created_at`, `dispensed_by`, `prescribed_by`, `duration`, `period`, `no_of_days`, `frequency`, `receipt_no`, `expiry_date`, `status`, `schedule_status`, `request_id`, `drug_id`, `route`, `additionalInfo`, `decision`, `drugCount`, `startTime`, `times_per_day`, `end_date`, `no_times`) VALUES
('Levofloxacin', '3', NULL, NULL, NULL, NULL, NULL, NULL, '4-1', '5cf6e13d-36dd-4aee-88a1-1bbc784bb35d', NULL, '1be0a9da-bff9-4ab6-a36c-edfd8ca88f1a', '2024-10-11 09:30:28', NULL, 'abdurrahman', '2', 'weeks', 14, '12 Hourly', NULL, NULL, 'request', 'pending', 'db518200-5659-410d-b6c4-fbc7eb2520e9', '1', 'Syr', '', '', '28', '2024-10-11 18:00:00', 2, '2024-10-25 18:00:00', 12),
('Diclofenac', '2', NULL, NULL, NULL, NULL, NULL, NULL, '4-1', 'c8e76f46-a028-47cd-9c22-db3d461e4abf', NULL, '1be0a9da-bff9-4ab6-a36c-edfd8ca88f1a', '2024-10-11 09:30:28', NULL, 'abdurrahman', '10', 'days', 10, '6 Hourly', NULL, NULL, 'request', 'pending', 'db518200-5659-410d-b6c4-fbc7eb2520e9', '6', 'Tabs', '', '', '40', '2024-10-11 12:00:00', 4, '2024-10-21 12:00:00', 6),
('Menthodex', '3', NULL, NULL, NULL, NULL, NULL, NULL, '5-1', '4fabfe52-d556-4e75-96f3-83a1daf20981', NULL, '1be0a9da-bff9-4ab6-a36c-edfd8ca88f1a', '2024-10-11 10:00:37', NULL, 'abdurrahman', '1', 'months', 31, 'Once Daily', NULL, NULL, 'request', 'pending', '4b5e99fd-08b7-48b2-bcab-52b9e4f6e1bd', '4', 'Syr', '', '', '31', '2024-10-12 10:00:00', 1, '2024-11-12 10:00:00', 24),
('Dalcin C', '2', NULL, NULL, NULL, NULL, NULL, NULL, '5-1', '1ca635d9-b06c-412d-90e5-04001958e2b0', NULL, '1be0a9da-bff9-4ab6-a36c-edfd8ca88f1a', '2024-10-11 10:00:37', NULL, 'abdurrahman', '2', 'weeks', 14, '12 Hourly', NULL, NULL, 'request', 'pending', '4b5e99fd-08b7-48b2-bcab-52b9e4f6e1bd', '2', 'IM', '', '', '28', '2024-10-11 18:00:00', 2, '2024-10-25 18:00:00', 12),
('Diclofenac', '3', NULL, NULL, NULL, NULL, NULL, NULL, '6-1', '6aebed2f-cdc4-432a-9d0d-03a3b492f31b', NULL, '1be0a9da-bff9-4ab6-a36c-edfd8ca88f1a', '2024-10-11 10:03:13', NULL, 'abdurrahman', '10', 'days', 10, '4 Hourly', NULL, NULL, 'request', 'scheduled', '5d785698-fbf6-471f-8c94-3d4fd8c9201c', '6', 'Tabs', '', '', '60', '2024-10-11 12:00:00', 6, '2024-10-21 12:00:00', 4),
('Levofloxacin', '2', NULL, NULL, NULL, NULL, NULL, NULL, '6-1', 'ee9aa37d-ea5c-4bbe-9e1a-eced20e43633', NULL, '1be0a9da-bff9-4ab6-a36c-edfd8ca88f1a', '2024-10-11 10:15:00', NULL, 'abdurrahman', '1', 'days', 1, '12 Hourly', NULL, NULL, 'request', 'scheduled', 'fff9b08b-87bd-4e60-8aa8-b3a75d3b3802', '1', 'Susp', '', 'in-patient', '2', '2024-10-11 18:00:00', 2, '2024-10-12 18:00:00', 12),
('Diclofenac', '3', NULL, NULL, NULL, NULL, NULL, NULL, '6-1', 'b0fcdd14-3ddc-43d4-b99a-2f902beb098e', NULL, '1be0a9da-bff9-4ab6-a36c-edfd8ca88f1a', '2024-10-11 10:18:41', NULL, 'abdurrahman', '1', 'weeks', 7, '12 Hourly', NULL, NULL, 'request', 'scheduled', 'b5897ef2-24fa-4f5e-b8b2-6de9daf2ba4b', '6', 'Tabs', '', 'admit', '14', '2024-10-11 18:00:00', 2, '2024-10-18 18:00:00', 12),
('Levofloxacin', '2', NULL, NULL, NULL, NULL, NULL, NULL, '6-1', 'a301a157-1452-4ba1-b67a-041cff835856', NULL, '1be0a9da-bff9-4ab6-a36c-edfd8ca88f1a', '2024-10-11 10:27:27', NULL, 'abdurrahman', '1', 'months', 31, '6 Hourly', NULL, NULL, 'request', 'scheduled', '24d5ffd4-61cf-45ea-8627-51b8ee0d90de', '1', 'Susp', '', 'admit', '124', '2024-10-11 12:00:00', 4, '2024-11-11 12:00:00', 6),
('Cocodamol', '3', NULL, NULL, NULL, NULL, NULL, NULL, '6-1', '802e9e41-bfd5-41bd-aff9-69440df06208', NULL, '1be0a9da-bff9-4ab6-a36c-edfd8ca88f1a', '2024-10-11 10:28:06', NULL, 'abdurrahman', '1', 'months', 31, '4 Hourly', NULL, NULL, 'request', 'scheduled', '2d42ae9c-056e-4742-8ec7-c09f7603121b', '8', 'Susp', '', 'admit', '186', '2024-10-11 12:00:00', 6, '2024-11-11 12:00:00', 4),
('Diclofenac', '2', NULL, NULL, NULL, NULL, NULL, NULL, '7-1', '5e70e877-b78c-476a-bc3a-6c1bdb2ceb5b', NULL, '1be0a9da-bff9-4ab6-a36c-edfd8ca88f1a', '2024-10-11 10:54:41', NULL, 'abdurrahman', '1', 'months', 31, 'Once Daily', NULL, NULL, 'request', 'stop', 'a6b0ec0e-f8d9-4f39-886c-869e47df8e2c', '6', 'IM', '', '', '31', '2024-10-12 10:00:00', 1, '2024-11-12 10:00:00', 24),
('Menthodex', '2', NULL, NULL, NULL, NULL, NULL, NULL, '7-1', 'c91d981a-300a-487a-aacf-8e2b266327b7', NULL, '1be0a9da-bff9-4ab6-a36c-edfd8ca88f1a', '2024-10-11 11:16:28', NULL, 'abdurrahman', '3', 'weeks', 21, '6 Hourly', NULL, NULL, 'request', 'stop', '39e9f625-01fc-49cf-9f80-4aee98c81c6b', '4', 'Susp', '', 'null', '84', '2024-10-11 18:00:00', 4, '2024-11-01 18:00:00', 6),
('Azithromycin', '4', NULL, NULL, NULL, NULL, NULL, NULL, '7-1', '9ff99fdb-b3c7-4361-83c7-7d397822c4aa', NULL, '1be0a9da-bff9-4ab6-a36c-edfd8ca88f1a', '2024-10-11 11:22:57', NULL, 'abdurrahman', '8', 'weeks', 56, 'Once Daily', NULL, NULL, 'request', 'stop', 'd101e358-aace-420d-aaf6-59ee12d42f68', '7', 'Susp', '', '', '56', '2024-10-12 10:00:00', 1, '2024-12-07 10:00:00', 24),
('Menthodex', '3', NULL, NULL, NULL, NULL, NULL, NULL, '7-1', '7f64bcb9-5ee9-4b87-9bc2-5d7e4483f99b', NULL, '1be0a9da-bff9-4ab6-a36c-edfd8ca88f1a', '2024-10-11 12:57:53', NULL, 'abdurrahman', '1', 'weeks', 7, '6 Hourly', NULL, NULL, 'request', 'stop', '4e6e036f-d48f-4d05-b24c-ab1402d2d9c8', '4', 'Susp', '', 'admit', '28', '2024-10-11 18:00:00', 4, '2024-10-18 18:00:00', 6),
('Menthodex', '2', NULL, NULL, NULL, NULL, NULL, NULL, '7-1', 'fc194f05-90d1-4356-a0ce-213282820b07', NULL, '1be0a9da-bff9-4ab6-a36c-edfd8ca88f1a', '2024-10-14 09:00:27', NULL, 'abdurrahman', '1', 'weeks', 7, '6 Hourly', NULL, NULL, 'request', 'stop', '53de6839-b454-4864-b660-3de45a795606', '4', 'Susp', '', 'admit', '28', '2024-10-14 12:00:00', 4, '2024-10-21 12:00:00', 6),
('Levofloxacin', '2', NULL, NULL, NULL, NULL, NULL, NULL, '8-1', '986f5beb-94c5-4eda-97eb-538492d2fdb2', NULL, '1be0a9da-bff9-4ab6-a36c-edfd8ca88f1a', '2024-10-11 13:00:16', NULL, 'abdurrahman', '1', 'months', 31, '6 Hourly', NULL, NULL, 'request', 'stop', '9ce34523-e918-462d-93be-3e4c23567d53', '1', 'Tabs', '', 'admit', '124', '2024-10-11 18:00:00', 4, '2024-11-11 18:00:00', 6),
('Clarithomycin', '2', NULL, NULL, NULL, NULL, NULL, NULL, '8-1', 'fc17b42d-0a4c-484a-800c-0d00dd09df39', NULL, '1be0a9da-bff9-4ab6-a36c-edfd8ca88f1a', '2024-10-11 13:18:34', NULL, 'abdurrahman', '10', 'days', 10, '6 Hourly', NULL, NULL, 'request', 'stop', '5c107d1a-2658-4724-b68e-168cc483ac12', '97', 'Susp', '', 'admit', '40', '2024-10-11 18:00:00', 4, '2024-10-21 18:00:00', 6),
('Azithromycin', '4', NULL, NULL, NULL, NULL, NULL, NULL, '8-1', '38b59189-a256-4798-8bd4-25dee1634a2f', NULL, '1be0a9da-bff9-4ab6-a36c-edfd8ca88f1a', '2024-10-11 13:19:58', NULL, 'abdurrahman', '1', 'days', 1, '6 Hourly', NULL, NULL, 'request', 'stop', '6b0d2937-d42f-457e-a42f-b7cea48c5894', '7', 'Susp', '', 'admit', '4', '2024-10-11 18:00:00', 4, '2024-10-12 18:00:00', 6),
('Azithromycin', '2', NULL, NULL, NULL, NULL, NULL, NULL, '8-1', '865ad422-6b9c-4f82-a9b9-e823e94345b9', NULL, '1be0a9da-bff9-4ab6-a36c-edfd8ca88f1a', '2024-10-11 13:20:45', NULL, 'abdurrahman', '1', 'months', 31, '12 Hourly', NULL, NULL, 'request', 'stop', '5459d077-0957-4fb9-a37b-8c98bf8fcdd2', '7', 'Caps', '', 'admit', '62', '2024-10-11 18:00:00', 2, '2024-11-11 18:00:00', 12),
('Azithromycin', '3', NULL, NULL, NULL, NULL, NULL, NULL, '8-1', 'b890b35f-a461-4401-9084-4ee27d2cc635', NULL, '1be0a9da-bff9-4ab6-a36c-edfd8ca88f1a', '2024-10-11 13:42:14', NULL, 'abdurrahman', '1', 'days', 1, 'STAT', NULL, NULL, 'request', 'stop', 'eb9887dd-b14a-487e-984c-57d137296665', '7', 'Tabs', '', 'admit', '1', '2024-10-11 13:42:14', 1, '2024-10-12 13:42:14', 24),
('Cocodamol', '2', NULL, NULL, NULL, NULL, NULL, NULL, '8-1', '1a84d340-6a83-4b49-a3ba-1d8c3fe904d5', NULL, '1be0a9da-bff9-4ab6-a36c-edfd8ca88f1a', '2024-10-11 13:42:38', NULL, 'abdurrahman', '1', 'weeks', 7, '8 Hourly', NULL, NULL, 'request', 'stop', 'edd9b2e2-c038-4ff0-a605-05d7236619e5', '8', 'Susp', '', 'admit', '21', '2024-10-11 22:00:00', 3, '2024-10-18 22:00:00', 8),
('Menthodex', '4', NULL, NULL, NULL, NULL, NULL, NULL, '8-1', '14f8921f-296a-44b1-8e82-fb99b040aa62', NULL, '1be0a9da-bff9-4ab6-a36c-edfd8ca88f1a', '2024-10-11 13:43:09', NULL, 'abdurrahman', '1', 'days', 1, '8 Hourly', NULL, NULL, 'request', 'stop', '4d1efcc6-e9fa-44bd-8e4a-fa27d0a0035b', '4', 'IM', '', 'admit', '3', '2024-10-11 22:00:00', 3, '2024-10-12 22:00:00', 8),
('Menthodex', '4', NULL, NULL, NULL, NULL, NULL, NULL, '8-1', 'b62e3da0-3c43-41be-88b5-f31d2c63c51d', NULL, '1be0a9da-bff9-4ab6-a36c-edfd8ca88f1a', '2024-10-11 13:44:59', NULL, 'abdurrahman', '1', 'months', 31, 'Once Daily', NULL, NULL, 'request', 'stop', '8d5946e7-98a0-4367-809d-0ad08379b780', '4', 'Tabs', '', 'admit', '31', '2024-10-12 10:00:00', 1, '2024-11-12 10:00:00', 24),
('Menthodex', '2', NULL, NULL, NULL, NULL, NULL, NULL, '7-1', '773dff4c-6a8b-4102-966b-fedcaeb93f84', NULL, '1be0a9da-bff9-4ab6-a36c-edfd8ca88f1a', '2024-10-14 12:02:35', NULL, 'abdurrahman', '1', 'months', 31, 'Once Daily', NULL, NULL, 'request', 'stop', '59924e2f-721a-44a5-a470-97ab2a2d7ba3', '4', 'Tabs', '', 'admit', '31', '2024-10-15 10:00:00', 1, '2024-11-15 10:00:00', 24),
('Menthodex', '2', NULL, NULL, NULL, NULL, NULL, NULL, '7-1', 'af9c832e-fc90-49f5-992b-16141fe0ee40', NULL, '1be0a9da-bff9-4ab6-a36c-edfd8ca88f1a', '2024-10-14 12:12:15', NULL, 'abdurrahman', '5', 'weeks', 35, 'Once Daily', NULL, NULL, 'request', 'stop', '2471b043-8def-4e16-9fb9-eefc99d343f5', '4', 'Tabs', '', 'admit', '35', '2024-10-15 10:00:00', 1, '2024-11-19 10:00:00', 24),
('Levofloxacin', '4', NULL, NULL, NULL, NULL, NULL, NULL, '7-1', '3af27c18-8f75-4ddf-bcfb-93e9dd02aa1d', NULL, '1be0a9da-bff9-4ab6-a36c-edfd8ca88f1a', '2024-10-14 12:29:59', NULL, 'abdurrahman', '1', 'months', 31, 'Once Daily', NULL, NULL, 'request', 'stop', '8dab32ea-94f4-490e-b5b3-290d4d9fa7d7', '1', 'Tabs', '', 'admit', '31', '2024-10-15 10:00:00', 1, '2024-11-15 10:00:00', 24),
('10% Mannitol', '4', NULL, NULL, NULL, NULL, NULL, NULL, '7-1', '21f60fd3-9704-428b-99c9-1dc100c3b31d', NULL, '1be0a9da-bff9-4ab6-a36c-edfd8ca88f1a', '2024-10-14 12:12:43', NULL, 'abdurrahman', '10', 'days', 10, '6 Hourly', NULL, NULL, 'request', 'stop', '0f857d6d-e1ce-4919-84f9-94501374dd70', '38', 'Susp', '', 'admit', '40', '2024-10-14 18:00:00', 4, '2024-10-24 18:00:00', 6),
('Menthodex', '4', NULL, NULL, NULL, NULL, NULL, NULL, '7-1', '353bcd16-4137-42bb-85b0-86943b90c5ee', NULL, '1be0a9da-bff9-4ab6-a36c-edfd8ca88f1a', '2024-10-14 12:15:26', NULL, 'abdurrahman', '6', 'weeks', 42, '8 Hourly', NULL, NULL, 'request', 'stop', 'e62ad713-21f4-4b29-9bf6-ce837e2dafbc', '4', 'Tabs', '', 'admit', '126', '2024-10-14 14:00:00', 3, '2024-11-25 14:00:00', 8),
('Dalcin C', '2', NULL, NULL, NULL, NULL, NULL, NULL, '7-1', '0f18721c-fc28-4153-b5b5-4ac3e3cc5395', NULL, '1be0a9da-bff9-4ab6-a36c-edfd8ca88f1a', '2024-10-14 12:31:37', NULL, 'abdurrahman', '10', 'weeks', 70, 'Once Daily', NULL, NULL, 'request', 'stop', '609d0d27-1dd4-4347-a232-9153f56e9a2b', '2', 'Tabs', '', 'admit', '70', '2024-10-15 10:00:00', 1, '2024-12-24 10:00:00', 24),
('Doxycycline', '23', NULL, NULL, NULL, NULL, NULL, NULL, '7-1', 'a1334e78-e9e6-46a1-b14d-61671337256c', NULL, '1be0a9da-bff9-4ab6-a36c-edfd8ca88f1a', '2024-10-14 12:53:04', NULL, 'abdurrahman', '6', 'weeks', 42, 'Once Daily', NULL, NULL, 'request', 'scheduled', '9e4fae60-fbd2-479e-8a7c-db127870fd1c', '95', 'Tabs', '', 'admit', '42', '2024-10-15 10:00:00', 1, '2024-11-26 10:00:00', 24),
('Dalcin C', '2', NULL, NULL, NULL, NULL, NULL, NULL, '7-1', 'fc53496c-d231-49a1-9b55-7d7ff101a40a', NULL, '1be0a9da-bff9-4ab6-a36c-edfd8ca88f1a', '2024-10-14 12:42:08', NULL, 'abdurrahman', '1', 'months', 31, 'Once Daily', NULL, NULL, 'request', 'stop', '20e3888d-e953-4017-9f76-83ff4ebf01fc', '2', 'Tabs', '', 'admit', '31', '2024-10-15 10:00:00', 1, '2024-11-15 10:00:00', 24),
('Menthodex', '23', NULL, NULL, NULL, NULL, NULL, NULL, '7-1', '38e2da60-0c40-4763-bbe3-4ab7ab234824', NULL, '1be0a9da-bff9-4ab6-a36c-edfd8ca88f1a', '2024-10-14 12:49:15', NULL, 'abdurrahman', '1', 'months', 31, 'Once Daily', NULL, NULL, 'request', 'stop', 'f1cd26ed-c187-4a28-bbaf-cfe3ee91934d', '4', 'Tabs', '', 'admit', '31', '2024-10-15 10:00:00', 1, '2024-11-15 10:00:00', 24),
('Menthodex', '4', NULL, NULL, NULL, NULL, NULL, NULL, '7-1', 'c6c9a541-b10e-41fe-8e68-049ebaab5ee6', NULL, '1be0a9da-bff9-4ab6-a36c-edfd8ca88f1a', '2024-10-14 12:51:33', NULL, 'abdurrahman', '1', 'years', 365, 'Once Daily', NULL, NULL, 'request', 'scheduled', 'e648b035-fddb-4b68-90ea-e312551402e0', '4', 'Tabs', '', 'admit', '365', '2024-10-15 10:00:00', 1, '2025-10-15 10:00:00', 24),
('Diclofenac', '3', NULL, NULL, NULL, NULL, NULL, NULL, '2-1', 'af5df05c-5674-4a88-a00e-5235e8b01c48', NULL, '1be0a9da-bff9-4ab6-a36c-edfd8ca88f1a', '2024-10-14 12:55:31', NULL, 'abdurrahman', '1', 'months', 31, '8 Hourly', NULL, NULL, 'request', 'stop', 'de5f980f-9998-4e2d-8926-330c11fb5515', '6', 'Tabs', '', 'admit', '93', '2024-10-14 14:00:00', 3, '2024-11-14 14:00:00', 8),
('Diclofenac', '2', NULL, NULL, NULL, NULL, NULL, NULL, '2-1', '324ff98f-fdd6-4953-b04e-4643af2354cc', NULL, '1be0a9da-bff9-4ab6-a36c-edfd8ca88f1a', '2024-10-14 13:09:23', NULL, 'abdurrahman', '1', 'years', 365, '12 Hourly', NULL, NULL, 'request', 'scheduled', '76e1b857-7d73-4ee2-a831-725e5beb1c30', '6', 'Syr', '', 'admit', '730', '2024-10-14 18:00:00', 2, '2025-10-14 18:00:00', 12),
('Zinc gluconate', '3', NULL, NULL, NULL, NULL, NULL, NULL, '2-1', '7b3235d1-cfc0-4840-9903-a87acfbca56e', NULL, '1be0a9da-bff9-4ab6-a36c-edfd8ca88f1a', '2024-10-14 12:56:15', NULL, 'abdurrahman', '1', 'years', 365, 'Once Daily', NULL, NULL, 'request', 'stop', 'd12c4712-14e0-4541-98ee-4a606d9f676e', '55', 'Tabs', '', 'admit', '365', '2024-10-15 10:00:00', 1, '2025-10-15 10:00:00', 24),
('Menthodex', '45', NULL, NULL, NULL, NULL, NULL, NULL, '2-1', 'bd54e3b0-5b56-445a-812e-66943448718c', NULL, '1be0a9da-bff9-4ab6-a36c-edfd8ca88f1a', '2024-10-14 13:05:53', NULL, 'abdurrahman', '8', 'weeks', 56, 'Once Daily', NULL, NULL, 'request', 'stop', 'c49c6106-a2b8-4e2a-987f-fd279089778e', '4', 'Tabs', '', 'admit', '56', '2024-10-15 10:00:00', 1, '2024-12-10 10:00:00', 24),
('Flagyl', '2', NULL, NULL, NULL, NULL, NULL, NULL, '2-1', '1cc7f609-08c3-4ece-bcce-649b5e5cde05', NULL, '1be0a9da-bff9-4ab6-a36c-edfd8ca88f1a', '2024-10-14 13:07:14', NULL, 'abdurrahman', '4', 'months', 123, 'Once Daily', NULL, NULL, 'request', 'stop', '8bfbd162-83d7-4ddb-bb2a-14734797eb3c', '11', 'Tabs', '', 'admit', '123', '2024-10-15 10:00:00', 1, '2025-02-15 10:00:00', 24),
('Menthodex', '1', NULL, NULL, NULL, NULL, NULL, NULL, '2-1', '918926e3-61ff-4fea-9d16-eadf28ffecc5', NULL, '1be0a9da-bff9-4ab6-a36c-edfd8ca88f1a', '2024-10-14 13:08:22', NULL, 'abdurrahman', '5', 'months', 151, '12 Hourly', NULL, NULL, 'request', 'scheduled', 'b5bf6fec-28f0-4e74-a2e3-6682e470fded', '4', 'IM', '', 'admit', '302', '2024-10-14 18:00:00', 2, '2025-03-14 18:00:00', 12),
('Levofloxacin', '4', NULL, NULL, NULL, NULL, NULL, NULL, '15-1', '08d3ddc2-b464-4bbe-bb08-b280bce0e98e', NULL, '1be0a9da-bff9-4ab6-a36c-edfd8ca88f1a', '2025-01-29 14:24:04', NULL, 'abdurrahman', '2', 'weeks', 14, '12 Hourly', NULL, NULL, 'request', 'pending', '92d7601b-460e-437f-a059-128ac8468874', '1', 'IV', '', 'out-patient', '28', '2025-01-29 18:00:00', 2, '2025-02-12 18:00:00', 12),
('Levofloxacin', '4', NULL, NULL, NULL, NULL, NULL, NULL, '12-1', '24fef7de-6e58-495e-ab7f-91fce83da58b', NULL, '1be0a9da-bff9-4ab6-a36c-edfd8ca88f1a', '2025-01-31 12:34:32', NULL, 'abdurrahman', '1', 'days', 1, '12 Hourly', NULL, NULL, 'request', 'pending', '2f97c0d9-16f3-4f65-a501-ebb88668fe33', '1', 'IV', '', 'out-patient', '2', '2025-01-31 18:00:00', 2, '2025-02-01 18:00:00', 12),
('Levofloxacin', '4', NULL, NULL, NULL, NULL, NULL, NULL, '10-1', '43deda03-c113-4ef8-adae-be127485526a', NULL, '1be0a9da-bff9-4ab6-a36c-edfd8ca88f1a', '2025-02-02 10:30:31', NULL, 'abdurrahman', '1', 'days', 1, '12 Hourly', NULL, NULL, 'request', 'pending', '13353522-e81b-4412-9e80-06ca2362ab5c', '1', 'IV', '', 'out-patient', '2', '2025-02-02 18:00:00', 2, '2025-02-03 18:00:00', 12);

-- --------------------------------------------------------

--
-- Table structure for table `doctor_entries`
--

CREATE TABLE `doctor_entries` (
  `doc_acct` varchar(50) DEFAULT NULL,
  `dr` int(11) DEFAULT NULL,
  `cr` int(11) DEFAULT NULL,
  `reference_no` varchar(50) CHARACTER SET utf8 COLLATE utf8_general_ci NOT NULL,
  `facilityId` varchar(50) CHARACTER SET utf8 COLLATE utf8_general_ci NOT NULL,
  `createdAt` datetime DEFAULT NULL
) ENGINE=InnoDB DEFAULT CHARSET=utf8mb4 COLLATE=utf8mb4_general_ci;

-- --------------------------------------------------------

--
-- Table structure for table `druglist`
--

CREATE TABLE `druglist` (
  `id` int(11) NOT NULL,
  `name` varchar(50) NOT NULL,
  `generic_name` varchar(50) DEFAULT NULL,
  `created_at` timestamp NOT NULL DEFAULT current_timestamp()
) ENGINE=InnoDB DEFAULT CHARSET=latin1 COLLATE=latin1_swedish_ci;

--
-- Dumping data for table `druglist`
--

INSERT INTO `druglist` (`id`, `name`, `generic_name`, `created_at`) VALUES
(1, 'Levofloxacin', '', '2021-09-29 18:52:50'),
(2, 'Dalcin C', 'Clindamycin', '2021-09-29 18:52:50'),
(4, 'Menthodex', '', '2021-09-29 19:12:25'),
(5, 'Eproxen', 'Naproxen + Esomeprazole', '2021-09-29 19:12:25'),
(6, 'Diclofenac', 'Diclofenac', '2021-09-29 19:12:25'),
(7, 'Azithromycin', 'Azithromycin', '2021-09-29 19:12:25'),
(8, 'Cocodamol', 'Paracetamol + Codiene', '2021-09-29 19:12:25'),
(9, 'Rocephin', 'Ceftriaxone', '2021-09-30 10:32:13'),
(10, 'Ceftriaxone', 'Ceftriaxone', '2021-09-30 10:32:13'),
(11, 'Flagyl', 'Flagyl', '2021-09-30 10:32:13'),
(12, 'Gentamycin', 'Gentamycin', '2021-09-30 10:32:13'),
(13, 'Pentazocine', 'Pentazocine', '2021-09-30 10:32:13'),
(14, 'Keppra', 'Leviteracetam', '2021-09-30 10:41:23'),
(15, 'Torsemide', 'Torsemide', '2021-09-30 10:53:46'),
(16, 'Metolazone', 'Metolazone', '2021-09-30 10:53:46'),
(17, 'Ciprofloxacin', 'Ciprofloxacin', '2021-09-30 10:55:08'),
(18, 'Rabeprazole', 'Rabeprazole', '2021-09-30 10:55:08'),
(19, 'Ramipril', 'Ramipril', '2021-09-30 11:35:45'),
(20, 'Lexotan', 'Bromazepam', '2021-09-30 11:41:26'),
(21, 'Amlodipine', 'Amlodipine', '2021-09-30 11:43:09'),
(22, 'Amatem', 'Arthemether / Lumefantrine', '2021-09-30 11:43:09'),
(23, 'Calcimax', 'Calcium', '2021-09-30 11:52:56'),
(24, 'Folic Acid', 'Folic Acid', '2021-09-30 12:30:55'),
(25, 'Atesunate', 'Atesunate', '2021-09-30 12:30:55'),
(26, 'Paracetamol', 'Paracetamol', '2021-09-30 12:30:55'),
(27, 'Soda Mint', 'Bicarbonate', '2021-09-30 12:39:25'),
(28, 'E-mal', '?-? Artheether', '2021-09-30 12:39:25'),
(29, 'Omeprazole', 'Omeprazole', '2021-09-30 12:45:52'),
(30, 'Neurovite', 'Neurovite', '2021-09-30 12:45:52'),
(31, 'Acyclovir', 'Acyclovir', '2021-09-30 12:45:52'),
(32, 'Galvus-Met', 'Vildagliptin + Metformin', '2021-09-30 13:26:29'),
(33, 'Ringers Lactate', 'Ringers Lactate', '2021-09-30 13:40:49'),
(34, 'Carvedilol', '', '2021-09-30 13:40:49'),
(35, 'Normal Saline', 'Normal Saline', '2021-09-30 13:40:49'),
(36, '1/2 Strength Darrows', '1/2 Strength Darrows', '2021-09-30 13:40:49'),
(37, 'Full Strength Darrows', 'Full Strength Darrows', '2021-09-30 13:40:49'),
(38, '10% Mannitol', '10% Mannitol', '2021-09-30 13:40:49'),
(39, 'Dextrose Saline', 'Dextrose Saline', '2021-09-30 13:40:49'),
(40, '5% Dextrose Water', '5% Dextrose Water', '2021-09-30 13:40:49'),
(41, '20% Mannitol', '20% Mannitol', '2021-09-30 13:40:49'),
(42, '10% Dextrose Water', '10% Dextrose Water', '2021-09-30 13:40:49'),
(43, 'Pediatric Saline', '4.3% Dextrose Saline', '2021-09-30 13:40:49'),
(44, '50% Dextrose Water', '50% Dextrose Water', '2021-09-30 13:40:49'),
(45, 'Epilim', 'Sodium Valproate', '2021-09-30 13:55:22'),
(46, 'Dexamethasone', 'Dexamethasone', '2021-09-30 13:55:22'),
(47, 'Tegretol', 'Carbamazepine', '2021-09-30 13:55:22'),
(48, 'Lasix', '', '2021-09-30 16:42:18'),
(49, 'Vitamin C', 'Vitamin C', '2021-09-30 16:42:18'),
(50, 'Diazepam', 'Diazepam', '2021-09-30 16:42:18'),
(51, 'Buscopan', 'Hyocine', '2021-09-30 16:42:18'),
(52, 'Clexane', 'Clexane', '2021-09-30 16:42:18'),
(53, 'Pradaxa', 'Dabigatran', '2021-09-30 16:42:18'),
(54, 'Tandak', 'Ceftriaxone + Sulbactam', '2021-09-30 16:42:18'),
(55, 'Zinc gluconate', '', '2021-09-30 18:20:19'),
(56, 'Vitamin A', 'Vitamin A', '2021-09-30 18:20:19'),
(57, 'Calcium Sandoz', 'Calcium + Vitamin C', '2021-09-30 18:38:57'),
(58, 'Zoxon', '', '2021-10-01 12:50:52'),
(59, 'Zoxon', 'Ceftriaxone', '2021-10-01 12:51:49'),
(60, 'Pemason hyoscine ', 'Hyoscine butylbromide', '2021-10-01 13:14:28'),
(61, 'Frusemide', 'Frusemide', '2021-10-01 13:54:11'),
(62, 'Gentamicin', 'Gentamicin', '2021-10-01 14:05:03'),
(63, 'IM Vitamin k3', 'Vitamin k3', '2021-10-01 14:08:59'),
(64, 'Chlorpheniramine ', 'Chlorpheniramine', '2021-10-01 14:11:45'),
(65, 'promethazine', 'promethazine', '2021-10-01 14:13:07'),
(66, 'Vitamin B complex', 'Vitamin B complex', '2021-10-01 14:14:54'),
(67, 'Metronidazole', 'Metronidazole', '2021-10-01 14:17:19'),
(68, 'zinc sulphate', 'zinc sulphate', '2021-10-01 14:19:33'),
(69, 'hydrocortisone ', 'hydrocortisone', '2021-10-01 14:21:22'),
(70, 'Chloramphenical', 'Chloramphenical', '2021-10-01 14:23:21'),
(71, 'Effervescent tab', 'Calcium tab', '2021-10-01 14:25:20'),
(72, 'Tizanidine tab', 'Tizanidine ', '2021-10-01 14:27:17'),
(73, 'Ondamsetron', 'Ondansetron ', '2021-10-01 14:29:27'),
(74, 'Augmentin', 'Amoxicillin + Clavulanic Acid', '2021-10-01 14:29:52'),
(75, 'Maxiron', 'Maxiron', '2021-10-01 14:29:52'),
(76, 'Lonart', 'Arthemeter / Lumefantrine', '2021-10-01 14:29:52'),
(77, 'Calcium Gluconate', 'Calcium Gluconate', '2021-10-01 14:29:52'),
(78, 'Artequin', 'Atesunate + Mefloquin', '2021-10-01 14:29:52'),
(79, 'Liquid Paraffin', 'Liquid Parafin', '2021-10-01 14:29:52'),
(80, 'Cefpodoxime', 'Cefpodoxime', '2021-10-01 14:29:52'),
(81, 'Cefixime', 'Cefixime', '2021-10-01 14:29:52'),
(82, 'Cefuroxime', 'Cefuroxime', '2021-10-01 14:29:52'),
(83, 'Ibuprofen', 'Ibuprofen', '2021-10-01 14:29:52'),
(84, 'Relcer', 'Anti-acid', '2021-10-01 14:29:53'),
(85, 'Paracetamol IV', 'Paracetamol', '2021-10-01 14:32:26'),
(86, 'Artesunate IM/IV', 'Artesunate ', '2021-10-01 14:35:17'),
(87, 'Arteether', 'arteether', '2021-10-01 14:37:39'),
(88, 'Artemether/lumefantrine', 'Artemether tab', '2021-10-01 14:40:13'),
(89, 'Losartan', 'Losartan', '2021-10-01 14:40:58'),
(90, 'Vitamin E', 'Vitamin E', '2021-10-01 14:40:58'),
(91, 'Neurobion', 'Neurobion', '2021-10-01 14:40:58'),
(92, 'Valsartan', 'Valsartan', '2021-10-01 14:40:58'),
(93, 'Lisinopril', 'Lisinopril', '2021-10-01 14:40:58'),
(94, 'Hyperex', 'Omeprazole + Domperidone', '2021-10-01 14:40:58'),
(95, 'Doxycycline', 'Doxycycline', '2021-10-01 14:40:58'),
(96, 'Telmisartan', 'Telmisartan', '2021-10-01 14:40:58'),
(97, 'Clarithomycin', 'Clarithomycin', '2021-10-01 14:40:58'),
(98, 'Meronem', 'Meropenem', '2021-10-01 14:40:58'),
(99, 'Anorol', 'Paracetamol + Orphenadrine', '2021-10-01 14:40:58'),
(100, 'Motilium', 'Domperidone', '2021-10-01 14:40:58'),
(101, 'Baclofen', 'Baclofen', '2021-10-01 14:40:58'),
(102, 'Zyloric', 'Allopurinol', '2021-10-01 14:46:11'),
(103, 'Inflanil', 'Paracetamol + Diclofenac', '2021-10-01 14:46:11'),
(104, 'Chymoral', 'Trypsin / Chymotrypsin', '2021-10-01 14:46:11'),
(105, 'Loratadine syrup ', 'Loratadine ', '2021-10-01 14:46:44'),
(106, 'Paracetamol syrup', 'Paracetamol', '2021-10-01 14:49:29'),
(107, 'Loratadine ', '', '2021-10-01 14:54:46'),
(108, 'loperamide caps', '', '2021-10-01 15:02:53'),
(109, 'Prednisolone tab', '', '2021-10-01 15:09:56'),
(110, 'Navidoxine tab ', 'Meclizine ', '2021-10-01 15:11:33'),
(111, 'Bisacodyl', '', '2021-10-01 15:13:41'),
(112, 'metoclopramide', '', '2021-10-01 15:17:07'),
(113, 'Vitamin E caps', 'Vitamin E', '2021-10-01 15:20:57'),
(114, 'Zolat', 'Albendazole', '2021-10-01 15:24:12'),
(115, 'Vasoprin', 'Aspirin', '2021-10-01 15:26:14'),
(116, 'Clopidogrel', 'Clopidogrel', '2021-10-01 15:26:14'),
(117, 'Fracjoin', 'Fracjoin', '2021-10-01 15:28:06'),
(118, 'ORT', 'Oral hydrated salt', '2021-10-01 16:42:27'),
(119, 'Actifed', 'cold syrup', '2021-10-01 16:45:11'),
(120, 'Sinufed', 'Triprolidine ', '2021-10-01 16:47:02'),
(121, 'Calate', 'Calcium Carbonate + Vitamin D3 ', '2021-10-01 16:50:42'),
(122, 'oxymet nasal drop', 'oxymetazoline ', '2021-10-01 16:54:41'),
(123, 'Otrivin', 'Xylometazoline ', '2021-10-01 16:57:35'),
(124, 'Amlodiphine tabs', 'Amlodiphine', '2021-10-01 17:04:06'),
(125, 'metoprolol', 'metoprolol', '2021-10-01 17:08:14'),
(126, 'Broncholyte', 'Broncholyte', '2021-10-01 17:09:57'),
(127, 'Erythromycin', 'Erythromycin', '2021-10-01 17:09:57'),
(128, 'Nystatin', 'Nystatin', '2021-10-01 17:09:57'),
(129, 'Salbutamol', 'Salbutamol', '2021-10-01 17:09:57'),
(130, 'laxis', 'furosemid', '2021-10-01 17:12:34'),
(131, 'Bendroflumethiazide tab', 'Bendroflumethiazide', '2021-10-01 17:15:26'),
(132, 'Diabetmin tab', 'Metformin ', '2021-10-01 17:17:39'),
(133, 'Nifedipine tab', 'nifedipine', '2021-10-01 17:21:33'),
(134, 'Amitryptiline', 'Amitryptiline', '2021-10-01 17:22:55'),
(135, 'Sodium Bicarbonate', 'Sodium Bicarbonate', '2021-10-01 17:22:55'),
(136, 'Tetanus Toxoid', 'Tetanus Toxoid', '2021-10-01 17:22:55'),
(137, 'Tramadol', 'Tramadol', '2021-10-01 17:22:55'),
(138, 'Amoxycillin', 'Amoxicillin', '2021-10-01 17:22:55'),
(139, 'Clindamycin', 'Clindamycin', '2021-10-01 17:22:56'),
(140, 'Ampicillin', 'Ampicillin', '2021-10-01 17:22:56'),
(141, 'Digoxin', 'Digoxin', '2021-10-01 17:22:56'),
(142, 'Fesolate', 'Fesolate', '2021-10-01 17:22:56'),
(143, 'Insulin', 'Insulin', '2021-10-01 17:22:56'),
(144, 'Labetalol', 'Labetalol', '2021-10-01 17:22:56'),
(145, 'Phenobarbitone', 'Phenobarbitone', '2021-10-01 17:22:56'),
(146, 'Gentian violet', '', '2021-10-01 17:23:59'),
(147, 'Flotac', 'Diclofenac + Cholestyramine', '2021-10-01 17:28:50'),
(148, 'Biopentin', 'Gabapentine + Methylcobalamin', '2021-10-01 17:32:33'),
(149, 'Flacoxto cap', 'Celecoxib ', '2021-10-01 17:36:08'),
(150, 'Sivogesic', 'naproxen + Excipients', '2021-10-01 17:43:06'),
(151, 'Nestagesic', 'Diclofenac potassium', '2021-10-01 17:46:30'),
(152, 'Panadol caplets', 'Paracetamol', '2021-10-01 17:48:28'),
(153, 'L-flox', 'levofloxacin', '2021-10-01 17:53:39'),
(154, 'Ciproxamed tab', 'Ciprofloxacin', '2021-10-01 17:58:06'),
(155, 'Metronidazole tab', 'Metronidazole', '2021-10-01 17:59:58'),
(156, 'Cefpodoxime susp', 'Cefpodoxime', '2021-10-02 08:08:56'),
(157, 'Cefpodoxime tab', 'Cefpodoxime', '2021-10-02 08:11:25'),
(158, 'Omeprazole IM/IV', 'Omeprazole', '2021-10-02 08:18:17'),
(159, 'Nova ', 'Surgical tape', '2021-10-02 08:22:27'),
(160, 'Caldenor', 'Self Adhesive Tape', '2021-10-02 08:25:35'),
(161, 'Vincid Gel', 'Antacid+Antiflatulent', '2021-10-02 08:30:17'),
(162, 'Omeprazole caps', 'Omeprazole', '2021-10-02 08:32:22'),
(163, 'IV Cannula', 'Cannula', '2021-10-02 08:48:47'),
(164, 'Swab Stick', 'Sterile Swab', '2021-10-02 08:53:23'),
(165, 'Artovastatin', 'Artovastatin', '2021-10-02 14:57:27'),
(166, 'Captopril', 'Captopril', '2021-10-02 14:57:27'),
(167, 'promethazine syrup', 'promethazine', '2021-10-02 15:48:59'),
(168, 'Metronidazole susp', 'Metronidazole', '2021-10-02 15:59:59'),
(169, 'Hyoscine ', 'colipan', '2021-10-02 16:06:42'),
(170, 'multivite ', '', '2021-10-02 16:12:45'),
(171, 'Ibuprofen sus', 'Ibuprofen', '2021-10-02 16:14:42'),
(172, 'Amoxicillin + Clav 625mg', 'Amoxicillin', '2021-10-03 08:36:34'),
(173, 'Syring 5ml', 'Syring', '2021-10-03 08:56:22'),
(174, 'Syring 2ml', 'Syring', '2021-10-03 09:06:35'),
(175, 'Syring 10ml', 'Syring', '2021-10-03 09:21:20'),
(176, 'Syring 20ml', 'Syring', '2021-10-03 09:22:53'),
(177, 'crepe bandages', '', '2021-10-03 09:28:35'),
(178, 'ORS', 'Oral hydrated salt', '2021-10-03 10:00:52'),
(179, 'Cac-1000 plus', 'Calcium + Vitamin D3+C+B6', '2021-10-03 10:06:43'),
(180, 'Envelop', '', '2021-10-03 10:11:01'),
(181, 'Rabeprazole inj', 'Rabeprazole', '2021-10-03 10:39:21'),
(182, 'ondansedron', 'ondansedron', '2021-10-03 10:47:26'),
(183, 'Rocephin inj', 'Rocephin', '2021-10-03 10:50:06'),
(184, 'Calcium Gluconate inj', 'Calcium Gluconate', '2021-10-03 10:53:36'),
(185, 'phenytoin inj', 'Phenytoin', '2021-10-03 10:56:20'),
(186, 'phenobarb inj', '', '2021-10-03 10:58:29'),
(187, 'Prednisolone inj', 'Prednisolone ', '2021-10-03 11:01:11'),
(188, 'IVF', '', '2021-10-03 11:02:32'),
(189, 'Examination glove ', '', '2021-10-03 11:03:38'),
(190, 'Hartman solution ', '', '2021-10-03 12:13:08'),
(191, 'urine bottle', '', '2021-10-03 12:21:43'),
(192, 'Drainage bag', '', '2021-10-03 12:21:43'),
(193, 'blood giving set ', '', '2021-10-03 12:21:43'),
(194, 'Catheter ', '', '2021-10-03 12:21:43'),
(195, 'Feeding tube', '', '2021-10-03 12:21:43'),
(196, 'Bromatan tab', 'Bromatan', '2021-10-03 12:27:13'),
(197, 'facemask', '', '2021-10-03 12:30:28'),
(198, 'Gauze', '', '2021-10-03 12:34:20'),
(199, 'Plaster', '', '2021-10-03 12:34:20'),
(200, 'Albendazole syrup', 'Albendazole', '2021-10-03 14:09:51'),
(201, 'Amoxyl tab', '', '2021-10-03 14:13:18'),
(202, 'Diclofenac tab', 'Diclofenac', '2021-10-03 14:17:10'),
(203, 'Diclofenac tab 100mg', 'Diclofenac', '2021-10-03 14:18:48'),
(204, 'Carbamazine ', 'Carbamazine', '2021-10-03 14:20:51'),
(205, 'Dehydroartesmisini tab', 'p alaxin', '2021-10-03 14:23:41'),
(206, 'Fluconazole 100mg/10', 'Fluconazole', '2021-10-03 14:26:19'),
(207, 'Fluconazole 100mg', 'Diflucan', '2021-10-03 14:27:56'),
(208, 'Frusemide', 'lasix', '2021-10-03 14:29:51'),
(209, 'Ibuprofen 200mg', 'Ibuprofen', '2021-10-03 14:32:12'),
(210, 'Lisinopril 10mg/14', 'Lisinopril', '2021-10-03 14:36:59'),
(211, 'Artequin tab', 'Atesunate + Mefloquin', '2021-10-03 14:41:00'),
(212, 'atenolol 25mg', '', '2021-10-03 14:42:59'),
(213, 'Atorvastatin 20mg', '', '2021-10-03 14:45:47'),
(214, 'Azithromycin tab 500mg', 'Pfizer', '2021-10-03 14:50:54'),
(215, 'cinnarizine', 'stugeron', '2021-10-03 15:06:51'),
(216, 'Methyldopa 250 mg ', 'Aldomet', '2021-10-03 15:15:57'),
(217, 'Nitrofuratoin 50mg', '', '2021-10-03 15:20:48'),
(218, 'promethazine tab', 'promethazine', '2021-10-03 15:27:08'),
(219, 'propanolol 25mg', '', '2021-10-03 15:28:49'),
(220, 'Salbutamol 4mg', 'Salbutamol', '2021-10-04 08:47:00'),
(221, 'Simvastatin 20mg', 'Simvastatin', '2021-10-04 08:49:02'),
(222, 'Slow k', '', '2021-10-04 08:50:20'),
(223, 'Xonadine', 'Xonadine', '2021-10-04 09:21:39'),
(224, 'Xonadine', '', '2021-10-04 09:23:23'),
(225, 'Acetazolamide', '', '2021-10-04 09:26:30'),
(226, 'Exforge', '', '2021-10-04 09:28:12'),
(227, 'paradex', '', '2021-10-04 09:29:31'),
(228, 'Adrenaline inj 1mg', 'Adrenaline', '2021-10-04 09:31:36'),
(229, 'Aminophylline inj 250mg', '', '2021-10-04 09:34:07'),
(230, 'Astymin infusion 200mg', '', '2021-10-04 09:39:26'),
(231, 'atenolol 0.5mg', '', '2021-10-04 09:41:12'),
(232, 'Atropine inj', '', '2021-10-04 09:44:02'),
(233, 'Ceftriaxone  1g inj', '', '2021-10-04 09:45:57'),
(234, 'Chloramphenical inj 1g', 'Chloramphenical', '2021-10-04 10:40:05'),
(235, 'Diazepam inj 10mg', 'Diazepam', '2021-10-04 10:41:35'),
(236, 'Hyoscine ', 'buscopam 20mg', '2021-10-04 10:46:22'),
(237, 'Metoclopramide inj', '', '2021-10-04 10:49:11'),
(238, 'Paracetamol infusion', 'Paracetamol', '2021-10-04 10:51:57'),
(239, 'Tramadol inj', '', '2021-10-04 11:07:00'),
(240, 'Vit Bco inj', 'B complex', '2021-10-04 11:11:58'),
(241, 'Vit k', '', '2021-10-04 11:13:43'),
(242, 'Nuropeum', '', '2021-10-04 11:15:49'),
(243, 'Clindamycin inj', 'Clindamycin', '2021-10-04 11:17:13'),
(244, 'Flagyl 150mg', 'Flagyl', '2021-10-04 11:23:36'),
(245, 'Flouxetine', 'Fluoxetine', '2021-10-04 18:16:18'),
(246, 'E-mal inj ', 'arthemeter', '2021-10-05 10:42:36'),
(247, 'Infusion liquid ', '', '2021-10-06 11:28:42'),
(248, 'Soft gel', '', '2021-10-06 11:33:12'),
(249, 'Dopamine inj', '', '2021-10-06 11:36:58'),
(250, 'Infusion Parasam', '', '2021-10-06 11:45:20'),
(251, 'Fleming 625 tab', '', '2021-10-06 11:52:46'),
(252, 'Coartem syrup', '', '2021-10-06 11:55:40'),
(253, 'Brustan-N syrup', 'Ibuprofen', '2021-10-06 12:00:58'),
(254, 'infusion levo', '', '2021-10-06 12:03:05'),
(255, 'water for inj', '', '2021-10-06 12:05:09'),
(256, 'cabidelol 625', '', '2021-10-06 12:06:49'),
(257, 'EMD inj', '', '2021-10-06 12:10:21'),
(258, 'IV Fluid ', '', '2021-10-07 09:49:12'),
(259, 'Emal inj', '', '2021-10-07 10:16:14'),
(260, 'Bromocryptine', 'Bromocryptine', '2021-10-09 09:34:26'),
(261, 'Azithromycin syrup', 'Azithromycin', '2021-10-10 12:51:51'),
(262, 'Ondasetron iv', 'Ondasetron ', '2021-10-10 12:53:55'),
(263, 'medazalam iv', '', '2021-10-10 12:55:50'),
(264, 'Lonart syp', 'Arthemeter / Lumefantrine', '2021-10-10 12:58:57'),
(265, 'Lonart tab', 'Arthemeter / Lumefantrine', '2021-10-10 13:01:46'),
(266, 'Aldactone', 'Spironolactone', '2021-10-12 06:40:19'),
(267, 'Flagyl tab', '', '2021-10-13 08:41:01'),
(268, 'Meronem iv', 'Meropenem', '2021-10-13 09:08:46'),
(269, 'Paracetamol tab', 'Paracetamol', '2021-10-13 09:08:46'),
(270, 'Loratadine tab', '', '2021-10-13 09:08:46'),
(271, 'Anorol tab', 'Paracetamol + Orphenadrine', '2021-10-13 09:08:46'),
(272, 'pragabalin', '', '2021-10-13 09:16:44'),
(273, 'nurovite tab', '', '2021-10-13 09:16:44'),
(274, 'giving set', '', '2021-10-13 09:24:45'),
(275, 'cotton wool', '', '2021-10-13 09:24:45'),
(276, 'Azithromycin tab 500mg', '', '2021-10-13 10:34:50'),
(277, 'flagyl iv', '', '2021-10-13 10:34:50'),
(278, 'piriton syr', '', '2021-10-13 10:34:50'),
(279, 'Ciprofloxacin tab', 'Ciprofloxacin', '2021-10-13 10:34:50'),
(280, 'Eproxen tab', 'Naproxen + Esomeprazole', '2021-10-13 10:34:50'),
(281, 'tandak inj', '', '2021-10-13 10:34:51'),
(282, 'Amoxicillin + Clav 625mg syr', 'Amoxicillin', '2021-10-13 10:34:51'),
(283, 'Vitamin B complex syr', 'Vitamin B complex', '2021-10-13 10:34:51'),
(284, 'Broncholyte syr', 'Broncholyte', '2021-10-13 10:34:51'),
(285, 'Albendazole tab', 'Albendazole', '2021-10-13 10:34:51'),
(287, 'crepe bandages 6 inc', '', '2021-10-13 11:23:50'),
(288, 'crepe bandages 4 inc', '', '2021-10-13 11:23:50'),
(289, 'urine bag', '', '2021-10-13 11:23:50'),
(290, 'Catheter 16 & 18', '', '2021-10-13 11:23:50'),
(291, 'surgical gloves s8', '', '2021-10-13 11:31:17'),
(292, 'pariti', '', '2021-10-13 11:31:17'),
(293, 'surgical blades', '', '2021-10-13 11:31:17'),
(294, 'surgical gloves', '', '2021-10-13 11:31:17'),
(295, 'Hyperex tab', 'Omeprazole + Domperidone', '2021-10-13 11:44:41'),
(296, 'fluxatone tab', '', '2021-10-13 11:44:41'),
(297, 'astimin syr', '', '2021-10-13 11:44:41'),
(298, 'hydrocortisone  iv', 'hydrocortisone', '2021-10-13 11:44:41'),
(299, 'Augmentin 1.2g iv', 'Amoxicillin + Clavulanic Acid', '2021-10-13 11:44:41'),
(300, 'Cefixime syr', 'Cefixime', '2021-10-13 11:44:41'),
(301, 'Rabeprazole tab', 'Rabeprazole', '2021-10-14 08:56:07'),
(302, 'Clindamycin ', '', '2021-10-14 08:56:07'),
(303, 'laxis', '', '2021-10-14 08:56:07'),
(304, 'Vitamin C tab', 'Vitamin C', '2021-10-14 08:56:07'),
(305, 'lidocaine & adrenaline', '', '2021-10-14 08:59:02'),
(306, 'lidocaine', '', '2021-10-14 08:59:02'),
(307, 'triaxanexame acid', '', '2021-10-14 09:11:55'),
(308, 'devrovite toofe ', '', '2021-10-14 09:11:55'),
(309, 'ofloxine tab', '', '2021-10-14 09:11:55'),
(310, 'Flagyl syr', 'Flagyl', '2021-10-14 09:26:14'),
(311, 'ky jelly', '', '2021-10-14 09:26:14'),
(312, 'IV eproxen', '', '2021-10-14 09:26:14'),
(313, 'cefodaxime tab', '', '2021-10-14 09:26:14'),
(314, 'cefodaxime', '', '2021-10-14 09:26:14'),
(315, 'Gentamicin inj', 'Gentamicin', '2021-10-14 09:26:14'),
(316, 'sutamathenium iv', '', '2021-10-14 09:37:57'),
(317, 'pancorunium iv', '', '2021-10-14 09:37:57'),
(318, 'neostgimin iv', '', '2021-10-14 09:37:57'),
(320, 'thapintal iv', '', '2021-10-14 09:37:57'),
(321, 'ETT', 'ETT', '2021-10-14 09:39:34'),
(322, 'Ceftazidime', 'Ceftazidime', '2021-10-19 18:26:52'),
(323, 'Pentazocine', 'Pentazocine', '2021-10-22 10:32:27'),
(324, 'Isoflurane', 'Isoflurane', '2021-10-22 10:32:27'),
(325, 'Midazolam', 'Midazolam', '2021-10-22 10:32:27'),
(327, 'Amatem Tabs', 'Arthemether/Lumefantrine', '2021-10-22 10:48:21');

-- --------------------------------------------------------

--
-- Table structure for table `drugpurchaserecords`
--

CREATE TABLE `drugpurchaserecords` (
  `drug_code` varchar(50) NOT NULL,
  `drug` varchar(30) NOT NULL,
  `generic_name` varchar(100) NOT NULL,
  `unit_of_issue` varchar(100) NOT NULL,
  `reorder_level` int(11) NOT NULL,
  `cost_price` varchar(50) NOT NULL,
  `markUp` varchar(50) NOT NULL,
  `quantity` int(11) DEFAULT 0,
  `by_whom` varchar(100) DEFAULT NULL,
  `supplier` varchar(40) NOT NULL,
  `receipt_no` varchar(20) DEFAULT NULL,
  `payment_status` varchar(10) DEFAULT NULL,
  `created_at` datetime DEFAULT current_timestamp(),
  `receipt_picture` blob DEFAULT NULL,
  `expiry_date` date NOT NULL,
  `expiry_alert` int(5) NOT NULL,
  `balance` varchar(50) DEFAULT NULL,
  `dispensary_balance` int(11) NOT NULL,
  `shift` varchar(20) NOT NULL,
  `status` varchar(10) NOT NULL,
  `facilityId` varchar(50) DEFAULT NULL
) ENGINE=MyISAM DEFAULT CHARSET=latin1 COLLATE=latin1_swedish_ci;

--
-- Dumping data for table `drugpurchaserecords`
--

INSERT INTO `drugpurchaserecords` (`drug_code`, `drug`, `generic_name`, `unit_of_issue`, `reorder_level`, `cost_price`, `markUp`, `quantity`, `by_whom`, `supplier`, `receipt_no`, `payment_status`, `created_at`, `receipt_picture`, `expiry_date`, `expiry_alert`, `balance`, `dispensary_balance`, `shift`, `status`, `facilityId`) VALUES
('', 'Tabs Levofloxacin', '', '0', 0, '350', '1150', 20, 'abdurrahman', '72', '0', 'paid', '2021-09-29 19:52:50', NULL, '2023-01-29', 0, NULL, 20, '', '', '1be0a9da-bff9-4ab6-a36c-edfd8ca88f1a'),
('', 'Tabs Dalcin C', 'Clindamycin', '0', 0, '850', '500', 20, 'abdurrahman', '72', '0', 'paid', '2021-09-29 19:52:50', NULL, '2023-01-29', 0, NULL, 11, '', '', '1be0a9da-bff9-4ab6-a36c-edfd8ca88f1a'),
('', 'Pregabalin', 'Pregabalin', '0', 0, '600', '900', 10, 'abdurrahman', '72', '0', 'paid', '2021-09-29 19:52:50', NULL, '2023-01-29', 0, NULL, 10, '', '', '1be0a9da-bff9-4ab6-a36c-edfd8ca88f1a'),
('', 'Menthodex', '', '0', 0, '950', '150', 10, 'abdurrahman', '72', '0', 'paid', '2021-09-29 20:12:25', NULL, '2023-01-29', 0, NULL, 6, '', '', '1be0a9da-bff9-4ab6-a36c-edfd8ca88f1a'),
('', 'Cocodamol', 'Paracetamol + Codiene', '0', 0, '1000', '500', 19, 'abdurrahman', '72', '0', 'paid', '2021-09-29 20:12:25', NULL, '2023-01-29', 0, NULL, 19, '', '', '1be0a9da-bff9-4ab6-a36c-edfd8ca88f1a'),
('', 'Eproxen', 'Naproxen + Esomeprazole', '0', 0, '500', '1000', 22, 'abdurrahman', '72', '0', 'paid', '2021-09-29 20:12:25', NULL, '2023-01-29', 0, NULL, 22, '', '', '1be0a9da-bff9-4ab6-a36c-edfd8ca88f1a'),
('', 'IM Diclofenac', 'Diclofenac', '0', 0, '3000', '50', 11, 'abdurrahman', '72', '0', 'paid', '2021-09-29 20:12:25', NULL, '2023-01-29', 0, NULL, 210, '', '', '1be0a9da-bff9-4ab6-a36c-edfd8ca88f1a'),
('', 'Azithromycin', 'Azithromycin', '0', 0, '100', '10', 10, 'abdurrahman', '72', '0', 'paid', '2021-09-29 20:12:25', NULL, '2023-05-29', 0, NULL, 8, '', '', '1be0a9da-bff9-4ab6-a36c-edfd8ca88f1a'),
('', 'Rocephin', 'Ceftriaxone', '0', 0, '4000', '1000', 10, 'abdurrahman', '72', '0', 'paid', '2021-09-30 11:32:13', NULL, '2023-01-30', 0, NULL, 0, '', '', '1be0a9da-bff9-4ab6-a36c-edfd8ca88f1a'),
('', 'Ceftriaxone', 'Ceftriaxone', '0', 0, '600', '200', 10, 'abdurrahman', '72', '0', 'paid', '2021-09-30 11:32:13', NULL, '2022-12-30', 0, NULL, 0, '', '', '1be0a9da-bff9-4ab6-a36c-edfd8ca88f1a'),
('', 'Gentamycin', 'Gentamycin', '0', 0, '500', '0', 10, 'abdurrahman', '72', '0', 'paid', '2021-09-30 11:32:13', NULL, '2222-11-11', 0, NULL, 1, '', '', '1be0a9da-bff9-4ab6-a36c-edfd8ca88f1a'),
('', 'Flagyl', 'Flagyl', '0', 0, '200', '300', 10, 'abdurrahman', '72', '0', 'paid', '2021-09-30 11:32:13', NULL, '2022-12-30', 0, NULL, 10, '', '', '1be0a9da-bff9-4ab6-a36c-edfd8ca88f1a'),
('', 'Pentazocine', 'Pentazocine', '0', 0, '1200', '0', 10, 'abdurrahman', '72', '0', 'paid', '2021-09-30 11:32:13', NULL, '2222-11-11', 0, NULL, 1, '', '', '1be0a9da-bff9-4ab6-a36c-edfd8ca88f1a'),
('', 'Keppra', 'Leviteracetam', '0', 0, '111', '0', 1, 'abdurrahman', '72', '0', 'paid', '2021-09-30 11:41:23', NULL, '2023-05-30', 0, NULL, 1, '', '', '1be0a9da-bff9-4ab6-a36c-edfd8ca88f1a'),
('', 'Torsemide', 'Torsemide', '0', 0, '1111', '0', 11, 'abdurrahman', '72', '0', 'paid', '2021-09-30 11:53:46', NULL, '2222-02-22', 0, NULL, -45, '', '', '1be0a9da-bff9-4ab6-a36c-edfd8ca88f1a'),
('', 'Metolazone', 'Metolazone', '0', 0, '1111', '0', 1, 'abdurrahman', '72', '0', 'paid', '2021-09-30 11:53:46', NULL, '2222-12-22', 0, NULL, 1, '', '', '1be0a9da-bff9-4ab6-a36c-edfd8ca88f1a'),
('', 'Ciprofloxacin', 'Ciprofloxacin', '0', 0, '700', '0', 1, 'abdurrahman', '72', '0', 'paid', '2021-09-30 11:55:08', NULL, '2222-02-22', 0, NULL, 1, '', '', '1be0a9da-bff9-4ab6-a36c-edfd8ca88f1a'),
('', 'Rabeprazole', 'Rabeprazole', '0', 0, '250', '1150', 11, 'abdurrahman', '72', '0', 'paid', '2021-09-30 11:55:08', NULL, '2023-08-01', 0, NULL, 5, '', '', '1be0a9da-bff9-4ab6-a36c-edfd8ca88f1a'),
('', 'Ramipril', 'Ramipril', '0', 0, '1800', '0', 1, 'abdurrahman', '72', '0', 'paid', '2021-09-30 12:35:45', NULL, '2023-10-30', 0, NULL, 1, '', '', '1be0a9da-bff9-4ab6-a36c-edfd8ca88f1a'),
('', 'Ramipril', 'Ramipril', '0', 0, '1', '0', 1, 'abdurrahman', '72', '0', 'paid', '2021-09-30 12:36:19', NULL, '2023-10-30', 0, NULL, 1, '', '', '1be0a9da-bff9-4ab6-a36c-edfd8ca88f1a'),
('', 'Lexotan', 'Bromazepam', '0', 0, '300', '0', 11, 'abdurrahman', '72', '0', 'paid', '2021-09-30 12:41:26', NULL, '2023-09-30', 0, NULL, 11, '', '', '1be0a9da-bff9-4ab6-a36c-edfd8ca88f1a'),
('', 'Amlodipine', 'Amlodipine', '0', 0, '11', '0', 11, 'abdurrahman', '72', '0', 'paid', '2021-09-30 12:43:09', NULL, '2023-05-30', 0, NULL, 0, '', '', '1be0a9da-bff9-4ab6-a36c-edfd8ca88f1a'),
('', 'Amatem', 'Arthemether / Lumefantrine', '0', 0, '1400', '1100', 11, 'abdurrahman', '72', '0', 'paid', '2021-09-30 12:43:09', NULL, '2023-05-30', 0, NULL, 11, '', '', '1be0a9da-bff9-4ab6-a36c-edfd8ca88f1a'),
('', 'Calcimax', 'Calcium', '0', 0, '500', '1000', 11, 'abdurrahman', '72', '0', 'paid', '2021-09-30 12:52:56', NULL, '2023-01-30', 0, NULL, 11, '', '', '1be0a9da-bff9-4ab6-a36c-edfd8ca88f1a'),
('', 'Folic Acid', 'Folic Acid', '0', 0, '50', '0', 11, 'abdurrahman', '72', '0', 'paid', '2021-09-30 13:30:55', NULL, '2222-02-22', 0, NULL, 11, '', '', '1be0a9da-bff9-4ab6-a36c-edfd8ca88f1a'),
('', 'Paracetamol', 'Paracetamol', '0', 0, '600', '0', 11, 'abdurrahman', '72', '0', 'paid', '2021-09-30 13:30:55', NULL, '2222-12-16', 0, NULL, 11, '', '', '1be0a9da-bff9-4ab6-a36c-edfd8ca88f1a'),
('', 'Atesunate', 'Atesunate', '0', 0, '11', '0', 11, 'abdurrahman', '72', '0', 'paid', '2021-09-30 13:30:55', NULL, '2222-11-12', 0, NULL, 11, '', '', '1be0a9da-bff9-4ab6-a36c-edfd8ca88f1a'),
('', 'Soda Mint', 'Bicarbonate', '0', 0, '1111', '0', 11, 'abdurrahman', '72', '0', 'paid', '2021-09-30 13:39:25', NULL, '2222-11-22', 0, NULL, 11, '', '', '1be0a9da-bff9-4ab6-a36c-edfd8ca88f1a'),
('', 'E-mal', '?-? Artheether', '0', 0, '11111', '0', 11, 'abdurrahman', '72', '0', 'paid', '2021-09-30 13:39:25', NULL, '2222-11-22', 0, NULL, 0, '', '', '1be0a9da-bff9-4ab6-a36c-edfd8ca88f1a'),
('', 'Omeprazole', 'Omeprazole', '0', 0, '1200', '0', 11, 'abdurrahman', '72', '0', 'paid', '2021-09-30 13:45:52', NULL, '2023-09-01', 0, NULL, 34, '', '', '1be0a9da-bff9-4ab6-a36c-edfd8ca88f1a'),
('', 'Neurovite', 'Neurovite', '0', 0, '800', '0', 11, 'abdurrahman', '72', '0', 'paid', '2021-09-30 13:45:52', NULL, '2022-12-31', 0, NULL, 10, '', '', '1be0a9da-bff9-4ab6-a36c-edfd8ca88f1a'),
('', 'Acyclovir', 'Acyclovir', '0', 0, '111', '0', 11, 'abdurrahman', '72', '0', 'paid', '2021-09-30 13:45:52', NULL, '2222-11-11', 0, NULL, 11, '', '', '1be0a9da-bff9-4ab6-a36c-edfd8ca88f1a'),
('', 'Galvus-Met', 'Vildagliptin + Metformin', '0', 0, '14000', '0', 11, 'abdurrahman', '72', '0', 'paid', '2021-09-30 14:26:29', NULL, '2222-11-22', 0, NULL, 11, '', '', '1be0a9da-bff9-4ab6-a36c-edfd8ca88f1a'),
('', 'Ringers Lactate', 'Ringers Lactate', '0', 0, '11', '0', 11, 'abdurrahman', '72', '0', 'paid', '2021-09-30 14:40:49', NULL, '2222-02-22', 0, NULL, 11, '', '', '1be0a9da-bff9-4ab6-a36c-edfd8ca88f1a'),
('', 'Full Strength Darrows', 'Full Strength Darrows', '0', 0, '600', '900', 11, 'abdurrahman', '72', '0', 'paid', '2021-09-30 14:40:49', NULL, '2222-11-22', 0, NULL, 11, '', '', '1be0a9da-bff9-4ab6-a36c-edfd8ca88f1a'),
('', '1/2 Strength Darrows', '1/2 Strength Darrows', '0', 0, '600', '900', 11, 'abdurrahman', '72', '0', 'paid', '2021-09-30 14:40:49', NULL, '2222-02-22', 0, NULL, 11, '', '', '1be0a9da-bff9-4ab6-a36c-edfd8ca88f1a'),
('', 'Carvedilol', '', '0', 0, '111', '0', 11, 'abdurrahman', '72', '0', 'paid', '2021-09-30 14:40:49', NULL, '2222-11-11', 0, NULL, 11, '', '', '1be0a9da-bff9-4ab6-a36c-edfd8ca88f1a'),
('', 'Normal Saline', 'Normal Saline', '0', 0, '1500', '0', 11, 'abdurrahman', '72', '0', 'paid', '2021-09-30 14:40:49', NULL, '2222-11-11', 0, NULL, 10, '', '', '1be0a9da-bff9-4ab6-a36c-edfd8ca88f1a'),
('', '10% Mannitol', '10% Mannitol', '0', 0, '2900', '0', 11, 'abdurrahman', '72', '0', 'paid', '2021-09-30 14:40:49', NULL, '2222-11-22', 0, NULL, 11, '', '', '1be0a9da-bff9-4ab6-a36c-edfd8ca88f1a'),
('', '5% Dextrose Water', '5% Dextrose Water', '0', 0, '700', '0', 11, 'abdurrahman', '72', '0', 'paid', '2021-09-30 14:40:49', NULL, '2222-11-11', 0, NULL, 11, '', '', '1be0a9da-bff9-4ab6-a36c-edfd8ca88f1a'),
('', '20% Mannitol', '20% Mannitol', '0', 0, '3200', '0', 11, 'abdurrahman', '72', '0', 'paid', '2021-09-30 14:40:49', NULL, '2222-11-22', 0, NULL, 11, '', '', '1be0a9da-bff9-4ab6-a36c-edfd8ca88f1a'),
('', 'Dextrose Saline', 'Dextrose Saline', '0', 0, '700', '0', 11, 'abdurrahman', '72', '0', 'paid', '2021-09-30 14:40:49', NULL, '2222-11-11', 0, NULL, 9, '', '', '1be0a9da-bff9-4ab6-a36c-edfd8ca88f1a'),
('', '10% Dextrose Water', '10% Dextrose Water', '0', 0, '700', '0', 11, 'abdurrahman', '72', '0', 'paid', '2021-09-30 14:40:49', NULL, '2222-02-22', 0, NULL, 11, '', '', '1be0a9da-bff9-4ab6-a36c-edfd8ca88f1a'),
('', 'Pediatric Saline', '4.3% Dextrose Saline', '0', 0, '11', '0', 11, 'abdurrahman', '72', '0', 'paid', '2021-09-30 14:40:49', NULL, '2222-11-22', 0, NULL, 11, '', '', '1be0a9da-bff9-4ab6-a36c-edfd8ca88f1a'),
('', '50% Dextrose Water', '50% Dextrose Water', '0', 0, '700', '0', 11, 'abdurrahman', '72', '0', 'paid', '2021-09-30 14:40:49', NULL, '2222-11-22', 0, NULL, 11, '', '', '1be0a9da-bff9-4ab6-a36c-edfd8ca88f1a'),
('', 'Epilim', 'Sodium Valproate', '0', 0, '11', '0', 11, 'abdurrahman', '72', '0', 'paid', '2021-09-30 14:55:22', NULL, '2222-02-22', 0, NULL, 11, '', '', '1be0a9da-bff9-4ab6-a36c-edfd8ca88f1a'),
('', 'Dexamethasone', 'Dexamethasone', '0', 0, '300', '0', 11, 'abdurrahman', '72', '0', 'paid', '2021-09-30 14:55:22', NULL, '2023-09-01', 0, NULL, 400, '', '', '1be0a9da-bff9-4ab6-a36c-edfd8ca88f1a'),
('', 'Tegretol', 'Carbamazepine', '0', 0, '1500', '0', 11, 'abdurrahman', '72', '0', 'paid', '2021-09-30 14:55:22', NULL, '2222-02-22', 0, NULL, 11, '', '', '1be0a9da-bff9-4ab6-a36c-edfd8ca88f1a'),
('', 'Lasix', '', '0', 0, '2500', '0', 11, 'abdurrahman', '72', '0', 'paid', '2021-09-30 17:42:18', NULL, '2222-02-22', 0, NULL, 11, '', '', '1be0a9da-bff9-4ab6-a36c-edfd8ca88f1a'),
('', 'Clexane', 'Clexane', '0', 0, '4500', '0', 1, 'abdurrahman', '72', '0', 'paid', '2021-09-30 17:42:18', NULL, '2222-11-12', 0, NULL, 1, '', '', '1be0a9da-bff9-4ab6-a36c-edfd8ca88f1a'),
('', 'Vitamin C', 'Vitamin C', '0', 0, '170', '80', 1, 'abdurrahman', '72', '0', 'paid', '2021-09-30 17:42:18', NULL, '2023-07-05', 0, NULL, 7, '', '', '1be0a9da-bff9-4ab6-a36c-edfd8ca88f1a'),
('', 'Diazepam', 'Diazepam', '0', 0, '500', '0', 11, 'abdurrahman', '72', '0', 'paid', '2021-09-30 17:42:18', NULL, '2222-11-11', 0, NULL, 11, '', '', '1be0a9da-bff9-4ab6-a36c-edfd8ca88f1a'),
('', 'Buscopan', 'Hyocine', '0', 0, '600', '0', 1, 'abdurrahman', '72', '0', 'paid', '2021-09-30 17:42:18', NULL, '2222-11-22', 0, NULL, 1, '', '', '1be0a9da-bff9-4ab6-a36c-edfd8ca88f1a'),
('', 'Pradaxa', 'Dabigatran', '0', 0, '11', '0', 1, 'abdurrahman', '72', '0', 'paid', '2021-09-30 17:42:18', NULL, '2222-11-11', 0, NULL, 1, '', '', '1be0a9da-bff9-4ab6-a36c-edfd8ca88f1a'),
('', 'Tandak', 'Ceftriaxone + Sulbactam', '0', 0, '1300', '1700', 11, 'abdurrahman', '72', '0', 'paid', '2021-09-30 17:42:18', NULL, '2222-11-11', 0, NULL, 10, '', '', '1be0a9da-bff9-4ab6-a36c-edfd8ca88f1a'),
('', 'Pentazocine', 'Pentazocine', '0', 0, '1', '0', 1, 'abdurrahman', '72', '0', 'paid', '2021-09-30 19:20:19', NULL, '2222-11-11', 0, NULL, 1, '', '', '1be0a9da-bff9-4ab6-a36c-edfd8ca88f1a'),
('', 'Gentamycin', 'Gentamycin', '0', 0, '1', '0', 1, 'abdurrahman', '72', '0', 'paid', '2021-09-30 19:20:19', NULL, '2222-11-11', 0, NULL, 1, '', '', '1be0a9da-bff9-4ab6-a36c-edfd8ca88f1a'),
('', 'Zinc gluconate', '', '0', 0, '11', '0', 1, 'abdurrahman', '72', '0', 'paid', '2021-09-30 19:20:19', NULL, '2222-02-22', 0, NULL, 1, '', '', '1be0a9da-bff9-4ab6-a36c-edfd8ca88f1a'),
('', 'Vitamin A', 'Vitamin A', '0', 0, '1', '0', 1, 'abdurrahman', '72', '0', 'paid', '2021-09-30 19:20:19', NULL, '2222-11-11', 0, NULL, 1, '', '', '1be0a9da-bff9-4ab6-a36c-edfd8ca88f1a'),
('', 'Calcium Sandoz', 'Calcium + Vitamin C', '0', 0, '1400', '600', 11, 'abdurrahman', '72', '0', 'paid', '2021-09-30 19:38:57', NULL, '2222-11-11', 0, NULL, 11, '', '', '1be0a9da-bff9-4ab6-a36c-edfd8ca88f1a'),
('111', 'Pemason hyoscine ', 'Hyoscine butylbromide', '0', 0, '100', '50', 60, 'Maryam', '72', '0', 'paid', '2021-10-01 14:14:28', NULL, '2023-06-01', 0, NULL, 60, '', '', '1be0a9da-bff9-4ab6-a36c-edfd8ca88f1a'),
('', 'Zoxon', '', '0', 0, '600', '1900', 40, 'abdurrahman', '72', '0', 'paid', '2021-10-01 13:50:52', NULL, '2023-01-01', 0, '80', 39, '', '', '1be0a9da-bff9-4ab6-a36c-edfd8ca88f1a'),
('', 'Dexamethasone', 'Dexamethasone', '0', 0, '500', '0', 100, 'Maryam', '72', '0', 'paid', '2021-10-01 14:17:16', NULL, '2222-02-22', 0, NULL, 11, '', '', '1be0a9da-bff9-4ab6-a36c-edfd8ca88f1a'),
('', 'Frusemide', 'Frusemide', '0', 0, '300', '', 50, 'Abdulrauf', '72', '0', 'paid', '2021-10-01 14:54:11', NULL, '2023-02-01', 0, NULL, 8, '', '', '1be0a9da-bff9-4ab6-a36c-edfd8ca88f1a'),
('', 'Gentamicin', 'Gentamicin', '0', 0, '0', '50', 0, 'Abdulrauf', '72', '0', 'paid', '2021-10-01 15:05:03', NULL, '2023-10-01', 0, NULL, 0, '', '', '1be0a9da-bff9-4ab6-a36c-edfd8ca88f1a'),
('', 'IM Vitamin k3', 'Vitamin k3', '0', 0, '0', '0', 30, 'Abdulrauf', '72', '0', 'paid', '2021-10-01 15:08:59', NULL, '2023-07-01', 0, NULL, 30, '', '', '1be0a9da-bff9-4ab6-a36c-edfd8ca88f1a'),
('', 'Chlorpheniramine ', 'Chlorpheniramine', '0', 0, '500', '0', 10, 'Abdulrauf', '72', '0', 'paid', '2021-10-01 15:11:45', NULL, '2023-07-01', 0, NULL, 10, '', '', '1be0a9da-bff9-4ab6-a36c-edfd8ca88f1a'),
('', 'promethazine', 'promethazine', '0', 0, '400', '0', 30, 'Abdulrauf', '72', '0', 'paid', '2021-10-01 15:13:07', NULL, '2022-11-01', 0, NULL, 30, '', '', '1be0a9da-bff9-4ab6-a36c-edfd8ca88f1a'),
('', 'Vitamin B complex', 'Vitamin B complex', '0', 0, '400', '0', 2, 'Abdulrauf', '72', '0', 'paid', '2021-10-01 15:14:54', NULL, '2023-11-01', 0, NULL, 2, '', '', '1be0a9da-bff9-4ab6-a36c-edfd8ca88f1a'),
('', 'Metronidazole', 'Metronidazole', '0', 0, '0', '0', 5, 'Abdulrauf', '72', '0', 'paid', '2021-10-01 15:17:19', NULL, '2023-11-01', 0, NULL, 5, '', '', '1be0a9da-bff9-4ab6-a36c-edfd8ca88f1a'),
('', 'zinc sulphate', 'zinc sulphate', '0', 0, '500', '0', 7, 'Abdulrauf', '72', '0', 'paid', '2021-10-01 15:19:33', NULL, '2024-02-01', 0, NULL, 7, '', '', '1be0a9da-bff9-4ab6-a36c-edfd8ca88f1a'),
('', 'hydrocortisone ', 'hydrocortisone', '0', 0, '140', '360', 2, 'Abdulrauf', '72', '0', 'paid', '2021-10-01 15:21:22', NULL, '2022-11-01', 0, NULL, 2, '', '', '1be0a9da-bff9-4ab6-a36c-edfd8ca88f1a'),
('', 'Chloramphenical', 'Chloramphenical', '0', 0, '0', '0', 0, 'Abdulrauf', '72', '0', 'paid', '2021-10-01 15:23:21', NULL, '2023-01-01', 0, NULL, 0, '', '', '1be0a9da-bff9-4ab6-a36c-edfd8ca88f1a'),
('', 'Effervescent tab', 'Calcium tab', '0', 0, '0', '0', 7, 'Abdulrauf', '72', '0', 'paid', '2021-10-01 15:25:20', NULL, '2023-04-01', 0, NULL, 7, '', '', '1be0a9da-bff9-4ab6-a36c-edfd8ca88f1a'),
('', 'Tizanidine tab', 'Tizanidine ', '0', 0, '0', '0', 1, 'Abdulrauf', '72', '0', 'paid', '2021-10-01 15:27:17', NULL, '2022-04-01', 0, NULL, 1, '', '', '1be0a9da-bff9-4ab6-a36c-edfd8ca88f1a'),
('', 'Ondamsetron', 'Ondansetron ', '0', 0, '0', '0', 10, 'Abdulrauf', '72', '0', 'paid', '2021-10-01 15:29:27', NULL, '2022-07-01', 0, NULL, 10, '', '', '1be0a9da-bff9-4ab6-a36c-edfd8ca88f1a'),
('', 'Augmentin', 'Amoxicillin + Clavulanic Acid', '0', 0, '1200', '600', 10, 'abdurrahman', '72', '0', 'paid', '2021-10-01 15:29:52', NULL, '2023-01-01', 0, NULL, 10, '', '', '1be0a9da-bff9-4ab6-a36c-edfd8ca88f1a'),
('', 'Maxiron', 'Maxiron', '0', 0, '11', '0', 11, 'abdurrahman', '72', '0', 'paid', '2021-10-01 15:29:52', NULL, '2222-11-11', 0, NULL, 11, '', '', '1be0a9da-bff9-4ab6-a36c-edfd8ca88f1a'),
('', 'Lonart', 'Arthemeter / Lumefantrine', '0', 0, '2500', '0', 11, 'abdurrahman', '72', '0', 'paid', '2021-10-01 15:29:52', NULL, '2222-02-22', 0, NULL, 9, '', '', '1be0a9da-bff9-4ab6-a36c-edfd8ca88f1a'),
('', 'Calcium Gluconate', 'Calcium Gluconate', '0', 0, '1500', '0', 11, 'abdurrahman', '72', '0', 'paid', '2021-10-01 15:29:52', NULL, '2222-11-12', 0, NULL, 11, '', '', '1be0a9da-bff9-4ab6-a36c-edfd8ca88f1a'),
('', 'Artequin', 'Atesunate + Mefloquin', '0', 0, '450', '0', 11, 'abdurrahman', '72', '0', 'paid', '2021-10-01 15:29:52', NULL, '2222-11-11', 0, NULL, 11, '', '', '1be0a9da-bff9-4ab6-a36c-edfd8ca88f1a'),
('', 'Liquid Paraffin', 'Liquid Parafin', '0', 0, '600', '200', 11, 'abdurrahman', '72', '0', 'paid', '2021-10-01 15:29:52', NULL, '2024-06-06', 0, NULL, 7, '', '', '1be0a9da-bff9-4ab6-a36c-edfd8ca88f1a'),
('', 'Cefpodoxime', 'Cefpodoxime', '0', 0, '2800', '0', 11, 'abdurrahman', '72', '0', 'paid', '2021-10-01 15:29:52', NULL, '2022-05-01', 0, NULL, 7, '', '', '1be0a9da-bff9-4ab6-a36c-edfd8ca88f1a'),
('', 'Ibuprofen', 'Ibuprofen', '0', 0, '11', '0', 11, 'abdurrahman', '72', '0', 'paid', '2021-10-01 15:29:53', NULL, '2222-11-11', 0, NULL, 48, '', '', '1be0a9da-bff9-4ab6-a36c-edfd8ca88f1a'),
('', 'Cefixime', 'Cefixime', '0', 0, '900', '900', 11, 'abdurrahman', '72', '0', 'paid', '2021-10-01 15:29:53', NULL, '2222-11-11', 0, NULL, 11, '', '', '1be0a9da-bff9-4ab6-a36c-edfd8ca88f1a'),
('', 'Cefuroxime', 'Cefuroxime', '0', 0, '2100', '0', 11, 'abdurrahman', '72', '0', 'paid', '2021-10-01 15:29:53', NULL, '2222-11-11', 0, NULL, 11, '', '', '1be0a9da-bff9-4ab6-a36c-edfd8ca88f1a'),
('', 'Relcer', 'Anti-acid', '0', 0, '1000', '100', 11, 'abdurrahman', '72', '0', 'paid', '2021-10-01 15:29:53', NULL, '2222-11-11', 0, NULL, 1, '', '', '1be0a9da-bff9-4ab6-a36c-edfd8ca88f1a'),
('', 'Paracetamol IV', 'Paracetamol', '0', 0, '2000', '0', 21, 'Abdulrauf', '72', '0', 'paid', '2021-10-01 15:32:26', NULL, '2022-01-01', 0, NULL, 21, '', '', '1be0a9da-bff9-4ab6-a36c-edfd8ca88f1a'),
('', 'Artesunate IM/IV', 'Artesunate ', '0', 0, '450', '5550', 70, 'Abdulrauf', '72', '0', 'paid', '2021-10-01 15:35:17', NULL, '2024-01-01', 0, NULL, 49, '', '', '1be0a9da-bff9-4ab6-a36c-edfd8ca88f1a'),
('', 'Arteether', 'arteether', '0', 0, '0', '0', 2, 'Abdulrauf', '72', '0', 'paid', '2021-10-01 15:37:39', NULL, '2024-05-01', 0, NULL, 2, '', '', '1be0a9da-bff9-4ab6-a36c-edfd8ca88f1a'),
('', 'Artemether/lumefantrine', 'Artemether tab', '0', 0, '2000', '0', 7, 'Abdulrauf', '72', '0', 'paid', '2021-10-01 15:40:13', NULL, '2022-09-01', 0, NULL, 7, '', '', '1be0a9da-bff9-4ab6-a36c-edfd8ca88f1a'),
('', 'Losartan', 'Losartan', '0', 0, '1200', '0', 11, 'abdurrahman', '72', '0', 'paid', '2021-10-01 15:40:58', NULL, '2023-12-01', 0, NULL, -45, '', '', '1be0a9da-bff9-4ab6-a36c-edfd8ca88f1a'),
('', 'Neurobion', 'Neurobion', '0', 0, '600', '0', 11, 'abdurrahman', '72', '0', 'paid', '2021-10-01 15:40:58', NULL, '2222-02-22', 0, NULL, 11, '', '', '1be0a9da-bff9-4ab6-a36c-edfd8ca88f1a'),
('', 'Vitamin E', 'Vitamin E', '0', 0, '900', '0', 11, 'abdurrahman', '72', '0', 'paid', '2021-10-01 15:40:58', NULL, '2222-02-22', 0, NULL, 11, '', '', '1be0a9da-bff9-4ab6-a36c-edfd8ca88f1a'),
('', 'Valsartan', 'Valsartan', '0', 0, '221', '0', 11, 'abdurrahman', '72', '0', 'paid', '2021-10-01 15:40:58', NULL, '2222-11-11', 0, NULL, 11, '', '', '1be0a9da-bff9-4ab6-a36c-edfd8ca88f1a'),
('', 'Lisinopril', 'Lisinopril', '0', 0, '800', '0', 11, 'abdurrahman', '72', '0', 'paid', '2021-10-01 15:40:58', NULL, '2222-11-11', 0, NULL, 5, '', '', '1be0a9da-bff9-4ab6-a36c-edfd8ca88f1a'),
('', 'Hyperex', 'Omeprazole + Domperidone', '0', 0, '11', '0', 11, 'abdurrahman', '72', '0', 'paid', '2021-10-01 15:40:58', NULL, '2222-11-11', 0, NULL, 11, '', '', '1be0a9da-bff9-4ab6-a36c-edfd8ca88f1a'),
('', 'Clarithomycin', 'Clarithomycin', '0', 0, '1900', '0', 11, 'abdurrahman', '72', '0', 'paid', '2021-10-01 15:40:58', NULL, '2025-04-04', 0, NULL, 10, '', '', '1be0a9da-bff9-4ab6-a36c-edfd8ca88f1a'),
('', 'Doxycycline', 'Doxycycline', '0', 0, '22', '0', 22, 'abdurrahman', '72', '0', 'paid', '2021-10-01 15:40:58', NULL, '2023-06-30', 0, NULL, 100, '', '', '1be0a9da-bff9-4ab6-a36c-edfd8ca88f1a'),
('', 'Telmisartan', 'Telmisartan', '0', 0, '222', '0', 22, 'abdurrahman', '72', '0', 'paid', '2021-10-01 15:40:58', NULL, '2222-02-22', 0, NULL, 3, '', '', '1be0a9da-bff9-4ab6-a36c-edfd8ca88f1a'),
('', 'Meronem', 'Meropenem', '0', 0, '3500', '2000', 11, 'abdurrahman', '72', '0', 'paid', '2021-10-01 15:40:58', NULL, '2022-11-03', 0, NULL, 5, '', '', '1be0a9da-bff9-4ab6-a36c-edfd8ca88f1a'),
('', 'Motilium', 'Domperidone', '0', 0, '2000', '0', 11, 'abdurrahman', '72', '0', 'paid', '2021-10-01 15:40:58', NULL, '2222-11-11', 0, NULL, 11, '', '', '1be0a9da-bff9-4ab6-a36c-edfd8ca88f1a'),
('', 'Baclofen', 'Baclofen', '0', 0, '1800', '0', 11, 'abdurrahman', '72', '0', 'paid', '2021-10-01 15:40:58', NULL, '2222-11-11', 0, NULL, 11, '', '', '1be0a9da-bff9-4ab6-a36c-edfd8ca88f1a'),
('', 'Anorol', 'Paracetamol + Orphenadrine', '0', 0, '1000', '0', 11, 'abdurrahman', '72', '0', 'paid', '2021-10-01 15:40:58', NULL, '2222-11-11', 0, NULL, 11, '', '', '1be0a9da-bff9-4ab6-a36c-edfd8ca88f1a'),
('', 'Zyloric', 'Allopurinol', '0', 0, '111', '0', 111, 'abdurrahman', '72', '0', 'paid', '2021-10-01 15:46:11', NULL, '2222-11-11', 0, NULL, 111, '', '', '1be0a9da-bff9-4ab6-a36c-edfd8ca88f1a'),
('', 'Chymoral', 'Trypsin / Chymotrypsin', '0', 0, '250', '650', 11, 'abdurrahman', '72', '0', 'paid', '2021-10-01 15:46:11', NULL, '2023-05-01', 0, NULL, 30, '', '', '1be0a9da-bff9-4ab6-a36c-edfd8ca88f1a'),
('', 'Inflanil', 'Paracetamol + Diclofenac', '0', 0, '300', '500', 11, 'abdurrahman', '72', '0', 'paid', '2021-10-01 15:46:11', NULL, '2222-11-11', 0, NULL, 10, '', '', '1be0a9da-bff9-4ab6-a36c-edfd8ca88f1a'),
('', 'Loratadine syrup ', 'Loratadine ', '0', 0, '400', '200', 13, 'Abdulrauf', '72', '0', 'paid', '2021-10-01 15:46:44', NULL, '2023-03-01', 0, NULL, 13, '', '', '1be0a9da-bff9-4ab6-a36c-edfd8ca88f1a'),
('', 'Paracetamol syrup', 'Paracetamol', '0', 0, '150', '350', 4, 'Abdulrauf', '72', '0', 'paid', '2021-10-01 15:49:29', NULL, '2024-05-01', 0, NULL, 10, '', '', '1be0a9da-bff9-4ab6-a36c-edfd8ca88f1a'),
('', 'Loratadine ', '', '0', 0, '400', '200', 10, 'Abdulrauf', '72', '0', 'paid', '2021-10-01 15:54:46', NULL, '2022-11-01', 0, NULL, 10, '', '', '1be0a9da-bff9-4ab6-a36c-edfd8ca88f1a'),
('', 'loperamide caps', '', '0', 0, '300', '0', 70, 'Abdulrauf', '72', '0', 'paid', '2021-10-01 16:02:53', NULL, '2023-01-01', 0, NULL, 70, '', '', '1be0a9da-bff9-4ab6-a36c-edfd8ca88f1a'),
('', 'Prednisolone tab', '', '0', 0, '600', '0', 100, 'Abdulrauf', '72', '0', 'paid', '2021-10-01 16:09:56', NULL, '2021-11-01', 0, NULL, 100, '', '', '1be0a9da-bff9-4ab6-a36c-edfd8ca88f1a'),
('', 'Navidoxine tab ', 'Meclizine ', '0', 0, '0', '0', 10, 'Abdulrauf', '72', '0', 'paid', '2021-10-01 16:11:33', NULL, '2023-05-01', 0, NULL, 10, '', '', '1be0a9da-bff9-4ab6-a36c-edfd8ca88f1a'),
('', 'Bisacodyl', '', '0', 0, '400', '0', 30, 'Abdulrauf', '72', '0', 'paid', '2021-10-01 16:13:41', NULL, '2022-04-01', 0, NULL, 30, '', '', '1be0a9da-bff9-4ab6-a36c-edfd8ca88f1a'),
('', 'metoclopramide', '', '0', 0, '600', '0', 90, 'Abdulrauf', '72', '0', 'paid', '2021-10-01 16:17:07', NULL, '2021-09-01', 0, NULL, 90, '', '', '1be0a9da-bff9-4ab6-a36c-edfd8ca88f1a'),
('', 'Vitamin E caps', 'Vitamin E', '0', 0, '1700', '400', 7, 'Abdulrauf', '72', '0', 'paid', '2021-10-01 16:20:58', NULL, '2021-11-01', 0, NULL, 9, '', '', '1be0a9da-bff9-4ab6-a36c-edfd8ca88f1a'),
('', 'Zolat', 'Albendazole', '0', 0, '600', '100', 48, 'Abdulrauf', '72', '0', 'paid', '2021-10-01 16:24:12', NULL, '2025-11-01', 0, NULL, 48, '', '', '1be0a9da-bff9-4ab6-a36c-edfd8ca88f1a'),
('', 'Vasoprin', 'Aspirin', '0', 0, '400', '0', 11, 'abdurrahman', '72', '0', 'paid', '2021-10-01 16:26:14', NULL, '2222-11-12', 0, NULL, 11, '', '', '1be0a9da-bff9-4ab6-a36c-edfd8ca88f1a'),
('', 'Clopidogrel', 'Clopidogrel', '0', 0, '1400', '0', 11, 'abdurrahman', '72', '0', 'paid', '2021-10-01 16:26:14', NULL, '2222-11-22', 0, NULL, -45, '', '', '1be0a9da-bff9-4ab6-a36c-edfd8ca88f1a'),
('', 'Fracjoin', 'Fracjoin', '0', 0, '11', '0', 11, 'abdurrahman', '72', '0', 'paid', '2021-10-01 16:28:06', NULL, '2222-11-11', 0, NULL, 11, '', '', '1be0a9da-bff9-4ab6-a36c-edfd8ca88f1a'),
('', 'ORT', 'Oral hydrated salt', '0', 0, '0', '0', 9, 'Abdulrauf', '72', '0', 'paid', '2021-10-01 17:42:27', NULL, '2023-04-01', 0, NULL, 9, '', '', '1be0a9da-bff9-4ab6-a36c-edfd8ca88f1a'),
('', 'Actifed', 'cold syrup', '0', 0, '800', '700', 8, 'Abdulrauf', '72', '0', 'paid', '2021-10-01 17:45:11', NULL, '2023-08-01', 0, NULL, 10, '', '', '1be0a9da-bff9-4ab6-a36c-edfd8ca88f1a'),
('', 'Sinufed', 'Triprolidine ', '0', 0, '1200', '0', 2, 'Abdulrauf', '72', '0', 'paid', '2021-10-01 17:47:02', NULL, '2022-07-01', 0, NULL, 2, '', '', '1be0a9da-bff9-4ab6-a36c-edfd8ca88f1a'),
('', 'Calate', 'Calcium Carbonate + Vitamin D3 ', '0', 0, '0', '0', 7, 'Abdulrauf', '72', '0', 'paid', '2021-10-01 17:50:42', NULL, '2023-11-01', 0, NULL, 7, '', '', '1be0a9da-bff9-4ab6-a36c-edfd8ca88f1a'),
('', 'oxymet nasal drop', 'oxymetazoline ', '0', 0, '0', '0', 6, 'Abdulrauf', '72', '0', 'paid', '2021-10-01 17:54:41', NULL, '2022-06-01', 0, NULL, 5, '', '', '1be0a9da-bff9-4ab6-a36c-edfd8ca88f1a'),
('', 'Otrivin', 'Xylometazoline ', '0', 0, '0', '0', 3, 'Abdulrauf', '72', '0', 'paid', '2021-10-01 17:57:35', NULL, '2023-02-01', 0, NULL, 3, '', '', '1be0a9da-bff9-4ab6-a36c-edfd8ca88f1a'),
('', 'Amlodiphine tabs', 'Amlodiphine', '0', 0, '450', '350', 2, 'Abdulrauf', '72', '0', 'paid', '2021-10-01 18:04:06', NULL, '2022-05-01', 0, NULL, 2, '', '', '1be0a9da-bff9-4ab6-a36c-edfd8ca88f1a'),
('', 'metoprolol', 'metoprolol', '0', 0, '0', '0', 6, 'Abdulrauf', '72', '0', 'paid', '2021-10-01 18:08:14', NULL, '2023-05-01', 0, NULL, 6, '', '', '1be0a9da-bff9-4ab6-a36c-edfd8ca88f1a'),
('', 'Broncholyte', 'Broncholyte', '0', 0, '300', '500', 11, 'abdurrahman', '72', '0', 'paid', '2021-10-01 18:09:57', NULL, '2222-11-11', 0, NULL, 11, '', '', '1be0a9da-bff9-4ab6-a36c-edfd8ca88f1a'),
('', 'Salbutamol', 'Salbutamol', '0', 0, '1100', '0', 11, 'abdurrahman', '72', '0', 'paid', '2021-10-01 18:09:57', NULL, '2222-11-11', 0, NULL, 11, '', '', '1be0a9da-bff9-4ab6-a36c-edfd8ca88f1a'),
('', 'Erythromycin', 'Erythromycin', '0', 0, '11', '0', 11, 'abdurrahman', '72', '0', 'paid', '2021-10-01 18:09:57', NULL, '2222-11-12', 0, NULL, 11, '', '', '1be0a9da-bff9-4ab6-a36c-edfd8ca88f1a'),
('', 'Nystatin', 'Nystatin', '0', 0, '1500', '0', 11, 'abdurrahman', '72', '0', 'paid', '2021-10-01 18:09:57', NULL, '2222-11-11', 0, NULL, 11, '', '', '1be0a9da-bff9-4ab6-a36c-edfd8ca88f1a'),
('', 'laxis', 'furosemid', '0', 0, '400', '0', 2, 'Abdulrauf', '72', '0', 'paid', '2021-10-01 18:12:34', NULL, '2023-10-01', 0, NULL, 2, '', '', '1be0a9da-bff9-4ab6-a36c-edfd8ca88f1a'),
('', 'Bendroflumethiazide tab', 'Bendroflumethiazide', '0', 0, '900', '0', 8, 'Abdulrauf', '72', '0', 'paid', '2021-10-01 18:15:27', NULL, '2024-09-01', 0, NULL, 8, '', '', '1be0a9da-bff9-4ab6-a36c-edfd8ca88f1a'),
('', 'Diabetmin tab', 'Metformin ', '0', 0, '600', '0', 5, 'Abdulrauf', '72', '0', 'paid', '2021-10-01 18:17:39', NULL, '2023-08-01', 0, NULL, 5, '', '', '1be0a9da-bff9-4ab6-a36c-edfd8ca88f1a'),
('', 'Nifedipine tab', 'nifedipine', '0', 0, '800', '0', 10, 'Abdulrauf', '72', '0', 'paid', '2021-10-01 18:21:34', NULL, '2022-08-01', 0, NULL, 10, '', '', '1be0a9da-bff9-4ab6-a36c-edfd8ca88f1a'),
('', 'Amitryptiline', 'Amitryptiline', '0', 0, '500', '0', 11, 'abdurrahman', '72', '0', 'paid', '2021-10-01 18:22:55', NULL, '2222-11-11', 0, NULL, 11, '', '', '1be0a9da-bff9-4ab6-a36c-edfd8ca88f1a'),
('', 'Tetanus Toxoid', 'Tetanus Toxoid', '0', 0, '500', '0', 11, 'abdurrahman', '72', '0', 'paid', '2021-10-01 18:22:55', NULL, '2222-11-12', 0, NULL, 11, '', '', '1be0a9da-bff9-4ab6-a36c-edfd8ca88f1a'),
('', 'Sodium Bicarbonate', 'Sodium Bicarbonate', '0', 0, '1500', '0', 11, 'abdurrahman', '72', '0', 'paid', '2021-10-01 18:22:55', NULL, '2222-11-11', 0, NULL, 11, '', '', '1be0a9da-bff9-4ab6-a36c-edfd8ca88f1a'),
('', 'Tramadol', 'Tramadol', '0', 0, '3500', '0', 11, 'abdurrahman', '72', '0', 'paid', '2021-10-01 18:22:55', NULL, '2222-11-11', 0, NULL, 11, '', '', '1be0a9da-bff9-4ab6-a36c-edfd8ca88f1a'),
('', 'Amoxycillin', 'Amoxicillin', '0', 0, '1200', '0', 11, 'abdurrahman', '72', '0', 'paid', '2021-10-01 18:22:56', NULL, '2222-11-11', 0, NULL, 0, '', '', '1be0a9da-bff9-4ab6-a36c-edfd8ca88f1a'),
('', 'Clindamycin', 'Clindamycin', '0', 0, '800', '0', 11, 'abdurrahman', '72', '0', 'paid', '2021-10-01 18:22:56', NULL, '2023-05-05', 0, NULL, 0, '', '', '1be0a9da-bff9-4ab6-a36c-edfd8ca88f1a'),
('', 'Digoxin', 'Digoxin', '0', 0, '700', '0', 11, 'abdurrahman', '72', '0', 'paid', '2021-10-01 18:22:56', NULL, '2222-11-11', 0, NULL, -45, '', '', '1be0a9da-bff9-4ab6-a36c-edfd8ca88f1a'),
('', 'Fesolate', 'Fesolate', '0', 0, '160', '0', 11, 'abdurrahman', '72', '0', 'paid', '2021-10-01 18:22:56', NULL, '2222-11-11', 0, NULL, 2, '', '', '1be0a9da-bff9-4ab6-a36c-edfd8ca88f1a'),
('', 'Ampicillin', 'Ampicillin', '0', 0, '1000', '0', 11, 'abdurrahman', '72', '0', 'paid', '2021-10-01 18:22:56', NULL, '2222-11-11', 0, NULL, 11, '', '', '1be0a9da-bff9-4ab6-a36c-edfd8ca88f1a'),
('', 'Insulin', 'Insulin', '0', 0, '1000', '0', 11, 'abdurrahman', '72', '0', 'paid', '2021-10-01 18:22:56', NULL, '2222-11-11', 0, NULL, 11, '', '', '1be0a9da-bff9-4ab6-a36c-edfd8ca88f1a'),
('', 'Phenobarbitone', 'Phenobarbitone', '0', 0, '1200', '0', 11, 'abdurrahman', '72', '0', 'paid', '2021-10-01 18:22:56', NULL, '2222-11-11', 0, NULL, 11, '', '', '1be0a9da-bff9-4ab6-a36c-edfd8ca88f1a'),
('', 'Labetalol', 'Labetalol', '0', 0, '4500', '0', 11, 'abdurrahman', '72', '0', 'paid', '2021-10-01 18:22:56', NULL, '2222-11-11', 0, NULL, 11, '', '', '1be0a9da-bff9-4ab6-a36c-edfd8ca88f1a'),
('', 'Gentian violet', '', '0', 0, '0', '0', 3, 'Abdulrauf', '72', '0', 'paid', '2021-10-01 18:23:59', NULL, '2023-04-03', 0, NULL, 3, '', '', '1be0a9da-bff9-4ab6-a36c-edfd8ca88f1a'),
('', 'Flotac', 'Diclofenac + Cholestyramine', '0', 0, '0', '0', 4, 'Abdulrauf', '72', '0', 'paid', '2021-10-01 18:28:50', NULL, '2023-06-01', 0, NULL, 2, '', '', '1be0a9da-bff9-4ab6-a36c-edfd8ca88f1a'),
('', 'Biopentin', 'Gabapentine + Methylcobalamin', '0', 0, '1000', '1000', 20, 'Abdulrauf', '72', '0', 'paid', '2021-10-01 18:32:33', NULL, '2022-11-01', 0, NULL, 20, '', '', '1be0a9da-bff9-4ab6-a36c-edfd8ca88f1a'),
('', 'Flacoxto cap', 'Celecoxib ', '0', 0, '600', '0', 20, 'Abdulrauf', '72', '0', 'paid', '2021-10-01 18:36:08', NULL, '2023-11-01', 0, NULL, 20, '', '', '1be0a9da-bff9-4ab6-a36c-edfd8ca88f1a'),
('', 'Sivogesic', 'naproxen + Excipients', '0', 0, '0', '0', 10, 'Abdulrauf', '72', '0', 'paid', '2021-10-01 18:43:06', NULL, '2022-02-01', 0, NULL, 10, '', '', '1be0a9da-bff9-4ab6-a36c-edfd8ca88f1a'),
('', 'Nestagesic', 'Diclofenac potassium', '0', 0, '0', '0', 10, 'Abdulrauf', '72', '0', 'paid', '2021-10-01 18:46:30', NULL, '2022-12-01', 0, NULL, 10, '', '', '1be0a9da-bff9-4ab6-a36c-edfd8ca88f1a'),
('', 'Panadol caplets', 'Paracetamol', '0', 0, '120', '180', 20, 'Abdulrauf', '72', '0', 'paid', '2021-10-01 18:48:28', NULL, '2024-02-01', 0, NULL, 53, '', '', '1be0a9da-bff9-4ab6-a36c-edfd8ca88f1a'),
('', 'L-flox', 'levofloxacin', '0', 0, '1500', '0', 18, 'Abdulrauf', '72', '0', 'paid', '2021-10-01 18:53:39', NULL, '2022-06-01', 0, NULL, 18, '', '', '1be0a9da-bff9-4ab6-a36c-edfd8ca88f1a'),
('', 'Ciproxamed tab', 'Ciprofloxacin', '0', 0, '300', '700', 30, 'Abdulrauf', '72', '0', 'paid', '2021-10-01 18:58:06', NULL, '2024-11-01', 0, NULL, 30, '', '', '1be0a9da-bff9-4ab6-a36c-edfd8ca88f1a'),
('', 'Metronidazole tab', 'Metronidazole', '0', 0, '500', '0', 30, 'Abdulrauf', '72', '0', 'paid', '2021-10-01 18:59:58', NULL, '2024-03-01', 0, NULL, 30, '', '', '1be0a9da-bff9-4ab6-a36c-edfd8ca88f1a'),
('', 'Cefpodoxime susp', 'Cefpodoxime', '0', 0, '1500', '500', 10, 'Abdulrauf', '72', '0', 'paid', '2021-10-02 09:08:56', NULL, '2022-05-02', 0, NULL, 10, '', '', '1be0a9da-bff9-4ab6-a36c-edfd8ca88f1a'),
('', 'Cefpodoxime tab', 'Cefpodoxime', '0', 0, '1500', '500', 8, 'Abdulrauf', '72', '0', 'paid', '2021-10-02 09:11:25', NULL, '2022-05-02', 0, NULL, 8, '', '', '1be0a9da-bff9-4ab6-a36c-edfd8ca88f1a'),
('', 'Omeprazole IM/IV', 'Omeprazole', '0', 0, '250', '950', 10, 'Abdulrauf', '72', '0', 'paid', '2021-10-02 09:18:17', NULL, '2023-09-02', 0, NULL, 10, '', '', '1be0a9da-bff9-4ab6-a36c-edfd8ca88f1a'),
('', 'Nova ', 'Surgical tape', '0', 0, '0', '0', 15, 'Abdulrauf', '72', '0', 'paid', '2021-10-02 09:22:27', NULL, '2026-01-02', 0, NULL, 15, '', '', '1be0a9da-bff9-4ab6-a36c-edfd8ca88f1a'),
('', 'Caldenor', 'Self Adhesive Tape', '0', 0, '1200', '0', 15, 'Abdulrauf', '72', '0', 'paid', '2021-10-02 09:25:35', NULL, '2024-09-02', 0, NULL, 15, '', '', '1be0a9da-bff9-4ab6-a36c-edfd8ca88f1a'),
('', 'Vincid Gel', 'Antacid+Antiflatulent', '0', 0, '2800', '0', 15, 'Abdulrauf', '72', '0', 'paid', '2021-10-02 09:30:17', NULL, '2022-08-02', 0, NULL, 15, '', '', '1be0a9da-bff9-4ab6-a36c-edfd8ca88f1a'),
('', 'Omeprazole caps', 'Omeprazole', '0', 0, '300', '600', 12, 'Abdulrauf', '72', '0', 'paid', '2021-10-02 09:32:22', NULL, '2022-03-02', 0, NULL, 12, '', '', '1be0a9da-bff9-4ab6-a36c-edfd8ca88f1a'),
('', 'IV Cannula', 'Cannula', '0', 0, '0', '0', 400, 'Abdulrauf', '72', '0', 'paid', '2021-10-02 09:48:47', NULL, '2025-10-02', 0, NULL, 400, '', '', '1be0a9da-bff9-4ab6-a36c-edfd8ca88f1a'),
('', 'Swab Stick', 'Sterile Swab', '0', 0, '3500', '0', 100, 'Abdulrauf', '72', '0', 'paid', '2021-10-02 09:53:23', NULL, '2025-10-14', 0, NULL, 38, '', '', '1be0a9da-bff9-4ab6-a36c-edfd8ca88f1a'),
('', 'Artovastatin', 'Artovastatin', '0', 0, '2900', '0', 11, 'abdurrahman', '72', '0', 'paid', '2021-10-02 15:57:27', NULL, '2222-11-11', 0, NULL, 11, '', '', '1be0a9da-bff9-4ab6-a36c-edfd8ca88f1a'),
('', 'Captopril', 'Captopril', '0', 0, '11', '0', 112, 'abdurrahman', '72', '0', 'paid', '2021-10-02 15:57:27', NULL, '2222-11-11', 0, NULL, 112, '', '', '1be0a9da-bff9-4ab6-a36c-edfd8ca88f1a'),
('', 'Amoxicillin + Clav 625mg', 'Amoxicillin', '0', 0, '2000', '800', 5, 'Abdulrauf', '72', '0', 'paid', '2021-10-03 09:36:34', NULL, '2022-10-03', 0, NULL, 5, '', '', '1be0a9da-bff9-4ab6-a36c-edfd8ca88f1a'),
('', 'promethazine syrup', 'promethazine', '0', 0, '1500', '0', 0, 'Abdulrauf', '72', '0', 'paid', '2021-10-02 16:48:59', NULL, '2023-01-02', 0, '0', 0, '', '', '1be0a9da-bff9-4ab6-a36c-edfd8ca88f1a'),
('', 'Metronidazole susp', 'Metronidazole', '0', 0, '500', '0', 2, 'Abdulrauf', '72', '0', 'paid', '2021-10-02 16:59:59', NULL, '2023-05-13', 0, NULL, 2, '', '', '1be0a9da-bff9-4ab6-a36c-edfd8ca88f1a'),
('', 'Hyoscine ', 'colipan', '0', 0, '800', '0', 10, 'Abdulrauf', '72', '0', 'paid', '2021-10-02 17:06:42', NULL, '2022-10-22', 0, NULL, 9, '', '', '1be0a9da-bff9-4ab6-a36c-edfd8ca88f1a'),
('', 'multivite ', '', '0', 0, '500', '0', 10, 'Abdulrauf', '72', '0', 'paid', '2021-10-02 17:12:45', NULL, '2023-10-02', 0, NULL, 10, '', '', '1be0a9da-bff9-4ab6-a36c-edfd8ca88f1a'),
('', 'Ibuprofen sus', 'Ibuprofen', '0', 0, '600', '0', 111, 'Abdulrauf', '72', '0', 'paid', '2021-10-02 17:14:42', NULL, '2023-05-02', 0, NULL, 111, '', '', '1be0a9da-bff9-4ab6-a36c-edfd8ca88f1a'),
('', 'Syring 5ml', 'Syring', '0', 0, '1500', '400', 8, 'Abdulrauf', '72', '0', 'paid', '2021-10-03 09:56:22', NULL, '2026-07-03', 0, NULL, 8, '', '', '1be0a9da-bff9-4ab6-a36c-edfd8ca88f1a'),
('', 'Syring 2ml', 'Syring', '0', 0, '1500', '450', 7, 'Abdulrauf', '72', '0', 'paid', '2021-10-03 10:06:35', NULL, '2026-06-03', 0, NULL, 7, '', '', '1be0a9da-bff9-4ab6-a36c-edfd8ca88f1a'),
('', 'Syring 10ml', 'Syring', '0', 0, '2000', '1000', 4, 'Abdulrauf', '72', '0', 'paid', '2021-10-03 10:21:20', NULL, '2026-03-03', 0, NULL, 4, '', '', '1be0a9da-bff9-4ab6-a36c-edfd8ca88f1a'),
('', 'Syring 20ml', 'Syring', '0', 0, '4100', '1000', 1, 'Abdulrauf', '72', '0', 'paid', '2021-10-03 10:22:53', NULL, '2026-07-03', 0, NULL, 1, '', '', '1be0a9da-bff9-4ab6-a36c-edfd8ca88f1a'),
('', 'crepe bandages', '', '0', 0, '1500', '500', 16, 'Abdulrauf', '72', '0', 'paid', '2021-10-03 10:28:35', NULL, '2026-10-03', 0, NULL, 16, '', '', '1be0a9da-bff9-4ab6-a36c-edfd8ca88f1a'),
('', 'ORS', 'Oral hydrated salt', '0', 0, '250', '0', 9, 'Abdulrauf', '72', '0', 'paid', '2021-10-03 11:00:52', NULL, '2023-04-03', 0, NULL, 9, '', '', '1be0a9da-bff9-4ab6-a36c-edfd8ca88f1a'),
('', 'Cac-1000 plus', 'Calcium + Vitamin D3+C+B6', '0', 0, '1400', '0', 7, 'Abdulrauf', '72', '0', 'paid', '2021-10-03 11:06:43', NULL, '2023-04-03', 0, NULL, 7, '', '', '1be0a9da-bff9-4ab6-a36c-edfd8ca88f1a'),
('', 'Envelop', '', '0', 0, '1000', '0', 2, 'Abdulrauf', '72', '0', 'paid', '2021-10-03 11:11:01', NULL, '2026-10-03', 0, NULL, 2, '', '', '1be0a9da-bff9-4ab6-a36c-edfd8ca88f1a'),
('', 'Rabeprazole inj', 'Rabeprazole', '0', 0, '1500', '0', 0, 'Abdulrauf', '72', '0', 'paid', '2021-10-03 11:39:21', NULL, '2024-10-03', 0, NULL, 0, '', '', '1be0a9da-bff9-4ab6-a36c-edfd8ca88f1a'),
('', 'ondansedron', 'ondansedron', '0', 0, '1200', '0', 3, 'Abdulrauf', '72', '0', 'paid', '2021-10-03 11:47:26', NULL, '2022-10-03', 0, NULL, 3, '', '', '1be0a9da-bff9-4ab6-a36c-edfd8ca88f1a'),
('', 'Rocephin inj', 'Rocephin', '0', 0, '4000', '1000', 1, 'Abdulrauf', '72', '0', 'paid', '2021-10-03 11:50:06', NULL, '2023-06-03', 0, NULL, 1, '', '', '1be0a9da-bff9-4ab6-a36c-edfd8ca88f1a'),
('', 'Calcium Gluconate inj', 'Calcium Gluconate', '0', 0, '100', '0', 11, 'Abdulrauf', '72', '0', 'paid', '2021-10-03 11:53:36', NULL, '2023-01-03', 0, NULL, 11, '', '', '1be0a9da-bff9-4ab6-a36c-edfd8ca88f1a'),
('', 'phenytoin inj', 'Phenytoin', '0', 0, '500', '0', 15, 'Abdulrauf', '72', '0', 'paid', '2021-10-03 11:56:20', NULL, '2023-06-03', 0, NULL, 15, '', '', '1be0a9da-bff9-4ab6-a36c-edfd8ca88f1a'),
('', 'phenobarb inj', '', '0', 0, '700', '0', 7, 'Abdulrauf', '72', '0', 'paid', '2021-10-03 11:58:29', NULL, '2022-05-03', 0, NULL, 7, '', '', '1be0a9da-bff9-4ab6-a36c-edfd8ca88f1a'),
('', 'Prednisolone inj', 'Prednisolone ', '0', 0, '100', '0', 3, 'Abdulrauf', '72', '0', 'paid', '2021-10-03 12:01:11', NULL, '2023-10-03', 0, NULL, 3, '', '', '1be0a9da-bff9-4ab6-a36c-edfd8ca88f1a'),
('', 'IVF', '', '0', 0, '600', '0', 2, 'Abdulrauf', '72', '0', 'paid', '2021-10-03 12:02:32', NULL, '2023-11-03', 0, NULL, 2, '', '', '1be0a9da-bff9-4ab6-a36c-edfd8ca88f1a'),
('', 'Examination glove ', '', '0', 0, '3500', '0', 23, 'Abdulrauf', '72', '0', 'paid', '2021-10-03 12:03:38', NULL, '2023-01-03', 0, NULL, 23, '', '', '1be0a9da-bff9-4ab6-a36c-edfd8ca88f1a'),
('', 'Hartman solution ', '', '0', 0, '0', '0', 1, 'Abdulrauf', '72', '0', 'paid', '2021-10-03 13:13:09', NULL, '2024-06-03', 0, NULL, 1, '', '', '1be0a9da-bff9-4ab6-a36c-edfd8ca88f1a'),
('', 'urine bottle', '', '0', 0, '0', '0', 200, 'Abdulrauf', '72', '0', 'paid', '2021-10-03 13:21:43', NULL, '2023-10-03', 0, NULL, 200, '', '', '1be0a9da-bff9-4ab6-a36c-edfd8ca88f1a'),
('', 'Drainage bag', '', '0', 0, '0', '0', 150, 'Abdulrauf', '72', '0', 'paid', '2021-10-03 13:21:43', NULL, '2026-06-03', 0, NULL, 150, '', '', '1be0a9da-bff9-4ab6-a36c-edfd8ca88f1a'),
('', 'blood giving set ', '', '0', 0, '3000', '0', 2, 'Abdulrauf', '72', '0', 'paid', '2021-10-03 13:21:43', NULL, '2025-06-03', 0, NULL, 2, '', '', '1be0a9da-bff9-4ab6-a36c-edfd8ca88f1a'),
('', 'Catheter ', '', '0', 0, '0', '0', 113, 'Abdulrauf', '72', '0', 'paid', '2021-10-03 13:21:43', NULL, '2025-10-03', 0, NULL, 113, '', '', '1be0a9da-bff9-4ab6-a36c-edfd8ca88f1a'),
('', 'Feeding tube', '', '0', 0, '500', '0', 205, 'Abdulrauf', '72', '0', 'paid', '2021-10-03 13:21:43', NULL, '2026-02-03', 0, NULL, 205, '', '', '1be0a9da-bff9-4ab6-a36c-edfd8ca88f1a'),
('', 'Bromatan tab', 'Bromatan', '0', 0, '3000', '0', 2, 'Abdulrauf', '72', '0', 'paid', '2021-10-03 13:27:14', NULL, '2023-10-03', 0, NULL, 2, '', '', '1be0a9da-bff9-4ab6-a36c-edfd8ca88f1a'),
('', 'facemask', '', '0', 0, '3000', '0', 4, 'Abdulrauf', '72', '0', 'paid', '2021-10-03 13:30:28', NULL, '2028-11-03', 0, NULL, 4, '', '', '1be0a9da-bff9-4ab6-a36c-edfd8ca88f1a'),
('', 'Gauze', '', '0', 0, '2500', '0', 12, 'Abdulrauf', '72', '0', 'paid', '2021-10-03 13:34:20', NULL, '2024-02-03', 0, NULL, 12, '', '', '1be0a9da-bff9-4ab6-a36c-edfd8ca88f1a'),
('', 'Plaster', '', '0', 0, '1200', '0', 50, 'Abdulrauf', '72', '0', 'paid', '2021-10-03 13:34:20', NULL, '2025-10-03', 0, NULL, 50, '', '', '1be0a9da-bff9-4ab6-a36c-edfd8ca88f1a'),
('', 'Albendazole syrup', 'Albendazole', '0', 0, '700', '0', 5, 'Abdulrauf', '72', '0', 'paid', '2021-10-03 15:09:51', NULL, '2023-06-03', 0, NULL, 5, '', '', '1be0a9da-bff9-4ab6-a36c-edfd8ca88f1a'),
('', 'Amoxyl tab', '', '0', 0, '1000', '0', 4, 'Abdulrauf', '72', '0', 'paid', '2021-10-03 15:13:18', NULL, '2024-09-03', 0, NULL, 4, '', '', '1be0a9da-bff9-4ab6-a36c-edfd8ca88f1a'),
('', 'Diclofenac tab', 'Diclofenac', '0', 0, '700', '0', 10, 'Abdulrauf', '72', '0', 'paid', '2021-10-03 15:17:10', NULL, '2024-01-03', 0, NULL, 10, '', '', '1be0a9da-bff9-4ab6-a36c-edfd8ca88f1a'),
('', 'Diclofenac tab 100mg', 'Diclofenac', '0', 0, '1400', '0', 5, 'Abdulrauf', '72', '0', 'paid', '2021-10-03 15:18:48', NULL, '2024-06-03', 0, NULL, 5, '', '', '1be0a9da-bff9-4ab6-a36c-edfd8ca88f1a'),
('', 'Carbamazine ', 'Carbamazine', '0', 0, '500', '0', 7, 'Abdulrauf', '72', '0', 'paid', '2021-10-03 15:20:51', NULL, '2023-10-23', 0, NULL, 7, '', '', '1be0a9da-bff9-4ab6-a36c-edfd8ca88f1a'),
('', 'Dehydroartesmisini tab', 'p alaxin', '0', 0, '1500', '0', 5, 'Abdulrauf', '72', '0', 'paid', '2021-10-03 15:23:41', NULL, '2023-09-03', 0, NULL, 5, '', '', '1be0a9da-bff9-4ab6-a36c-edfd8ca88f1a'),
('', 'Fluconazole 100mg/10', 'Fluconazole', '0', 0, '2000', '0', 3, 'Abdulrauf', '72', '0', 'paid', '2021-10-03 15:26:19', NULL, '2022-05-03', 0, NULL, 3, '', '', '1be0a9da-bff9-4ab6-a36c-edfd8ca88f1a'),
('', 'Fluconazole 100mg', 'Diflucan', '0', 0, '2500', '0', 6, 'Abdulrauf', '72', '0', 'paid', '2021-10-03 15:27:56', NULL, '2023-05-03', 0, NULL, 6, '', '', '1be0a9da-bff9-4ab6-a36c-edfd8ca88f1a'),
('', 'Frusemide', 'lasix', '0', 0, '900', '0', 5, 'Abdulrauf', '72', '0', 'paid', '2021-10-03 15:29:51', NULL, '2021-07-21', 0, NULL, 5, '', '', '1be0a9da-bff9-4ab6-a36c-edfd8ca88f1a'),
('', 'Ibuprofen 200mg', 'Ibuprofen', '0', 0, '400', '0', 6, 'Abdulrauf', '72', '0', 'paid', '2021-10-03 15:32:12', NULL, '2022-05-03', 0, NULL, 6, '', '', '1be0a9da-bff9-4ab6-a36c-edfd8ca88f1a'),
('', 'Lisinopril 10mg/14', 'Lisinopril', '0', 0, '1200', '0', 5, 'Abdulrauf', '72', '0', 'paid', '2021-10-03 15:36:59', NULL, '2023-06-03', 0, NULL, 5, '', '', '1be0a9da-bff9-4ab6-a36c-edfd8ca88f1a'),
('', 'Artequin tab', 'Atesunate + Mefloquin', '0', 0, '3500', '0', 9, 'Abdulrauf', '72', '0', 'paid', '2021-10-03 15:41:00', NULL, '2023-01-03', 0, NULL, 9, '', '', '1be0a9da-bff9-4ab6-a36c-edfd8ca88f1a'),
('', 'atenolol 25mg', '', '0', 0, '150', '0', 5, 'Abdulrauf', '72', '0', 'paid', '2021-10-03 15:42:59', NULL, '2023-06-03', 0, NULL, 5, '', '', '1be0a9da-bff9-4ab6-a36c-edfd8ca88f1a'),
('', 'Atorvastatin 20mg', '', '0', 0, '2900', '0', 5, 'Abdulrauf', '72', '0', 'paid', '2021-10-03 15:45:47', NULL, '2021-02-03', 0, NULL, 5, '', '', '1be0a9da-bff9-4ab6-a36c-edfd8ca88f1a'),
('', 'Azithromycin tab 500mg', 'Pfizer', '0', 0, '1000', '0', 6, 'Abdulrauf', '72', '0', 'paid', '2021-10-03 15:50:54', NULL, '2023-10-03', 0, NULL, 5, '', '', '1be0a9da-bff9-4ab6-a36c-edfd8ca88f1a'),
('', 'cinnarizine', 'stugeron', '0', 0, '1800', '0', 1, 'Abdulrauf', '72', '0', 'paid', '2021-10-03 16:06:51', NULL, '2023-05-03', 0, NULL, 1, '', '', '1be0a9da-bff9-4ab6-a36c-edfd8ca88f1a'),
('', 'Methyldopa 250 mg ', 'Aldomet', '0', 0, '500', '0', 4, 'Abdulrauf', '72', '0', 'paid', '2021-10-03 16:15:57', NULL, '2023-11-03', 0, NULL, 4, '', '', '1be0a9da-bff9-4ab6-a36c-edfd8ca88f1a'),
('', 'Nitrofuratoin 50mg', '', '0', 0, '300', '0', 5, 'Abdulrauf', '72', '0', 'paid', '2021-10-03 16:20:49', NULL, '2023-10-03', 0, NULL, 5, '', '', '1be0a9da-bff9-4ab6-a36c-edfd8ca88f1a'),
('', 'promethazine tab', 'promethazine', '0', 0, '800', '0', 4, 'Abdulrauf', '72', '0', 'paid', '2021-10-03 16:27:08', NULL, '2023-10-03', 0, NULL, 4, '', '', '1be0a9da-bff9-4ab6-a36c-edfd8ca88f1a'),
('', 'propanolol 25mg', '', '0', 0, '400', '0', 6, 'Abdulrauf', '72', '0', 'paid', '2021-10-03 16:28:49', NULL, '2024-06-03', 0, NULL, 6, '', '', '1be0a9da-bff9-4ab6-a36c-edfd8ca88f1a'),
('', 'Salbutamol 4mg', 'Salbutamol', '0', 0, '400', '0', 6, 'Abdulrauf', '72', '0', 'paid', '2021-10-04 09:47:00', NULL, '2022-12-04', 0, NULL, 6, '', '', '1be0a9da-bff9-4ab6-a36c-edfd8ca88f1a'),
('', 'Simvastatin 20mg', 'Simvastatin', '0', 0, '1600', '0', 7, 'Abdulrauf', '72', '0', 'paid', '2021-10-04 09:49:02', NULL, '2023-07-08', 0, NULL, 7, '', '', '1be0a9da-bff9-4ab6-a36c-edfd8ca88f1a'),
('', 'Slow k', '', '0', 0, '100', '0', 56, 'Abdulrauf', '72', '0', 'paid', '2021-10-04 09:50:20', NULL, '2023-10-04', 0, NULL, 56, '', '', '1be0a9da-bff9-4ab6-a36c-edfd8ca88f1a'),
('', 'Xonadine', 'Xonadine', '0', 0, '1800', '0', 2, 'Abdulrauf', '72', '0', 'paid', '2021-10-04 10:21:39', NULL, '2022-05-04', 0, NULL, 2, '', '', '1be0a9da-bff9-4ab6-a36c-edfd8ca88f1a'),
('', 'Xonadine', '', '0', 0, '1800', '0', 5, 'Abdulrauf', '72', '0', 'paid', '2021-10-04 10:23:24', NULL, '2023-09-04', 0, NULL, 5, '', '', '1be0a9da-bff9-4ab6-a36c-edfd8ca88f1a'),
('', 'Acetazolamide', '', '0', 0, '800', '0', 5, 'Abdulrauf', '72', '0', 'paid', '2021-10-04 10:26:30', NULL, '2023-06-04', 0, NULL, 5, '', '', '1be0a9da-bff9-4ab6-a36c-edfd8ca88f1a'),
('', 'Exforge', '', '0', 0, '13000', '0', 2, 'Abdulrauf', '72', '0', 'paid', '2021-10-04 10:28:12', NULL, '2022-01-04', 0, NULL, 2, '', '', '1be0a9da-bff9-4ab6-a36c-edfd8ca88f1a'),
('', 'paradex', '', '0', 0, '4500', '0', 2, 'Abdulrauf', '72', '0', 'paid', '2021-10-04 10:29:31', NULL, '2022-06-04', 0, NULL, 2, '', '', '1be0a9da-bff9-4ab6-a36c-edfd8ca88f1a'),
('', 'Adrenaline inj 1mg', 'Adrenaline', '0', 0, '400', '0', 10, 'Abdulrauf', '72', '0', 'paid', '2021-10-04 10:31:36', NULL, '2023-06-04', 0, NULL, 10, '', '', '1be0a9da-bff9-4ab6-a36c-edfd8ca88f1a'),
('', 'Aminophylline inj 250mg', '', '0', 0, '600', '0', 10, 'Abdulrauf', '72', '0', 'paid', '2021-10-04 10:34:07', NULL, '2022-10-04', 0, NULL, 10, '', '', '1be0a9da-bff9-4ab6-a36c-edfd8ca88f1a'),
('', 'Astymin infusion 200mg', '', '0', 0, '3500', '0', 10, 'Abdulrauf', '72', '0', 'paid', '2021-10-04 10:39:26', NULL, '2022-06-04', 0, NULL, 10, '', '', '1be0a9da-bff9-4ab6-a36c-edfd8ca88f1a'),
('', 'atenolol 0.5mg', '', '0', 0, '700', '0', 2, 'Abdulrauf', '72', '0', 'paid', '2021-10-04 10:41:12', NULL, '2022-11-04', 0, NULL, 2, '', '', '1be0a9da-bff9-4ab6-a36c-edfd8ca88f1a'),
('', 'Atropine inj', '', '0', 0, '800', '0', 5, 'Abdulrauf', '72', '0', 'paid', '2021-10-04 10:44:02', NULL, '2023-10-04', 0, NULL, 5, '', '', '1be0a9da-bff9-4ab6-a36c-edfd8ca88f1a'),
('', 'Ceftriaxone  1g inj', '', '0', 0, '2000', '0', 0, 'Abdulrauf', '72', '0', 'paid', '2021-10-04 10:45:57', NULL, '2023-10-04', 0, NULL, 0, '', '', '1be0a9da-bff9-4ab6-a36c-edfd8ca88f1a'),
('', 'Chloramphenical inj 1g', 'Chloramphenical', '0', 0, '1200', '0', 6, 'Abdulrauf', '72', '0', 'paid', '2021-10-04 11:40:05', NULL, '2022-10-04', 0, NULL, 6, '', '', '1be0a9da-bff9-4ab6-a36c-edfd8ca88f1a'),
('', 'Diazepam inj 10mg', 'Diazepam', '0', 0, '1400', '0', 6, 'Abdulrauf', '72', '0', 'paid', '2021-10-04 11:41:35', NULL, '2021-07-06', 0, NULL, 6, '', '', '1be0a9da-bff9-4ab6-a36c-edfd8ca88f1a'),
('', 'Hyoscine ', 'buscopam 20mg', '0', 0, '700', '0', 5, 'Abdulrauf', '72', '0', 'paid', '2021-10-04 11:46:22', NULL, '2023-06-04', 0, NULL, 4, '', '', '1be0a9da-bff9-4ab6-a36c-edfd8ca88f1a'),
('', 'Metoclopramide inj', '', '0', 0, '500', '0', 5, 'Abdulrauf', '72', '0', 'paid', '2021-10-04 11:49:11', NULL, '2024-02-04', 0, NULL, 5, '', '', '1be0a9da-bff9-4ab6-a36c-edfd8ca88f1a'),
('', 'Paracetamol infusion', 'Paracetamol', '0', 0, '1800', '0', 2, 'Abdulrauf', '72', '0', 'paid', '2021-10-04 11:51:57', NULL, '2023-07-04', 0, NULL, 2, '', '', '1be0a9da-bff9-4ab6-a36c-edfd8ca88f1a'),
('', 'Tramadol inj', '', '0', 0, '1800', '0', 9, 'Abdulrauf', '72', '0', 'paid', '2021-10-04 12:07:00', NULL, '2023-10-04', 0, NULL, 9, '', '', '1be0a9da-bff9-4ab6-a36c-edfd8ca88f1a'),
('', 'Vit Bco inj', 'B complex', '0', 0, '200', '0', 20, 'Abdulrauf', '72', '0', 'paid', '2021-10-04 12:11:58', NULL, '2023-11-04', 0, NULL, 20, '', '', '1be0a9da-bff9-4ab6-a36c-edfd8ca88f1a'),
('', 'Vit k', '', '0', 0, '500', '0', 6, 'Abdulrauf', '72', '0', 'paid', '2021-10-04 12:13:43', NULL, '2024-06-04', 0, NULL, 6, '', '', '1be0a9da-bff9-4ab6-a36c-edfd8ca88f1a'),
('', 'Nuropeum', '', '0', 0, '5000', '0', 5, 'Abdulrauf', '72', '0', 'paid', '2021-10-04 12:15:49', NULL, '2023-07-04', 0, NULL, 5, '', '', '1be0a9da-bff9-4ab6-a36c-edfd8ca88f1a'),
('', 'Clindamycin inj', 'Clindamycin', '0', 0, '800', '700', 6, 'Abdulrauf', '72', '0', 'paid', '2021-10-04 12:17:13', NULL, '2023-04-04', 0, NULL, 6, '', '', '1be0a9da-bff9-4ab6-a36c-edfd8ca88f1a'),
('', 'Flagyl 150mg', 'Flagyl', '0', 0, '800', '0', 4, 'Abdulrauf', '72', '0', 'paid', '2021-10-04 12:23:36', NULL, '2023-07-04', 0, NULL, 4, '', '', '1be0a9da-bff9-4ab6-a36c-edfd8ca88f1a'),
('', 'Flouxetine', 'Fluoxetine', '0', 0, '11', '0', 11, 'abdurrahman', '72', '0', 'paid', '2021-10-04 19:16:18', NULL, '2222-11-11', 0, NULL, 11, '', '', '1be0a9da-bff9-4ab6-a36c-edfd8ca88f1a'),
('', 'E-mal inj ', 'arthemeter', '0', 0, '800', '1700', 20, 'Abdulrauf', '72', '0', 'paid', '2021-10-05 11:42:36', NULL, '2024-05-05', 0, NULL, 20, '', '', '1be0a9da-bff9-4ab6-a36c-edfd8ca88f1a'),
('', 'Infusion liquid ', '', '0', 0, '600', '0', 4, 'Abdulrauf', '72', '0', 'paid', '2021-10-06 12:28:42', NULL, '2023-06-06', 0, NULL, 4, '', '', '1be0a9da-bff9-4ab6-a36c-edfd8ca88f1a'),
('', 'Soft gel', '', '0', 0, '1150', '0', 6, 'Abdulrauf', '72', '0', 'paid', '2021-10-06 12:33:12', NULL, '2023-06-06', 0, NULL, 6, '', '', '1be0a9da-bff9-4ab6-a36c-edfd8ca88f1a'),
('', 'Dopamine inj', '', '0', 0, '750', '250', 1, 'Abdulrauf', '72', '0', 'paid', '2021-10-06 12:36:58', NULL, '2024-10-06', 0, NULL, 1, '', '', '1be0a9da-bff9-4ab6-a36c-edfd8ca88f1a'),
('', 'Infusion Parasam', '', '0', 0, '450', '1750', 7, 'Abdulrauf', '72', '0', 'paid', '2021-10-06 12:45:20', NULL, '2023-09-06', 0, NULL, 7, '', '', '1be0a9da-bff9-4ab6-a36c-edfd8ca88f1a'),
('', 'Fleming 625 tab', '', '0', 0, '1300', '1500', 6, 'Abdulrauf', '72', '0', 'paid', '2021-10-06 12:52:46', NULL, '2023-02-06', 0, NULL, 6, '', '', '1be0a9da-bff9-4ab6-a36c-edfd8ca88f1a'),
('', 'Coartem syrup', '', '0', 0, '300', '600', 5, 'Abdulrauf', '72', '0', 'paid', '2021-10-06 12:55:40', NULL, '2022-06-06', 0, NULL, 5, '', '', '1be0a9da-bff9-4ab6-a36c-edfd8ca88f1a');
INSERT INTO `drugpurchaserecords` (`drug_code`, `drug`, `generic_name`, `unit_of_issue`, `reorder_level`, `cost_price`, `markUp`, `quantity`, `by_whom`, `supplier`, `receipt_no`, `payment_status`, `created_at`, `receipt_picture`, `expiry_date`, `expiry_alert`, `balance`, `dispensary_balance`, `shift`, `status`, `facilityId`) VALUES
('', 'Brustan-N syrup', 'Ibuprofen', '0', 0, '500', '100', 2, 'Abdulrauf', '72', '0', 'paid', '2021-10-06 13:00:58', NULL, '2022-06-06', 0, NULL, 2, '', '', '1be0a9da-bff9-4ab6-a36c-edfd8ca88f1a'),
('', 'infusion levo', '', '0', 0, '500', '300', 3, 'Abdulrauf', '72', '0', 'paid', '2021-10-06 13:03:05', NULL, '2023-07-06', 0, NULL, 3, '', '', '1be0a9da-bff9-4ab6-a36c-edfd8ca88f1a'),
('', 'water for inj', '', '0', 0, '1500', '0', 5, 'Abdulrauf', '72', '0', 'paid', '2021-10-06 13:05:09', NULL, '2023-11-06', 0, NULL, 5, '', '', '1be0a9da-bff9-4ab6-a36c-edfd8ca88f1a'),
('', 'cabidelol 625', '', '0', 0, '900', '400', 6, 'Abdulrauf', '72', '0', 'paid', '2021-10-06 13:06:49', NULL, '2021-10-23', 0, NULL, 6, '', '', '1be0a9da-bff9-4ab6-a36c-edfd8ca88f1a'),
('', 'EMD inj', '', '0', 0, '800', '0', 5, 'Abdulrauf', '72', '0', 'paid', '2021-10-06 13:10:21', NULL, '2024-10-15', 0, NULL, 5, '', '', '1be0a9da-bff9-4ab6-a36c-edfd8ca88f1a'),
('', 'IV Fluid ', '', '0', 0, '2000', '0', 7, 'Maryam', '72', '0', 'paid', '2021-10-07 10:49:12', NULL, '2024-05-07', 0, NULL, 7, '', '', '1be0a9da-bff9-4ab6-a36c-edfd8ca88f1a'),
('', 'Emal inj', '', '0', 0, '800', '1700', 8, 'Maryam', '72', '0', 'paid', '2021-10-07 11:16:14', NULL, '2023-06-07', 0, NULL, 0, '', '', '1be0a9da-bff9-4ab6-a36c-edfd8ca88f1a'),
('', 'Bromocryptine', 'Bromocryptine', '0', 0, '1', '0', 1, 'abdurrahman', '72', '0', 'paid', '2021-10-09 10:34:26', NULL, '2222-11-11', 0, NULL, 1, '', '', '1be0a9da-bff9-4ab6-a36c-edfd8ca88f1a'),
('', 'Azithromycin syrup', 'Azithromycin', '0', 0, '1500', '0', 5, 'Abdulrauf', '8', '0', 'paid', '2021-10-10 13:51:51', NULL, '2024-01-01', 0, NULL, 5, '', '', '1be0a9da-bff9-4ab6-a36c-edfd8ca88f1a'),
('', 'Ondasetron iv', 'Ondasetron ', '0', 0, '700', '0', 10, 'Abdulrauf', '8', '0', 'paid', '2021-10-10 13:53:55', NULL, '2023-01-01', 0, NULL, 10, '', '', '1be0a9da-bff9-4ab6-a36c-edfd8ca88f1a'),
('', 'medazalam iv', '', '0', 0, '2000', '0', 10, 'Abdulrauf', '8', '0', 'paid', '2021-10-10 13:55:50', NULL, '2023-09-10', 0, NULL, 10, '', '', '1be0a9da-bff9-4ab6-a36c-edfd8ca88f1a'),
('', 'Lonart syp', 'Arthemeter / Lumefantrine', '0', 0, '1100', '0', 10, 'Abdulrauf', '8', '0', 'paid', '2021-10-10 13:58:57', NULL, '2022-10-10', 0, NULL, 10, '', '', '1be0a9da-bff9-4ab6-a36c-edfd8ca88f1a'),
('', 'Lonart tab', 'Arthemeter / Lumefantrine', '0', 0, '1300', '0', 20, 'Abdulrauf', '8', '0', 'paid', '2021-10-10 14:01:46', NULL, '2023-04-10', 0, NULL, 20, '', '', '1be0a9da-bff9-4ab6-a36c-edfd8ca88f1a'),
('', 'Tandak', 'Ceftriaxone + Sulbactam', '0', 0, '1300', '0', 30, 'Abdulrauf', '8', '0', 'paid', '2021-10-10 14:03:47', NULL, '2023-01-10', 0, NULL, 30, '', '', '1be0a9da-bff9-4ab6-a36c-edfd8ca88f1a'),
('', 'Menthodex ', '', '0', 0, '1000', '0', 10, 'Abdulrauf', '8', '0', 'paid', '2021-10-10 14:05:36', NULL, '2023-11-10', 0, NULL, 10, '', '', '1be0a9da-bff9-4ab6-a36c-edfd8ca88f1a'),
('', 'Aldactone', 'Spironolactone', '0', 0, '1', '0', 1, 'abdurrahman', '72', '0', 'paid', '2021-10-12 07:40:19', NULL, '2222-11-11', 0, NULL, 1, '', '', '1be0a9da-bff9-4ab6-a36c-edfd8ca88f1a'),
('', 'Flagyl tab', '', '0', 0, '70', '0', 60, 'Abdulrauf', '8', '0', 'paid', '2021-10-13 09:41:01', NULL, '2023-10-07', 0, NULL, 60, '', '', '1be0a9da-bff9-4ab6-a36c-edfd8ca88f1a'),
('', 'Infusion Parasam', '', '0', 0, '450', '0', 50, 'Abdulrauf', '8', '0', 'paid', '2021-10-13 09:44:46', NULL, '2021-11-05', 0, NULL, 50, '', '', '1be0a9da-bff9-4ab6-a36c-edfd8ca88f1a'),
('', 'Lonart tab', 'Arthemeter / Lumefantrine', '0', 0, '130', '0', 100, 'Abdulrauf', '8', '0', 'paid', '2021-10-13 10:08:46', NULL, '2021-04-13', 0, NULL, 100, '', '', '1be0a9da-bff9-4ab6-a36c-edfd8ca88f1a'),
('', 'Vitamin B complex', 'Vitamin B complex', '0', 0, '300', '0', 10, 'Abdulrauf', '8', '0', 'paid', '2021-10-13 10:08:46', NULL, '2023-10-13', 0, NULL, 10, '', '', '1be0a9da-bff9-4ab6-a36c-edfd8ca88f1a'),
('', 'Meronem iv', 'Meropenem', '0', 0, '330', '0', 50, 'Abdulrauf', '8', '0', 'paid', '2021-10-13 10:08:46', NULL, '2023-07-13', 0, NULL, 50, '', '', '1be0a9da-bff9-4ab6-a36c-edfd8ca88f1a'),
('', 'Paracetamol tab', 'Paracetamol', '0', 0, '120', '0', 50, 'Abdulrauf', '8', '0', 'paid', '2021-10-13 10:08:46', NULL, '2024-04-13', 0, NULL, 50, '', '', '1be0a9da-bff9-4ab6-a36c-edfd8ca88f1a'),
('', 'Emal inj', '', '0', 0, '2000', '0', 20, 'Abdulrauf', '8', '0', 'paid', '2021-10-13 10:08:46', NULL, '2024-05-13', 0, NULL, 20, '', '', '1be0a9da-bff9-4ab6-a36c-edfd8ca88f1a'),
('', 'Anorol tab', 'Paracetamol + Orphenadrine', '0', 0, '300', '0', 20, 'Abdulrauf', '8', '0', 'paid', '2021-10-13 10:08:46', NULL, '2024-01-13', 0, NULL, 20, '', '', '1be0a9da-bff9-4ab6-a36c-edfd8ca88f1a'),
('', 'Vit Bco inj', 'B complex', '0', 0, '250', '0', 10, 'Abdulrauf', '8', '0', 'paid', '2021-10-13 10:08:46', NULL, '2023-11-13', 0, NULL, 10, '', '', '1be0a9da-bff9-4ab6-a36c-edfd8ca88f1a'),
('', 'Loratadine tab', '', '0', 0, '400', '0', 20, 'Abdulrauf', '8', '0', 'paid', '2021-10-13 10:08:46', NULL, '2022-11-13', 0, NULL, 20, '', '', '1be0a9da-bff9-4ab6-a36c-edfd8ca88f1a'),
('', 'Fleming 625 tab', '', '0', 0, '1300', '0', 5, 'Abdulrauf', '8', '0', 'paid', '2021-10-13 10:16:44', NULL, '2022-10-13', 0, '25', 25, '', '', '1be0a9da-bff9-4ab6-a36c-edfd8ca88f1a'),
('', 'Menthodex', '', '0', 0, '950', '0', 10, 'Abdulrauf', '8', '0', 'paid', '2021-10-13 10:16:44', NULL, '2023-10-13', 0, '20', 20, '', '', '1be0a9da-bff9-4ab6-a36c-edfd8ca88f1a'),
('', 'pragabalin', '', '0', 0, '600', '0', 10, 'Abdulrauf', '8', '0', 'paid', '2021-10-13 10:16:44', NULL, '2023-07-13', 0, NULL, 10, '', '', '1be0a9da-bff9-4ab6-a36c-edfd8ca88f1a'),
('', 'nurovite tab', '', '0', 0, '750', '0', 10, 'Abdulrauf', '8', '0', 'paid', '2021-10-13 10:16:44', NULL, '2022-11-13', 0, NULL, 10, '', '', '1be0a9da-bff9-4ab6-a36c-edfd8ca88f1a'),
('', 'Gauze', '', '0', 0, '2800', '0', 20, 'Abdulrauf', '73', '0', 'paid', '2021-10-13 10:24:45', NULL, '2022-10-13', 0, NULL, 20, '', '', '1be0a9da-bff9-4ab6-a36c-edfd8ca88f1a'),
('', 'Examination glove ', '', '0', 0, '34500', '0', 2, 'Abdulrauf', '73', '0', 'paid', '2021-10-13 10:24:45', NULL, '2023-11-13', 0, NULL, 2, '', '', '1be0a9da-bff9-4ab6-a36c-edfd8ca88f1a'),
('', 'giving set', '', '0', 0, '4000', '0', 3, 'Abdulrauf', '73', '0', 'paid', '2021-10-13 10:24:45', NULL, '2024-06-13', 0, NULL, 3, '', '', '1be0a9da-bff9-4ab6-a36c-edfd8ca88f1a'),
('', 'Syring 10ml', 'Syring', '0', 0, '3700', '0', 5, 'Abdulrauf', '73', '0', 'paid', '2021-10-13 10:24:45', NULL, '2024-09-13', 0, NULL, 5, '', '', '1be0a9da-bff9-4ab6-a36c-edfd8ca88f1a'),
('', 'cotton wool', '', '0', 0, '850', '0', 5, 'Abdulrauf', '73', '0', 'paid', '2021-10-13 10:24:45', NULL, '2025-10-13', 0, NULL, 5, '', '', '1be0a9da-bff9-4ab6-a36c-edfd8ca88f1a'),
('', 'Syring 5ml', 'Syring', '0', 0, '2500', '0', 5, 'Abdulrauf', '73', '0', 'paid', '2021-10-13 10:24:45', NULL, '2025-11-13', 0, NULL, 5, '', '', '1be0a9da-bff9-4ab6-a36c-edfd8ca88f1a'),
('', 'Emal inj', '', '0', 0, '1000', '0', 40, 'Abdulrauf', '8', '0', 'paid', '2021-10-13 11:34:50', NULL, '2023-06-08', 0, NULL, 40, '', '', '1be0a9da-bff9-4ab6-a36c-edfd8ca88f1a'),
('', 'Tabs Levofloxacin', '', '0', 0, '400', '0', 30, 'Abdulrauf', '8', '0', 'paid', '2021-10-13 11:34:50', NULL, '2024-04-13', 0, NULL, 30, '', '', '1be0a9da-bff9-4ab6-a36c-edfd8ca88f1a'),
('', 'Doxycycline', 'Doxycycline', '0', 0, '400', '0', 20, 'Abdulrauf', '8', '0', 'paid', '2021-10-13 11:34:50', NULL, '2023-06-13', 0, NULL, 20, '', '', '1be0a9da-bff9-4ab6-a36c-edfd8ca88f1a'),
('', 'flagyl iv', '', '0', 0, '250', '0', 100, 'Abdulrauf', '8', '0', 'paid', '2021-10-13 11:34:50', NULL, '2023-12-13', 0, NULL, 100, '', '', '1be0a9da-bff9-4ab6-a36c-edfd8ca88f1a'),
('', 'Azithromycin tab 500mg', '', '0', 0, '1350', '0', 20, 'Abdulrauf', '8', '0', 'paid', '2021-10-13 11:34:50', NULL, '2023-07-13', 0, NULL, 20, '', '', '1be0a9da-bff9-4ab6-a36c-edfd8ca88f1a'),
('', 'Artesunate IM/IV', 'Artesunate ', '0', 0, '4500', '0', 60, 'Abdulrauf', '8', '0', 'paid', '2021-10-13 11:34:50', NULL, '2023-09-13', 0, NULL, 60, '', '', '1be0a9da-bff9-4ab6-a36c-edfd8ca88f1a'),
('', 'Zoxon', 'Ceftriaxone', '0', 0, '600', '0', 120, 'Abdulrauf', '8', '0', 'paid', '2021-10-13 11:34:50', NULL, '2023-09-13', 0, NULL, 120, '', '', '1be0a9da-bff9-4ab6-a36c-edfd8ca88f1a'),
('', 'piriton syr', '', '0', 0, '250', '0', 10, 'Abdulrauf', '8', '0', 'paid', '2021-10-13 11:34:50', NULL, '2023-10-13', 0, NULL, 10, '', '', '1be0a9da-bff9-4ab6-a36c-edfd8ca88f1a'),
('', 'Omeprazole IM/IV', 'Omeprazole', '0', 0, '250', '0', 200, 'Abdulrauf', '8', '0', 'paid', '2021-10-13 11:34:50', NULL, '2024-03-13', 0, NULL, 200, '', '', '1be0a9da-bff9-4ab6-a36c-edfd8ca88f1a'),
('', 'Ciprofloxacin tab', 'Ciprofloxacin', '0', 0, '400', '0', 30, 'Abdulrauf', '8', '0', 'paid', '2021-10-13 11:34:50', NULL, '2023-08-13', 0, NULL, 30, '', '', '1be0a9da-bff9-4ab6-a36c-edfd8ca88f1a'),
('', 'Eproxen tab', 'Naproxen + Esomeprazole', '0', 0, '400', '0', 60, 'Abdulrauf', '8', '0', 'paid', '2021-10-13 11:34:50', NULL, '2023-02-13', 0, NULL, 60, '', '', '1be0a9da-bff9-4ab6-a36c-edfd8ca88f1a'),
('', 'Lonart tab', 'Arthemeter / Lumefantrine', '0', 0, '1300', '0', 30, 'Abdulrauf', '8', '0', 'paid', '2021-10-13 11:34:50', NULL, '2023-03-13', 0, NULL, 30, '', '', '1be0a9da-bff9-4ab6-a36c-edfd8ca88f1a'),
('', 'Infusion Parasam', '', '0', 0, '450', '0', 100, 'Abdulrauf', '8', '0', 'paid', '2021-10-13 11:34:50', NULL, '2021-11-30', 0, NULL, 100, '', '', '1be0a9da-bff9-4ab6-a36c-edfd8ca88f1a'),
('', 'Omeprazole caps', 'Omeprazole', '0', 0, '300', '0', 20, 'Abdulrauf', '8', '0', 'paid', '2021-10-13 11:34:51', NULL, '2022-03-13', 0, NULL, 20, '', '', '1be0a9da-bff9-4ab6-a36c-edfd8ca88f1a'),
('', 'Paracetamol syrup', 'Paracetamol', '0', 0, '150', '0', 20, 'Abdulrauf', '8', '0', 'paid', '2021-10-13 11:34:51', NULL, '2024-07-13', 0, NULL, 20, '', '', '1be0a9da-bff9-4ab6-a36c-edfd8ca88f1a'),
('', 'tandak inj', '', '0', 0, '1300', '0', 60, 'Abdulrauf', '8', '0', 'paid', '2021-10-13 11:34:51', NULL, '2022-10-13', 0, NULL, 60, '', '', '1be0a9da-bff9-4ab6-a36c-edfd8ca88f1a'),
('', 'Loratadine tab', '', '0', 0, '350', '0', 40, 'Abdulrauf', '8', '0', 'paid', '2021-10-13 11:34:51', NULL, '2022-11-13', 0, NULL, 40, '', '', '1be0a9da-bff9-4ab6-a36c-edfd8ca88f1a'),
('', 'Amoxicillin + Clav 625mg syr', 'Amoxicillin', '0', 0, '1500', '0', 10, 'Abdulrauf', '8', '0', 'paid', '2021-10-13 11:34:51', NULL, '2022-05-13', 0, NULL, 10, '', '', '1be0a9da-bff9-4ab6-a36c-edfd8ca88f1a'),
('', 'Paracetamol IV', 'Paracetamol', '0', 0, '200', '0', 60, 'Abdulrauf', '8', '0', 'paid', '2021-10-13 11:34:51', NULL, '2023-10-13', 0, NULL, 59, '', '', '1be0a9da-bff9-4ab6-a36c-edfd8ca88f1a'),
('', 'Paracetamol tab', 'Paracetamol', '0', 0, '120', '0', 200, 'Abdulrauf', '8', '0', 'paid', '2021-10-13 11:34:51', NULL, '2024-10-13', 0, NULL, 200, '', '', '1be0a9da-bff9-4ab6-a36c-edfd8ca88f1a'),
('', 'Vitamin B complex syr', 'Vitamin B complex', '0', 0, '100', '0', 20, 'Abdulrauf', '8', '0', 'paid', '2021-10-13 11:34:51', NULL, '2023-06-13', 0, NULL, 20, '', '', '1be0a9da-bff9-4ab6-a36c-edfd8ca88f1a'),
('', 'Meronem iv', 'Meropenem', '0', 0, '3300', '0', 10, 'Abdulrauf', '8', '0', 'paid', '2021-10-13 11:34:51', NULL, '2023-01-13', 0, NULL, 10, '', '', '1be0a9da-bff9-4ab6-a36c-edfd8ca88f1a'),
('', 'Broncholyte syr', 'Broncholyte', '0', 0, '350', '0', 10, 'Abdulrauf', '8', '0', 'paid', '2021-10-13 11:34:51', NULL, '2024-07-13', 0, NULL, 10, '', '', '1be0a9da-bff9-4ab6-a36c-edfd8ca88f1a'),
('', 'Albendazole tab', 'Albendazole', '0', 0, '200', '0', 10, 'Abdulrauf', '8', '0', 'paid', '2021-10-13 11:34:51', NULL, '2023-11-13', 0, NULL, 10, '', '', '1be0a9da-bff9-4ab6-a36c-edfd8ca88f1a'),
('', 'celecoxib', '', '0', 0, '900', '0', 20, 'Abdulrauf', '8', '0', 'paid', '2021-10-13 11:34:51', NULL, '2023-11-13', 0, NULL, 20, '', '', '1be0a9da-bff9-4ab6-a36c-edfd8ca88f1a'),
('', 'Cefixime', 'Cefixime', '0', 0, '700', '0', 20, 'Abdulrauf', '8', '0', 'paid', '2021-10-13 11:34:51', NULL, '2021-10-31', 0, NULL, 20, '', '', '1be0a9da-bff9-4ab6-a36c-edfd8ca88f1a'),
('', 'Examination glove ', '', '0', 0, '3450', '0', 6, 'Abdulrauf', '73', '0', 'paid', '2021-10-13 12:11:43', NULL, '2023-10-13', 0, NULL, 6, '', '', '1be0a9da-bff9-4ab6-a36c-edfd8ca88f1a'),
('', 'Gauze', '', '0', 0, '2800', '0', 30, 'Abdulrauf', '73', '0', 'paid', '2021-10-13 12:11:43', NULL, '2023-10-13', 0, NULL, 30, '', '', '1be0a9da-bff9-4ab6-a36c-edfd8ca88f1a'),
('', 'facemask', '', '0', 0, '800', '0', 50, 'Abdulrauf', '73', '0', 'paid', '2021-10-13 12:11:43', NULL, '2025-09-13', 0, NULL, 50, '', '', '1be0a9da-bff9-4ab6-a36c-edfd8ca88f1a'),
('', 'blood giving set ', '', '0', 0, '3000', '0', 5, 'Abdulrauf', '73', '0', 'paid', '2021-10-13 12:23:50', NULL, '2025-10-13', 0, NULL, 5, '', '', '1be0a9da-bff9-4ab6-a36c-edfd8ca88f1a'),
('', 'IV Cannula ', 'Cannula', '0', 0, '3000', '0', 15, 'Abdulrauf', '73', '0', 'paid', '2021-10-13 12:23:50', NULL, '2023-11-13', 0, NULL, 15, '', '', '1be0a9da-bff9-4ab6-a36c-edfd8ca88f1a'),
('', 'Syring 20ml', 'Syring', '0', 0, '5200', '0', 5, 'Abdulrauf', '73', '0', 'paid', '2021-10-13 12:23:50', NULL, '2024-06-13', 0, NULL, 5, '', '', '1be0a9da-bff9-4ab6-a36c-edfd8ca88f1a'),
('', 'giving set', '', '0', 0, '4000', '0', 5, 'Abdulrauf', '73', '0', 'paid', '2021-10-13 12:23:50', NULL, '2023-06-13', 0, NULL, 5, '', '', '1be0a9da-bff9-4ab6-a36c-edfd8ca88f1a'),
('', 'crepe bandages 6 inc', '', '0', 0, '2000', '0', 10, 'Abdulrauf', '73', '0', 'paid', '2021-10-13 12:23:50', NULL, '2023-11-13', 0, NULL, 10, '', '', '1be0a9da-bff9-4ab6-a36c-edfd8ca88f1a'),
('', 'Syring 10ml', 'Syring', '0', 0, '3700', '0', 12, 'Abdulrauf', '73', '0', 'paid', '2021-10-13 12:23:50', NULL, '2023-06-13', 0, NULL, 12, '', '', '1be0a9da-bff9-4ab6-a36c-edfd8ca88f1a'),
('', 'Syring 2ml', 'Syring', '0', 0, '2500', '0', 12, 'Abdulrauf', '73', '0', 'paid', '2021-10-13 12:23:50', NULL, '2025-05-13', 0, NULL, 12, '', '', '1be0a9da-bff9-4ab6-a36c-edfd8ca88f1a'),
('', 'cotton wool', '', '0', 0, '850', '0', 10, 'Abdulrauf', '73', '0', 'paid', '2021-10-13 12:23:50', NULL, '2025-09-13', 0, NULL, 10, '', '', '1be0a9da-bff9-4ab6-a36c-edfd8ca88f1a'),
('', 'crepe bandages 4 inc', '', '0', 0, '1500', '0', 10, 'Abdulrauf', '73', '0', 'paid', '2021-10-13 12:23:50', NULL, '2023-05-13', 0, NULL, 10, '', '', '1be0a9da-bff9-4ab6-a36c-edfd8ca88f1a'),
('', 'urine bag', '', '0', 0, '2000', '0', 10, 'Abdulrauf', '73', '0', 'paid', '2021-10-13 12:23:50', NULL, '2023-10-13', 0, NULL, 10, '', '', '1be0a9da-bff9-4ab6-a36c-edfd8ca88f1a'),
('', 'Catheter 16 & 18', '', '0', 0, '2500', '0', 10, 'Abdulrauf', '73', '0', 'paid', '2021-10-13 12:23:50', NULL, '2024-10-13', 0, NULL, 10, '', '', '1be0a9da-bff9-4ab6-a36c-edfd8ca88f1a'),
('', 'Syring 5ml', 'Syring', '0', 0, '2500', '0', 12, 'Abdulrauf', '73', '0', 'paid', '2021-10-13 12:31:17', NULL, '2025-01-13', 0, '24', 24, '', '', '1be0a9da-bff9-4ab6-a36c-edfd8ca88f1a'),
('', 'surgical gloves s8', '', '0', 0, '5500', '0', 10, 'Abdulrauf', '73', '0', 'paid', '2021-10-13 12:31:17', NULL, '2024-09-13', 0, '20', 20, '', '', '1be0a9da-bff9-4ab6-a36c-edfd8ca88f1a'),
('', 'pariti', '', '0', 0, '4500', '0', 3, 'Abdulrauf', '73', '0', 'paid', '2021-10-13 12:31:17', NULL, '2023-10-13', 0, '6', 6, '', '', '1be0a9da-bff9-4ab6-a36c-edfd8ca88f1a'),
('', 'surgical blades', '', '0', 0, '2000', '0', 5, 'Abdulrauf', '73', '0', 'paid', '2021-10-13 12:31:17', NULL, '2023-05-13', 0, '10', 10, '', '', '1be0a9da-bff9-4ab6-a36c-edfd8ca88f1a'),
('', 'surgical gloves', '', '0', 0, '5500', '0', 10, 'Abdulrauf', '73', '0', 'paid', '2021-10-13 12:31:17', NULL, '2024-06-13', 0, '20', 20, '', '', '1be0a9da-bff9-4ab6-a36c-edfd8ca88f1a'),
('', 'Lonart tab', 'Arthemeter / Lumefantrine', '0', 0, '1300', '0', 40, 'Abdulrauf', '8', '0', 'paid', '2021-10-13 12:44:41', NULL, '2023-09-13', 0, NULL, 40, '', '', '1be0a9da-bff9-4ab6-a36c-edfd8ca88f1a'),
('', 'Hyperex tab', 'Omeprazole + Domperidone', '0', 0, '900', '0', 10, 'Abdulrauf', '8', '0', 'paid', '2021-10-13 12:44:41', NULL, '2023-09-13', 0, NULL, 10, '', '', '1be0a9da-bff9-4ab6-a36c-edfd8ca88f1a'),
('', 'astimin syr', '', '0', 0, '1700', '0', 3, 'Abdulrauf', '8', '0', 'paid', '2021-10-13 12:44:41', NULL, '2024-05-13', 0, NULL, 3, '', '', '1be0a9da-bff9-4ab6-a36c-edfd8ca88f1a'),
('', 'fluxatone tab', '', '0', 0, '130', '0', 20, 'Abdulrauf', '8', '0', 'paid', '2021-10-13 12:44:41', NULL, '2023-10-13', 0, NULL, 20, '', '', '1be0a9da-bff9-4ab6-a36c-edfd8ca88f1a'),
('', 'hydrocortisone  iv', 'hydrocortisone', '0', 0, '1500', '0', 50, 'Abdulrauf', '8', '0', 'paid', '2021-10-13 12:44:41', NULL, '2024-10-13', 0, NULL, 50, '', '', '1be0a9da-bff9-4ab6-a36c-edfd8ca88f1a'),
('', 'Augmentin 1.2g iv', 'Amoxicillin + Clavulanic Acid', '0', 0, '900', '0', 35, 'Abdulrauf', '8', '0', 'paid', '2021-10-13 12:44:41', NULL, '2024-10-13', 0, NULL, 35, '', '', '1be0a9da-bff9-4ab6-a36c-edfd8ca88f1a'),
('', 'Infusion Parasam', '', '0', 0, '4500', '0', 10, 'Abdulrauf', '8', '0', 'paid', '2021-10-13 12:44:41', NULL, '2024-05-13', 0, NULL, 10, '', '', '1be0a9da-bff9-4ab6-a36c-edfd8ca88f1a'),
('', 'Cefixime syr', 'Cefixime', '0', 0, '1500', '0', 10, 'Abdulrauf', '8', '0', 'paid', '2021-10-13 12:44:41', NULL, '2023-10-13', 0, NULL, 10, '', '', '1be0a9da-bff9-4ab6-a36c-edfd8ca88f1a'),
('', 'Flagyl tab', '', '0', 0, '70', '0', 60, 'Abdulrauf', '8', '0', 'paid', '2021-10-13 12:57:15', NULL, '2024-05-13', 0, NULL, 60, '', '', '1be0a9da-bff9-4ab6-a36c-edfd8ca88f1a'),
('', 'Meronem iv', 'Meropenem', '0', 0, '3300', '0', 5, 'Abdulrauf', '8', '0', 'paid', '2021-10-13 12:57:15', NULL, '2024-05-13', 0, NULL, 5, '', '', '1be0a9da-bff9-4ab6-a36c-edfd8ca88f1a'),
('', 'Infusion Parasam', '', '0', 0, '450', '0', 50, 'Abdulrauf', '8', '0', 'paid', '2021-10-13 12:57:15', NULL, '2023-09-13', 0, NULL, 50, '', '', '1be0a9da-bff9-4ab6-a36c-edfd8ca88f1a'),
('', 'Paracetamol tab', 'Paracetamol', '0', 0, '120', '0', 50, 'Abdulrauf', '8', '0', 'paid', '2021-10-13 12:57:15', NULL, '2024-05-13', 0, NULL, 50, '', '', '1be0a9da-bff9-4ab6-a36c-edfd8ca88f1a'),
('', 'Omeprazole IM/IV', 'Omeprazole', '0', 0, '750', '0', 30, 'Abdulrauf', '8', '0', 'paid', '2021-10-13 12:57:15', NULL, '2024-06-13', 0, NULL, 30, '', '', '1be0a9da-bff9-4ab6-a36c-edfd8ca88f1a'),
('', 'Anorol tab', 'Paracetamol + Orphenadrine', '0', 0, '300', '0', 20, 'Abdulrauf', '8', '0', 'paid', '2021-10-13 12:57:15', NULL, '2024-06-13', 0, NULL, 20, '', '', '1be0a9da-bff9-4ab6-a36c-edfd8ca88f1a'),
('', 'Lonart tab', 'Arthemeter / Lumefantrine', '0', 0, '1300', '0', 10, 'Abdulrauf', '8', '0', 'paid', '2021-10-13 12:57:15', NULL, '2024-10-13', 0, NULL, 10, '', '', '1be0a9da-bff9-4ab6-a36c-edfd8ca88f1a'),
('', 'Emal inj', '', '0', 0, '1000', '0', 20, 'Abdulrauf', '8', '0', 'paid', '2021-10-13 12:57:15', NULL, '2024-10-13', 0, NULL, 20, '', '', '1be0a9da-bff9-4ab6-a36c-edfd8ca88f1a'),
('', 'Coartem syrup', '', '0', 0, '1500', '0', 20, 'Abdulrauf', '8', '0', 'paid', '2021-10-14 09:56:07', NULL, '2024-05-14', 0, NULL, 20, '', '', '1be0a9da-bff9-4ab6-a36c-edfd8ca88f1a'),
('', 'Clindamycin inj', 'Clindamycin', '0', 0, '1200', '0', 10, 'Abdulrauf', '8', '0', 'paid', '2021-10-14 09:56:07', NULL, '2024-09-14', 0, NULL, 10, '', '', '1be0a9da-bff9-4ab6-a36c-edfd8ca88f1a'),
('', 'Rabeprazole tab', 'Rabeprazole', '0', 0, '250', '0', 30, 'Abdulrauf', '8', '0', 'paid', '2021-10-14 09:56:07', NULL, '2024-09-14', 0, NULL, 30, '', '', '1be0a9da-bff9-4ab6-a36c-edfd8ca88f1a'),
('', 'Clindamycin ', '', '0', 0, '950', '0', 20, 'Abdulrauf', '8', '0', 'paid', '2021-10-14 09:56:07', NULL, '2024-10-14', 0, NULL, 20, '', '', '1be0a9da-bff9-4ab6-a36c-edfd8ca88f1a'),
('', 'infusion levo', '', '0', 0, '750', '0', 20, 'Abdulrauf', '8', '0', 'paid', '2021-10-14 09:56:07', NULL, '2023-09-14', 0, NULL, 20, '', '', '1be0a9da-bff9-4ab6-a36c-edfd8ca88f1a'),
('', 'laxis', '', '0', 0, '350', '0', 10, 'Abdulrauf', '8', '0', 'paid', '2021-10-14 09:56:07', NULL, '2024-10-14', 0, NULL, 10, '', '', '1be0a9da-bff9-4ab6-a36c-edfd8ca88f1a'),
('', 'water for inj', '', '0', 0, '150', '0', 100, 'Abdulrauf', '8', '0', 'paid', '2021-10-14 09:56:07', NULL, '2024-10-14', 0, NULL, 100, '', '', '1be0a9da-bff9-4ab6-a36c-edfd8ca88f1a'),
('', 'Vitamin C tab', 'Vitamin C', '0', 0, '1200', '0', 5, 'Abdulrauf', '8', '0', 'paid', '2021-10-14 09:56:07', NULL, '2024-05-14', 0, NULL, 5, '', '', '1be0a9da-bff9-4ab6-a36c-edfd8ca88f1a'),
('', 'Adrenaline inj 1mg', 'Adrenaline', '0', 0, '3500', '0', 10, 'Abdulrauf', '8', '0', 'paid', '2021-10-14 09:59:02', NULL, '2024-05-14', 0, NULL, 10, '', '', '1be0a9da-bff9-4ab6-a36c-edfd8ca88f1a'),
('', 'lidocaine', '', '0', 0, '5000', '0', 2, 'Abdulrauf', '8', '0', 'paid', '2021-10-14 09:59:02', NULL, '2024-09-14', 0, NULL, 2, '', '', '1be0a9da-bff9-4ab6-a36c-edfd8ca88f1a'),
('', 'lidocaine & adrenaline', '', '0', 0, '5000', '0', 2, 'Abdulrauf', '8', '0', 'paid', '2021-10-14 09:59:02', NULL, '2024-09-14', 0, NULL, 2, '', '', '1be0a9da-bff9-4ab6-a36c-edfd8ca88f1a'),
('', 'Loratadine syrup ', 'Loratadine ', '0', 0, '350', '0', 10, 'Abdulrauf', '8', '0', 'paid', '2021-10-14 10:11:55', NULL, '2024-06-14', 0, NULL, 10, '', '', '1be0a9da-bff9-4ab6-a36c-edfd8ca88f1a'),
('', 'pragabalin', '', '0', 0, '600', '0', 30, 'Abdulrauf', '8', '0', 'paid', '2021-10-14 10:11:55', NULL, '2024-10-14', 0, NULL, 30, '', '', '1be0a9da-bff9-4ab6-a36c-edfd8ca88f1a'),
('', 'Calcimax', 'Calcium', '0', 0, '450', '0', 20, 'Abdulrauf', '8', '0', 'paid', '2021-10-14 10:11:55', NULL, '2024-10-14', 0, NULL, 20, '', '', '1be0a9da-bff9-4ab6-a36c-edfd8ca88f1a'),
('', 'Calcium Sandoz', 'Calcium + Vitamin C', '0', 0, '1500', '0', 15, 'Abdulrauf', '8', '0', 'paid', '2021-10-14 10:11:55', NULL, '2024-06-14', 0, NULL, 15, '', '', '1be0a9da-bff9-4ab6-a36c-edfd8ca88f1a'),
('', 'triaxanexame acid', '', '0', 0, '1800', '0', 10, 'Abdulrauf', '8', '0', 'paid', '2021-10-14 10:11:55', NULL, '2024-01-14', 0, NULL, 10, '', '', '1be0a9da-bff9-4ab6-a36c-edfd8ca88f1a'),
('', 'ORS', 'Oral hydrated salt', '0', 0, '150', '0', 10, 'Abdulrauf', '8', '0', 'paid', '2021-10-14 10:11:55', NULL, '2024-10-14', 0, NULL, 10, '', '', '1be0a9da-bff9-4ab6-a36c-edfd8ca88f1a'),
('', 'Actifed', 'cold syrup', '0', 0, '800', '0', 10, 'Abdulrauf', '8', '0', 'paid', '2021-10-14 10:11:55', NULL, '2024-10-14', 0, NULL, 10, '', '', '1be0a9da-bff9-4ab6-a36c-edfd8ca88f1a'),
('', 'IM Diclofenac', 'Diclofenac', '0', 0, '250', '0', 30, 'Abdulrauf', '8', '0', 'paid', '2021-10-14 10:11:55', NULL, '2024-09-14', 0, NULL, 30, '', '', '1be0a9da-bff9-4ab6-a36c-edfd8ca88f1a'),
('', 'devrovite toofe ', '', '0', 0, '800', '0', 20, 'Abdulrauf', '8', '0', 'paid', '2021-10-14 10:11:55', NULL, '2024-09-14', 0, NULL, 20, '', '', '1be0a9da-bff9-4ab6-a36c-edfd8ca88f1a'),
('', 'ofloxine tab', '', '0', 0, '350', '0', 10, 'Abdulrauf', '8', '0', 'paid', '2021-10-14 10:11:55', NULL, '2024-09-14', 0, NULL, 10, '', '', '1be0a9da-bff9-4ab6-a36c-edfd8ca88f1a'),
('', 'Brustan-N syrup', 'Ibuprofen', '0', 0, '300', '0', 10, 'Abdulrauf', '8', '0', 'paid', '2021-10-14 10:26:14', NULL, '2024-09-14', 0, NULL, 10, '', '', '1be0a9da-bff9-4ab6-a36c-edfd8ca88f1a'),
('', 'Diclofenac tab', 'Diclofenac', '0', 0, '150', '0', 100, 'Abdulrauf', '8', '0', 'paid', '2021-10-14 10:26:14', NULL, '2023-10-14', 0, NULL, 100, '', '', '1be0a9da-bff9-4ab6-a36c-edfd8ca88f1a'),
('', 'IV eproxen', '', '0', 0, '2800', '0', 10, 'Abdulrauf', '8', '0', 'paid', '2021-10-14 10:26:14', NULL, '2023-10-18', 0, NULL, 10, '', '', '1be0a9da-bff9-4ab6-a36c-edfd8ca88f1a'),
('', 'ky jelly', '', '0', 0, '500', '0', 20, 'Abdulrauf', '8', '0', 'paid', '2021-10-14 10:26:14', NULL, '2023-06-14', 0, NULL, 20, '', '', '1be0a9da-bff9-4ab6-a36c-edfd8ca88f1a'),
('', 'Flagyl syr', 'Flagyl', '0', 0, '170', '0', 10, 'Abdulrauf', '8', '0', 'paid', '2021-10-14 10:26:14', NULL, '2023-10-14', 0, NULL, 10, '', '', '1be0a9da-bff9-4ab6-a36c-edfd8ca88f1a'),
('', 'cefodaxime tab', '', '0', 0, '150', '0', 100, 'Abdulrauf', '8', '0', 'paid', '2021-10-14 10:26:14', NULL, '2023-09-14', 0, NULL, 100, '', '', '1be0a9da-bff9-4ab6-a36c-edfd8ca88f1a'),
('', 'cefodaxime', '', '0', 0, '1500', '0', 10, 'Abdulrauf', '8', '0', 'paid', '2021-10-14 10:26:14', NULL, '2023-06-14', 0, NULL, 10, '', '', '1be0a9da-bff9-4ab6-a36c-edfd8ca88f1a'),
('', 'Gentamicin inj', 'Gentamicin', '0', 0, '250', '0', 40, 'Abdulrauf', '8', '0', 'paid', '2021-10-14 10:26:14', NULL, '2024-10-14', 0, NULL, 40, '', '', '1be0a9da-bff9-4ab6-a36c-edfd8ca88f1a'),
('', 'Clexane', 'Clexane', '0', 0, '1900', '0', 20, 'Abdulrauf', '8', '0', 'paid', '2021-10-14 10:29:11', NULL, '2022-10-14', 0, NULL, 20, '', '', '1be0a9da-bff9-4ab6-a36c-edfd8ca88f1a'),
('', 'sutamathenium iv', '', '0', 0, '4500', '0', 10, 'Abdulrauf', '74', '0', 'paid', '2021-10-14 10:37:57', NULL, '2024-09-14', 0, NULL, 10, '', '', '1be0a9da-bff9-4ab6-a36c-edfd8ca88f1a'),
('', 'pancorunium iv', '', '0', 0, '8000', '0', 5, 'Abdulrauf', '74', '0', 'paid', '2021-10-14 10:37:57', NULL, '2023-09-14', 0, NULL, 5, '', '', '1be0a9da-bff9-4ab6-a36c-edfd8ca88f1a'),
('', 'tandak inj', '', '0', 0, '13000', '0', 3, 'Abdulrauf', '74', '0', 'paid', '2021-10-14 10:37:57', NULL, '2023-02-14', 0, NULL, 3, '', '', '1be0a9da-bff9-4ab6-a36c-edfd8ca88f1a'),
('', 'nurse cap', '', '0', 0, '1500', '0', 4, 'Abdulrauf', '74', '0', 'paid', '2021-10-14 10:37:57', NULL, '2024-05-14', 0, NULL, 4, '', '', '1be0a9da-bff9-4ab6-a36c-edfd8ca88f1a'),
('', 'neostgimin iv', '', '0', 0, '4000', '0', 5, 'Abdulrauf', '74', '0', 'paid', '2021-10-14 10:37:57', NULL, '2024-06-14', 0, NULL, 5, '', '', '1be0a9da-bff9-4ab6-a36c-edfd8ca88f1a'),
('', 'thapintal iv', '', '0', 0, '1500', '0', 20, 'Abdulrauf', '74', '0', 'paid', '2021-10-14 10:37:57', NULL, '2022-11-14', 0, NULL, 20, '', '', '1be0a9da-bff9-4ab6-a36c-edfd8ca88f1a'),
('', 'ett 7075, 8, ', '', '0', 0, '500', '0', 40, 'Abdulrauf', '74', '0', 'paid', '2021-10-14 10:39:34', NULL, '2023-10-14', 0, NULL, 40, '', '', '1be0a9da-bff9-4ab6-a36c-edfd8ca88f1a'),
('', 'Normal Saline', 'Normal Saline', '0', 0, '610', '0', 100, 'Abdulrauf', '75', '0', 'paid', '2021-10-14 12:08:12', NULL, '2023-10-14', 0, NULL, 100, '', '', '1be0a9da-bff9-4ab6-a36c-edfd8ca88f1a'),
('', '20% Mannitol', '20% Mannitol', '0', 0, '675', '0', 20, 'Abdulrauf', '75', '0', 'paid', '2021-10-14 12:09:55', NULL, '2023-10-14', 0, NULL, 20, '', '', '1be0a9da-bff9-4ab6-a36c-edfd8ca88f1a'),
('', 'Ceftazidime', 'Ceftazidime', '0', 0, '1', '0', 1, 'abdurrahman', '72', '0', 'paid', '2021-10-19 19:26:52', NULL, '2222-11-11', 0, NULL, 1, '', '', '1be0a9da-bff9-4ab6-a36c-edfd8ca88f1a'),
('', 'Normal Saline', 'Normal Saline', '0', 0, '650', '0', 400, 'Abdulrauf', '75', '0', 'paid', '2021-10-22 11:24:19', NULL, '2025-10-22', 0, NULL, 400, '', '', '1be0a9da-bff9-4ab6-a36c-edfd8ca88f1a'),
('', 'Normal Saline', 'Normal Saline', '0', 0, '1300', '0', 50, 'Abdulrauf', '75', '0', 'paid', '2021-10-22 11:24:19', NULL, '2024-10-22', 0, NULL, 50, '', '', '1be0a9da-bff9-4ab6-a36c-edfd8ca88f1a'),
('', 'Dextrose Saline', 'Dextrose Saline', '0', 0, '650', '0', 60, 'Abdulrauf', '75', '0', 'paid', '2021-10-22 11:24:19', NULL, '2025-05-22', 0, NULL, 60, '', '', '1be0a9da-bff9-4ab6-a36c-edfd8ca88f1a'),
('', 'Diazepam inj 10mg', 'Diazepam', '0', 0, '2500', '0', 10, 'Abdulrauf', '76', '0', 'paid', '2021-10-22 11:32:27', NULL, '2024-05-22', 0, NULL, 10, '', '', '1be0a9da-bff9-4ab6-a36c-edfd8ca88f1a'),
('', 'Pentazocine inj', 'Pentazocine', '0', 0, '1600', '0', 20, 'Abdulrauf', '76', '0', 'paid', '2021-10-22 11:32:27', NULL, '2023-09-22', 0, NULL, 20, '', '', '1be0a9da-bff9-4ab6-a36c-edfd8ca88f1a'),
('', 'isofluring ', '', '0', 0, '19000', '0', 3, 'Abdulrauf', '76', '0', 'paid', '2021-10-22 11:32:27', NULL, '2024-09-22', 0, NULL, 3, '', '', '1be0a9da-bff9-4ab6-a36c-edfd8ca88f1a'),
('', 'medazelam', '', '0', 0, '2000', '0', 20, 'Abdulrauf', '76', '0', 'paid', '2021-10-22 11:32:27', NULL, '2024-10-22', 0, NULL, 20, '', '', '1be0a9da-bff9-4ab6-a36c-edfd8ca88f1a'),
('', 'Eproxen tab', 'Naproxen + Esomeprazole', '0', 0, '400', '0', 20, 'Abdulrauf', '8', '0', 'paid', '2021-10-22 11:48:21', NULL, '2024-09-22', 0, NULL, 20, '', '', '1be0a9da-bff9-4ab6-a36c-edfd8ca88f1a'),
('', 'Rocephin inj', 'Rocephin', '0', 0, '4000', '0', 3, 'Abdulrauf', '8', '0', 'paid', '2021-10-22 11:48:21', NULL, '2024-10-22', 0, NULL, 3, '', '', '1be0a9da-bff9-4ab6-a36c-edfd8ca88f1a'),
('', 'Emal inj', '', '0', 0, '1800', '0', 20, 'Abdulrauf', '8', '0', 'paid', '2021-10-22 11:48:21', NULL, '2024-10-22', 0, NULL, 20, '', '', '1be0a9da-bff9-4ab6-a36c-edfd8ca88f1a'),
('', 'Hyperex tab', 'Omeprazole + Domperidone', '0', 0, '900', '0', 5, 'Abdulrauf', '8', '0', 'paid', '2021-10-22 11:48:21', NULL, '2024-09-22', 0, NULL, 5, '', '', '1be0a9da-bff9-4ab6-a36c-edfd8ca88f1a'),
('', 'Dexamethasone inj', 'Dexamethasone', '0', 0, '350', '0', 10, 'Abdulrauf', '8', '0', 'paid', '2021-10-22 11:48:21', NULL, '2024-10-22', 0, NULL, 10, '', '', '1be0a9da-bff9-4ab6-a36c-edfd8ca88f1a'),
('', 'tandak inj', '', '0', 0, '2600', '0', 30, 'Abdulrauf', '8', '0', 'paid', '2021-10-22 11:48:21', NULL, '2024-09-22', 0, NULL, 30, '', '', '1be0a9da-bff9-4ab6-a36c-edfd8ca88f1a'),
('', 'Lonart tab', 'Arthemeter / Lumefantrine', '0', 0, '1300', '0', 10, 'Abdulrauf', '8', '0', 'paid', '2021-10-22 11:48:21', NULL, '2024-10-22', 0, NULL, 10, '', '', '1be0a9da-bff9-4ab6-a36c-edfd8ca88f1a'),
('', 'Omeprazole IM/IV', 'Omeprazole', '0', 0, '250', '0', 50, 'Abdulrauf', '8', '0', 'paid', '2021-10-22 11:48:21', NULL, '2024-09-22', 0, NULL, 50, '', '', '1be0a9da-bff9-4ab6-a36c-edfd8ca88f1a'),
('', 'Relcer', 'Anti-acid', '0', 0, '600', '0', 10, 'Abdulrauf', '8', '0', 'paid', '2021-10-22 11:48:21', NULL, '2024-09-22', 0, NULL, 10, '', '', '1be0a9da-bff9-4ab6-a36c-edfd8ca88f1a'),
('', 'amatem tab', '', '0', 0, '1200', '0', 20, 'Abdulrauf', '8', '0', 'paid', '2021-10-22 11:48:21', NULL, '2023-06-22', 0, NULL, 20, '', '', '1be0a9da-bff9-4ab6-a36c-edfd8ca88f1a'),
('', 'Normal Saline', 'Normal Saline', '0', 0, '750', '0', 200, 'Abdulrauf', '75', '0', 'paid', '2021-10-22 11:51:54', NULL, '2024-11-22', 0, NULL, 200, '', '', '1be0a9da-bff9-4ab6-a36c-edfd8ca88f1a'),
('', 'Pediatric Saline', '4.3% Dextrose Saline', '0', 0, '750', '0', 20, 'Abdulrauf', '75', '0', 'paid', '2021-10-22 11:51:54', NULL, '2024-10-22', 0, NULL, 20, '', '', '1be0a9da-bff9-4ab6-a36c-edfd8ca88f1a'),
('', 'Clindamycin inj', 'Clindamycin', '0', 0, '1000', '0', 20, 'Abdulrauf', '74', '0', 'paid', '2021-10-22 11:55:25', NULL, '2024-11-22', 0, NULL, 20, '', '', '1be0a9da-bff9-4ab6-a36c-edfd8ca88f1a'),
('', 'methysolon', '', '0', 0, '1000', '0', 10, 'Abdulrauf', '74', '0', 'paid', '2021-10-22 11:55:25', NULL, '2025-10-22', 0, NULL, 10, '', '', '1be0a9da-bff9-4ab6-a36c-edfd8ca88f1a'),
('', 'phenytoin inj', 'Phenytoin', '0', 0, '2500', '0', 5, 'Abdulrauf', '74', '0', 'paid', '2021-10-22 11:55:25', NULL, '2024-10-22', 0, NULL, 5, '', '', '1be0a9da-bff9-4ab6-a36c-edfd8ca88f1a'),
('', 'Panadol caplets', 'Paracetamol', '0', 0, '120', '0', 100, 'Abdulrauf', '74', '0', 'paid', '2021-10-22 11:55:25', NULL, '2024-10-22', 0, NULL, 100, '', '', '1be0a9da-bff9-4ab6-a36c-edfd8ca88f1a');

--
-- Triggers `drugpurchaserecords`
--
DELIMITER $$
CREATE TRIGGER `after_dispensary_quantity_and_markup_edit` AFTER UPDATE ON `drugpurchaserecords` FOR EACH ROW BEGIN
    IF OLD.dispensary_balance <> new.dispensary_balance OR OLD.markUp <> new.markUp THEN
        INSERT INTO audit_trail(id,drug_name,facilityId,	old_dispensary_balance,new_dispensary_balance,old_markup,new_markup,source_table,updated_by)
        VALUES(old.drug_code,old.drug, old.facilityId, old.dispensary_balance,new.dispensary_balance, old.markUp,new.markUp, 'drugpurchaserecords', new.by_whom);
    END IF;
END
$$
DELIMITER ;

-- --------------------------------------------------------

--
